11-03 20:17:21.390 D/IptablesRestoreController( 582): [iptables debug]iptables-
restore execute done, res : 0
11-03 20:17:21.390 I/netd ( 582): Creating child chains: 106880us
11-03 20:17:21.390 I/netd ( 582): Setting up OEM hooks: 74us
11-03 20:17:21.390 D/IptablesRestoreController( 582): [iptables debug]iptables-
restore execute *filter
11-03 20:17:21.390 D/IptablesRestoreController( 582): :input_dos -
11-03 20:17:21.390 D/IptablesRestoreController( 582): -A INPUT -j input_dos
11-03 20:17:21.390 D/IptablesRestoreController( 582): COMMIT
11-03 20:17:21.390 V/soundtrigger_hw_primary( 589): stdev_open
11-03 20:17:21.390 I/soundtrigger_hw_primary( 589): stdev_open: VTS device opened
Successfully for MMAP Interface
11-03 20:17:21.390 V/soundtrigger_hw_primary( 589): stdev_init_mixer
11-03 20:17:21.391 D/IptablesRestoreController( 582): [iptables debug]iptables-
restore execute done, res : 0
11-03 20:17:21.391 D/IptablesRestoreController( 582): [iptables debug]iptables-
restore execute *filter
11-03 20:17:21.391 D/IptablesRestoreController( 582): :input_dos -
11-03 20:17:21.391 D/IptablesRestoreController( 582): -A input_dos -p tcp -m
conntrack --ctstate NEW -m limit --limit 50/sec --limit-burst 50 -j ACCEPT
11-03 20:17:21.391 D/IptablesRestoreController( 582): -A input_dos -p tcp -m
conntrack --ctstate NEW -j DROP
11-03 20:17:21.391 D/IptablesRestoreController( 582): COMMIT
11-03 20:17:21.393 D/IptablesRestoreController( 582): [iptables debug]iptables-
restore execute done, res : 0
11-03 20:17:21.393 I/netd ( 582): Setting up FirewallController hooks: 3341us
11-03 20:17:21.393 D/IptablesRestoreController( 582): [iptables debug]iptables-
restore execute *filter
11-03 20:17:21.393 D/IptablesRestoreController( 582): :tetherctrl_FORWARD -
11-03 20:17:21.393 D/IptablesRestoreController( 582): -A tetherctrl_FORWARD -j
DROP
11-03 20:17:21.393 D/IptablesRestoreController( 582): COMMIT
11-03 20:17:21.393 D/IptablesRestoreController( 582): *nat
11-03 20:17:21.393 D/IptablesRestoreController( 582): :tetherctrl_nat_POSTROUTING
-
11-03 20:17:21.393 D/IptablesRestoreController( 582): :tetherctrl_nat_PREROUTING -
11-03 20:17:21.393 D/IptablesRestoreController( 582): COMMIT
11-03 20:17:21.394 D/IptablesRestoreController( 582): [iptables debug]iptables-
restore execute done, res : 0
11-03 20:17:21.394 D/IptablesRestoreController( 582): [iptables debug]iptables-
restore execute *filter
11-03 20:17:21.394 D/IptablesRestoreController( 582): :tetherctrl_FORWARD -
11-03 20:17:21.394 D/IptablesRestoreController( 582): COMMIT
11-03 20:17:21.394 D/IptablesRestoreController( 582): *raw
11-03 20:17:21.394 D/IptablesRestoreController( 582): :tetherctrl_raw_PREROUTING -
11-03 20:17:21.394 D/IptablesRestoreController( 582): COMMIT
11-03 20:17:21.394 D/IptablesRestoreController( 582): [iptables debug]iptables-
restore execute done, res : 0
11-03 20:17:21.394 D/IptablesRestoreController( 582): [iptables debug]iptables-
restore execute *mangle
11-03 20:17:21.394 D/IptablesRestoreController( 582): -A tetherctrl_mangle_FORWARD
-p tcp --tcp-flags SYN SYN -j TCPMSS --clamp-mss-to-pmtu
11-03 20:17:21.394 D/IptablesRestoreController( 582): COMMIT
11-03 20:17:21.394 D/IptablesRestoreController( 582): [iptables debug]iptables-
restore execute done, res : 0
11-03 20:17:21.394 D/IptablesRestoreController( 582): [iptables debug]iptables-
restore execute *filter
11-03 20:17:21.394 D/IptablesRestoreController( 582): :tetherctrl_counters -
11-03 20:17:21.394 D/IptablesRestoreController( 582): COMMIT
11-03 20:17:21.395 D/IptablesRestoreController( 582): [iptables debug]iptables-
restore execute done, res : 0
11-03 20:17:21.395 I/netd ( 582): Setting up TetherController hooks: 1305us
11-03 20:17:21.395 D/IptablesRestoreController( 582): [iptables debug]iptables-
restore execute *filter
11-03 20:17:21.395 D/IptablesRestoreController( 582): -S
11-03 20:17:21.395 D/IptablesRestoreController( 582): COMMIT
11-03 20:17:21.400 D/IptablesRestoreController( 582): [iptables debug]iptables-
restore execute done, res : 0
11-03 20:17:21.400 D/IptablesRestoreController( 582): [iptables debug]iptables-
restore execute *filter
11-03 20:17:21.400 D/IptablesRestoreController( 582): :bw_INPUT -
11-03 20:17:21.400 D/IptablesRestoreController( 582): :bw_OUTPUT -
11-03 20:17:21.400 D/IptablesRestoreController( 582): :bw_FORWARD -
11-03 20:17:21.400 D/IptablesRestoreController( 582): :bw_happy_box -
11-03 20:17:21.400 D/IptablesRestoreController( 582): :bw_penalty_box -
11-03 20:17:21.400 D/IptablesRestoreController( 582): :bw_data_saver -
11-03 20:17:21.400 D/IptablesRestoreController( 582): :bw_costly_shared -
11-03 20:17:21.400 D/IptablesRestoreController( 582): :bw_global_alert -
11-03 20:17:21.400 D/IptablesRestoreController( 582): :bw_foc_box -
11-03 20:17:21.400 D/IptablesRestoreController( 582): COMMIT
11-03 20:17:21.400 D/IptablesRestoreController( 582): *raw
11-03 20:17:21.400 D/IptablesRestoreController( 582): :bw_raw_PREROUTING -
11-03 20:17:21.400 D/IptablesRestoreController( 582): COMMIT
11-03 20:17:21.400 D/IptablesRestoreController( 582): *mangle
11-03 20:17:21.400 D/IptablesRestoreController( 582): :bw_mangle_POSTROUTING -
11-03 20:17:21.400 D/IptablesRestoreController( 582): COMMIT
11-03 20:17:21.400 D/IptablesRestoreController( 582): [iptables debug]iptables-
restore execute done, res : 0
11-03 20:17:21.400 I/netd ( 582): Setting up BandwidthController hooks: 5544us
11-03 20:17:21.400 I/netd ( 582): Setting up IdletimerController hooks: 36us
11-03 20:17:21.400 D/IptablesRestoreController( 582): [iptables debug]iptables-
restore execute *filter
11-03 20:17:21.400 D/IptablesRestoreController( 582): :st_OUTPUT -
11-03 20:17:21.400 D/IptablesRestoreController( 582): :st_penalty_log -
11-03 20:17:21.400 D/IptablesRestoreController( 582): :st_penalty_reject -
11-03 20:17:21.400 D/IptablesRestoreController( 582): :st_clear_caught -
11-03 20:17:21.400 D/IptablesRestoreController( 582): :st_clear_detect -
11-03 20:17:21.400 D/IptablesRestoreController( 582): COMMIT
11-03 20:17:21.401 D/IptablesRestoreController( 582): [iptables debug]iptables-
restore execute done, res : 0
11-03 20:17:21.401 D/IptablesRestoreController( 582): [iptables debug]iptables-
restore execute *filter
11-03 20:17:21.401 D/IptablesRestoreController( 582): -A st_penalty_log -j
CONNMARK --or-mark 0x1000000
11-03 20:17:21.401 D/IptablesRestoreController( 582): -A st_penalty_log -j NFLOG
--nflog-group 0
11-03 20:17:21.401 D/IptablesRestoreController( 582): -A st_penalty_reject -j
CONNMARK --or-mark 0x2000000
11-03 20:17:21.401 D/IptablesRestoreController( 582): -A st_penalty_reject -j
NFLOG --nflog-group 0
11-03 20:17:21.401 D/IptablesRestoreController( 582): -A st_penalty_reject -j
REJECT
11-03 20:17:21.401 D/IptablesRestoreController( 582): -A st_clear_detect -m
connmark --mark 0x2000000/0x2000000 -j REJECT
11-03 20:17:21.401 D/IptablesRestoreController( 582): -A st_clear_detect -m
connmark --mark 0x1000000/0x1000000 -j RETURN
11-03 20:17:21.401 D/IptablesRestoreController( 582): -A st_clear_detect -p tcp -m
u32 --u32 "0>>22&0x3C@ 12>>26&0x3C@ 0&0xFFFF0000=0x16030000 &&0>>22&0x3C@
12>>26&0x3C@ 4&0x00FF0000=0x00010000" -j CONNMARK --or-mark 0x1000000
11-03 20:17:21.401 D/IptablesRestoreController( 582): -A st_clear_detect -p udp -m
u32 --u32 "0>>22&0x3C@ 8&0xFFFF0000=0x16FE0000 &&0>>22&0x3C@
20&0x00FF0000=0x00010000" -j CONNMARK --or-mark 0x1000000
11-03 20:17:21.401 D/IptablesRestoreController( 582): -A st_clear_detect -m
connmark --mark 0x1000000/0x1000000 -j RETURN
11-03 20:17:21.401 D/IptablesRestoreController( 582): -A st_clear_detect -p tcp -m
state --state ESTABLISHED -m u32 --u32 "0>>22&0x3C@ 12>>26&0x3C@ 0&0x0=0x0" -j
st_clear_caught
11-03 20:17:21.401 D/IptablesRestoreController( 582): -A st_clear_detect -p udp -j
st_clear_caught
11-03 20:17:21.401 D/IptablesRestoreController( 582): COMMIT
11-03 20:17:21.401 D/IptablesRestoreController( 582): [iptables debug]iptables-
restore execute done, res : 0
11-03 20:17:21.401 D/IptablesRestoreController( 582): [iptables debug]iptables-
restore execute *filter
11-03 20:17:21.401 D/IptablesRestoreController( 582): -A st_penalty_log -j
CONNMARK --or-mark 0x1000000
11-03 20:17:21.401 D/IptablesRestoreController( 582): -A st_penalty_log -j NFLOG
--nflog-group 0
11-03 20:17:21.401 D/IptablesRestoreController( 582): -A st_penalty_reject -j
CONNMARK --or-mark 0x2000000
11-03 20:17:21.401 D/IptablesRestoreController( 582): -A st_penalty_reject -j
NFLOG --nflog-group 0
11-03 20:17:21.401 D/IptablesRestoreController( 582): -A st_penalty_reject -j
REJECT
11-03 20:17:21.401 D/IptablesRestoreController( 582): -A st_clear_detect -m
connmark --mark 0x2000000/0x2000000 -j REJECT
11-03 20:17:21.401 D/IptablesRestoreController( 582): -A st_clear_detect -m
connmark --mark 0x1000000/0x1000000 -j RETURN
11-03 20:17:21.401 D/IptablesRestoreController( 582): -A st_clear_detect -p tcp -m
u32 --u32 "52>>26&0x3C@ 40&0xFFFF0000=0x16030000 &&52>>26&0x3C@
44&0x00FF0000=0x00010000" -j CONNMARK --or-mark 0x1000000
11-03 20:17:21.401 D/IptablesRestoreController( 582): -A st_clear_detect -p udp -m
u32 --u32 "48&0xFFFF0000=0x16FE0000 &&60&0x00FF0000=0x00010000" -j CONNMARK --or-
mark 0x1000000
11-03 20:17:21.401 D/IptablesRestoreController( 582): -A st_clear_detect -m
connmark --mark 0x1000000/0x1000000 -j RETURN
11-03 20:17:21.401 D/IptablesRestoreController( 582): -A st_clear_detect -p tcp -m
state --state ESTABLISHED -m u32 --u32 "52>>26&0x3C@ 40&0x0=0x0" -j st_clear_caught
11-03 20:17:21.401 D/IptablesRestoreController( 582): -A st_clear_detect -p udp -j
st_clear_caught
11-03 20:17:21.401 D/IptablesRestoreController( 582): COMMIT
11-03 20:17:21.402 D/IptablesRestoreController( 582): [iptables debug]iptables-
restore execute done, res : 0
11-03 20:17:21.402 I/netd ( 582): Setting up StrictController hooks: 1286us
11-03 20:17:21.402 D/IptablesRestoreController( 582): [iptables debug]iptables-
restore execute *nat
11-03 20:17:21.402 D/IptablesRestoreController( 582): :mec_nat_OUTPUT -
11-03 20:17:21.402 D/IptablesRestoreController( 582): COMMIT
11-03 20:17:21.402 D/IptablesRestoreController( 582): [iptables debug]iptables-
restore execute done, res : 0
11-03 20:17:21.402 I/netd ( 582): Setting up MecController::makeMecChain()
hooks: 252us
11-03 20:17:21.402 D/IptablesRestoreController( 582): [iptables debug]iptables-
restore execute *filter
11-03 20:17:21.402 D/IptablesRestoreController( 582): :limit -
11-03 20:17:21.402 D/IptablesRestoreController( 582): -A limit -p tcp ! --tcp-
flags FIN,SYN,RST NONE -j RETURN
11-03 20:17:21.402 D/IptablesRestoreController( 582): -A limit -p tcp --tcp-flags
ACK ACK -m length --length 0:53 -j RETURN
11-03 20:17:21.402 D/IptablesRestoreController( 582): -A limit -p tcp --dport 53 -
j RETURN
11-03 20:17:21.402 D/IptablesRestoreController( 582): -A limit -p udp --dport 53 -
j RETURN
11-03 20:17:21.402 D/IptablesRestoreController( 582): -A INPUT -p all -j limit
11-03 20:17:21.402 D/IptablesRestoreController( 582): COMMIT
11-03 20:17:21.402 D/IptablesRestoreController( 582): [iptables debug]iptables-
restore execute done, res : 0
11-03 20:17:21.402 I/netd ( 582): Setting up NetlimitControl hooks: 675us
11-03 20:17:21.403 I/ClatdController( 582): 4.9+ kernel and device shipped with Q+
clat ebpf should work.
11-03 20:17:21.403 I/netd ( 582): Initializing ClatdController: 126us
11-03 20:17:21.403 I/netd ( 582): Initializing traffic control: 545us
11-03 20:17:21.403 D/IptablesRestoreController( 582): [iptables debug]iptables-
restore execute *filter
11-03 20:17:21.403 D/IptablesRestoreController( 582): -S
11-03 20:17:21.403 D/IptablesRestoreController( 582): COMMIT
11-03 20:17:21.403 D/hwcomposer( 602): HWC module_api_version(2),
hal_api_version(0)
11-03 20:17:21.403 D/display ( 602): HWC2 : ExynosDevice : 82 , 0
11-03 20:17:21.403 I/display ( 602): otfMPP type(0, 1), physical_index(0),
logical_index(0)
11-03 20:17:21.404 I/display ( 602): otfMPP type(0, 1), physical_index(1),
logical_index(0)
11-03 20:17:21.404 I/display ( 602): otfMPP type(1, 2), physical_index(0),
logical_index(0)
11-03 20:17:21.404 I/display ( 602): otfMPP type(3, 8), physical_index(0),
logical_index(0)
11-03 20:17:21.404 I/display ( 602): m2mMPP type(20, 256), physical_index(0),
logical_index(0)
11-03 20:17:21.404 D/IptablesRestoreController( 582): [iptables debug]iptables-
restore execute done, res : 0
11-03 20:17:21.404 D/IptablesRestoreController( 582): [iptables debug]iptables-
restore execute *filter
11-03 20:17:21.404 D/IptablesRestoreController( 582): :bw_INPUT -
11-03 20:17:21.404 D/IptablesRestoreController( 582): :bw_OUTPUT -
11-03 20:17:21.404 D/IptablesRestoreController( 582): :bw_FORWARD -
11-03 20:17:21.404 D/IptablesRestoreController( 582): :bw_happy_box -
11-03 20:17:21.404 D/IptablesRestoreController( 582): :bw_penalty_box -
11-03 20:17:21.404 D/IptablesRestoreController( 582): :bw_data_saver -
11-03 20:17:21.404 D/IptablesRestoreController( 582): :bw_costly_shared -
11-03 20:17:21.404 D/IptablesRestoreController( 582): :bw_global_alert -
11-03 20:17:21.404 D/IptablesRestoreController( 582): :bw_foc_box -
11-03 20:17:21.404 D/IptablesRestoreController( 582): COMMIT
11-03 20:17:21.404 D/IptablesRestoreController( 582): *raw
11-03 20:17:21.404 D/IptablesRestoreController( 582): :bw_raw_PREROUTING -
11-03 20:17:21.404 D/IptablesRestoreController( 582): COMMIT
11-03 20:17:21.404 D/IptablesRestoreController( 582): *mangle
11-03 20:17:21.404 D/IptablesRestoreController( 582): :bw_mangle_POSTROUTING -
11-03 20:17:21.404 D/IptablesRestoreController( 582): COMMIT
11-03 20:17:21.404 I/display ( 602): [MSC0_PRI][0] mAcrylicHandle is created:
0x7045e1b140
11-03 20:17:21.404 I/display ( 602): m2mMPP type(20, 512), physical_index(0),
logical_index(1)
11-03 20:17:21.404 I/display ( 602): [MSC0_EXT][1] mAcrylicHandle is created:
0x7045e1b280
11-03 20:17:21.404 I/display ( 602): m2mMPP type(21, 4096), physical_index(0),
logical_index(0)
11-03 20:17:21.404 I/libacryl( 602): G2D API Version 1
11-03 20:17:21.404 I/display ( 602): DPP_GF0 threadLoop is started
11-03 20:17:21.404 I/display ( 602): [G2D0-YUV_PRI][0] mAcrylicHandle is created:
0x7045ea9000
11-03 20:17:21.404 I/display ( 602): m2mMPP type(21, 4096), physical_index(0),
logical_index(1)
11-03 20:17:21.404 I/libacryl( 602): G2D API Version 1
11-03 20:17:21.404 I/display ( 602): [G2D0-YUV_EXT][1] mAcrylicHandle is created:
0x7045eaac00
11-03 20:17:21.404 I/display ( 602): m2mMPP type(21, 8192), physical_index(0),
logical_index(2)
11-03 20:17:21.404 I/libacryl( 602): G2D API Version 1
11-03 20:17:21.404 I/display ( 602): [G2D0-RGB_PRI][2] mAcrylicHandle is created:
0x7045eac800
11-03 20:17:21.405 I/display ( 602): m2mMPP type(21, 8192), physical_index(0),
logical_index(3)
11-03 20:17:21.405 I/display ( 602): G2D0-YUV_EXT threadLoop is started
11-03 20:17:21.405 I/libacryl( 602): G2D API Version 1
11-03 20:17:21.405 I/display ( 602): [G2D0-RGB_EXT][3] mAcrylicHandle is created:
0x7045eae400
11-03 20:17:21.405 I/display ( 602): m2mMPP type(21, 16384), physical_index(0),
logical_index(4)
11-03 20:17:21.405 I/libacryl( 602): G2D API Version 1
11-03 20:17:21.405 I/display ( 602): [G2D0-COMBO_VIR][4] mAcrylicHandle is
created: 0x7045eb0000
11-03 20:17:21.405 I/display ( 602): mOtfMPPs(4), mM2mMPPs(7)
11-03 20:17:21.405 I/display ( 602): chip id: 00000011
11-03 20:17:21.405 I/display ( 602): , 0x11
11-03 20:17:21.405 D/IptablesRestoreController( 582): [iptables debug]iptables-
restore execute done, res : 0
11-03 20:17:21.405 I/display ( 602): window configs size(4)
11-03 20:17:21.405 D/IptablesRestoreController( 582): [iptables debug]iptables-
restore execute *filter
11-03 20:17:21.405 D/IptablesRestoreController( 582): -A bw_INPUT -j
bw_global_alert
11-03 20:17:21.405 D/IptablesRestoreController( 582): -A bw_INPUT -p esp -j RETURN
11-03 20:17:21.405 D/IptablesRestoreController( 582): -A bw_INPUT -m mark --mark
0x100000/0x100000 -j RETURN
11-03 20:17:21.405 D/IptablesRestoreController( 582):
11-03 20:17:21.405 D/IptablesRestoreController( 582): -A bw_INPUT -j MARK --or-
mark 0x100000
11-03 20:17:21.405 D/IptablesRestoreController( 582): -A bw_OUTPUT -j
bw_global_alert
11-03 20:17:21.405 D/IptablesRestoreController( 582):
11-03 20:17:21.405 D/IptablesRestoreController( 582):
11-03 20:17:21.405 D/IptablesRestoreController( 582):
11-03 20:17:21.405 D/IptablesRestoreController( 582):
11-03 20:17:21.405 D/IptablesRestoreController( 582): -A bw_costly_shared -j
bw_penalty_box
11-03 20:17:21.405 D/IptablesRestoreController( 582): -I bw_penalty_box -m bpf --
object-pinned /sys/fs/bpf/prog_netd_skfilter_blacklist_xtbpf -j REJECT
11-03 20:17:21.405 D/IptablesRestoreController( 582): -A bw_penalty_box -j
bw_happy_box
11-03 20:17:21.405 D/IptablesRestoreController( 582): -A bw_happy_box -j
bw_data_saver
11-03 20:17:21.405 D/IptablesRestoreController( 582): -A bw_data_saver -j RETURN
11-03 20:17:21.405 D/IptablesRestoreController( 582): -I bw_happy_box -m bpf --
object-pinned /sys/fs/bpf/prog_netd_skfilter_whitelist_xtbpf -j RETURN
11-03 20:17:21.405 D/IptablesRestoreController( 582): COMMIT
11-03 20:17:21.405 D/IptablesRestoreController( 582): *raw
11-03 20:17:21.405 D/IptablesRestoreController( 582): -A bw_raw_PREROUTING -i
ipsec+ -j RETURN
11-03 20:17:21.405 D/IptablesRestoreController( 582): -A bw_raw_PREROUTING -m
policy --pol ipsec --dir in -j RETURN
11-03 20:17:21.405 D/IptablesRestoreController( 582): -A bw_raw_PREROUTING -m bpf
--object-pinned /sys/fs/bpf/prog_netd_skfilter_ingress_xtbpf
11-03 20:17:21.405 D/IptablesRestoreController( 582): COMMIT
11-03 20:17:21.405 D/IptablesRestoreController( 582): *mangle
11-03 20:17:21.405 D/IptablesRestoreController( 582): -A bw_mangle_POSTROUTING -o
ipsec+ -j RETURN
11-03 20:17:21.405 D/IptablesRestoreController( 582): -A bw_mangle_POSTROUTING -m
policy --pol ipsec --dir out -j RETURN
11-03 20:17:21.405 D/IptablesRestoreController( 582): -A bw_mangle_POSTROUTING -j
MARK --set-mark 0x0/0x100000
11-03 20:17:21.405 D/IptablesRestoreController( 582): -A bw_mangle_POSTROUTING -m
owner --uid-owner clat -j RETURN
11-03 20:17:21.405 D/IptablesRestoreController( 582): -A bw_ma
11-03 20:17:21.406 D/IptablesRestoreController( 582): [iptables debug]iptables-
restore execute done, res : 0
11-03 20:17:21.406 I/netd ( 582): Enabling bandwidth control: 3041us
11-03 20:17:21.406 E/Netd ( 582): cannot find interface dummy0: No such device
11-03 20:17:21.407 I/netd ( 582): Initializing RouteController: 1025us
11-03 20:17:21.407 D/XfrmController( 582): XfrmController::ipSecAddXfrmInterface,
line=1377
11-03 20:17:21.408 D/XfrmController( 582):
XfrmController::ipSecRemoveTunnelInterface, line=1590
11-03 20:17:21.408 D/XfrmController( 582): deviceName=ipsec_test
11-03 20:17:21.409 I/HidlServiceManagement( 598): Registered
[email protected]::ICryptoFactory/clearkey
11-03 20:17:21.409 I/HidlServiceManagement( 598): Removing namespace from process
name [email protected] to [email protected].
11-03 20:17:21.410 I/HidlServiceManagement( 630): Registered
[email protected]::IExynosHWCConfigs/default
11-03 20:17:21.410 I/HidlServiceManagement( 630): Removing namespace from process
name [email protected] to [email protected]
service.
11-03 20:17:21.416 E/perfmond( 637): [PERFMOND] configs : [default] + [None] +
[None]
11-03 20:17:21.419 E/perfmond( 637): [PERFMOND] number of bottleneck_list : 3
11-03 20:17:21.426 I/HidlServiceManagement( 622): Registered
[email protected]::ISehSysInputDev/default
11-03 20:17:21.426 I/HidlServiceManagement( 622): Removing namespace from process
name [email protected] to [email protected].
11-03 20:17:21.427 I/HidlServiceManagement( 633): Registered
[email protected]::IOfiService/default
11-03 20:17:21.427 I/HidlServiceManagement( 633): Removing namespace from process
name [email protected] to [email protected].
11-03 20:17:21.427 I/HidlServiceManagement( 604): Registered
[email protected]::IMemtrack/default
11-03 20:17:21.428 I/HidlServiceManagement( 604): Removing namespace from process
name [email protected] to [email protected].
11-03 20:17:21.428 I/LegacySupport( 604): Registration complete for
[email protected]::IMemtrack/default.
11-03 20:17:21.430 W/[email protected]( 603): main
11-03 20:17:21.432 I/ServiceManager( 581): Waiting for service 'statscompanion' on
'/dev/binder'...
11-03 20:17:21.432 I/SensorsHub( 608): SensorList size 836 num 19 unitsize 44
11-03 20:17:21.432 I/SensorsHub( 608): handle 1
11-03 20:17:21.432 I/SensorsHub( 608): name ICM42605M
11-03 20:17:21.432 I/SensorsHub( 608): vendor TDK Invensense
11-03 20:17:21.432 I/SensorsHub( 608): version 15932
11-03 20:17:21.432 I/display ( 602): DPP_G1 threadLoop is started
11-03 20:17:21.432 I/SensorsHub( 608): maxRage 78.453201
11-03 20:17:21.432 I/SensorsHub( 608): resolution 0.002394
11-03 20:17:21.432 I/SensorsHub( 608): Delay min 2000 Max 160000
11-03 20:17:21.432 I/SensorsHub( 608): fifo 0 0
11-03 20:17:21.432 I/SensorsHub( 608): wakeup 0 flags b
11-03 20:17:21.432 I/display ( 602): G2D0-RGB_EXT threadLoop is started
11-03 20:17:21.432 I/display ( 602): DPP_G0 threadLoop is started
11-03 20:17:21.432 I/display ( 602): MSC0_EXT threadLoop is started
11-03 20:17:21.432 I/display ( 602): MSC0_PRI threadLoop is started
11-03 20:17:21.432 I/display ( 602): G2D0-YUV_PRI threadLoop is started
11-03 20:17:21.432 I/display ( 602): DPP_VGS0 threadLoop is started
11-03 20:17:21.432 I/display ( 602): G2D0-COMBO_VIR threadLoop is started
11-03 20:17:21.433 I/display ( 602): G2D0-RGB_PRI threadLoop is started
11-03 20:17:21.434 I/HidlServiceManagement( 597): Registered
[email protected]::IDrmFactory/default
11-03 20:17:21.435 I/HidlServiceManagement( 597): Removing namespace from process
name [email protected] to [email protected].
11-03 20:17:21.435 I/LegacySupport( 597): Registration complete for
[email protected]::IDrmFactory/default.
11-03 20:17:21.436 I/SensorsHub( 608): AccSensor
11-03 20:17:21.436 I/SensorsHub( 608): sensor_name ICM42605M Accelerometer
mSensorInfo.name ICM42605M Accelerometer
11-03 20:17:21.436 I/SensorsHub( 608): injection path /dev/ssp_data_injection
11-03 20:17:21.436 I/SensorsHub( 608): index 0, ICM42605M
11-03 20:17:21.436 I/SensorsHub( 608): handle 2
11-03 20:17:21.436 I/SensorsHub( 608): name AK09918C
11-03 20:17:21.436 I/SensorsHub( 608): vendor Asahi Kasei Microdevices
11-03 20:17:21.436 I/SensorsHub( 608): version 1
11-03 20:17:21.436 I/SensorsHub( 608): maxRage 4900.000000
11-03 20:17:21.436 I/SensorsHub( 608): resolution 0.060000
11-03 20:17:21.436 I/SensorsHub( 608): Delay min 8000 Max 160000
11-03 20:17:21.436 I/SensorsHub( 608): fifo 0 0
11-03 20:17:21.436 I/SensorsHub( 608): wakeup 0 flags b
11-03 20:17:21.436 I/SensorsHub( 608): MagneticSensor
11-03 20:17:21.436 I/SensorsHub( 608): sensor_name AK09918C Magnetometer
mSensorInfo.name AK09918C Magnetometer
11-03 20:17:21.436 I/SensorsHub( 608): injection path /dev/ssp_data_injection
11-03 20:17:21.436 I/SensorsHub( 608): index 1, AK09918C
11-03 20:17:21.436 I/SensorsHub( 608): handle 4
11-03 20:17:21.436 I/SensorsHub( 608): name ICM42605M
11-03 20:17:21.436 I/SensorsHub( 608): vendor TDK Invensense
11-03 20:17:21.436 I/SensorsHub( 608): version 1
11-03 20:17:21.436 I/SensorsHub( 608): maxRage 17.453293
11-03 20:17:21.436 I/SensorsHub( 608): resolution 0.000533
11-03 20:17:21.436 I/SensorsHub( 608): Delay min 2000 Max 160000
11-03 20:17:21.436 I/SensorsHub( 608): fifo 0 0
11-03 20:17:21.436 I/SensorsHub( 608): wakeup 0 flags b
11-03 20:17:21.437 I/SensorsHub( 608): GyroSensor
11-03 20:17:21.437 I/SensorsHub( 608): sensor_name ICM42605M Gyroscope
mSensorInfo.name ICM42605M Gyroscope
11-03 20:17:21.437 I/SensorsHub( 608): injection path /dev/ssp_data_injection
11-03 20:17:21.437 I/SensorsHub( 608): index 2, ICM42605M
11-03 20:17:21.437 I/SensorsHub( 608): handle 5
11-03 20:17:21.437 I/SensorsHub( 608): name STK31610
11-03 20:17:21.437 I/SensorsHub( 608): vendor Sitronix
11-03 20:17:21.437 I/SensorsHub( 608): version 1000
11-03 20:17:21.437 I/SensorsHub( 608): maxRage 60000.000000
11-03 20:17:21.437 I/SensorsHub( 608): resolution 1.000000
11-03 20:17:21.437 I/SensorsHub( 608): Delay min 200000 Max 200000
11-03 20:17:21.437 I/SensorsHub( 608): fifo 0 0
11-03 20:17:21.437 I/SensorsHub( 608): wakeup 0 flags b
11-03 20:17:21.437 I/SensorsHub( 608): LightSensor
11-03 20:17:21.437 I/SensorsHub( 608): sensor_name STK31610 Light mSensorInfo.name
STK31610 Light
11-03 20:17:21.437 I/SensorsHub( 608): injection path /dev/ssp_data_injection
11-03 20:17:21.437 I/SensorsHub( 608): Support camera light
11-03 20:17:21.439 E/[email protected]( 617):
vendor drk main
11-03 20:17:21.440 I/display ( 602): window configs size(4)
11-03 20:17:21.440 I/HidlServiceManagement( 593): Registered
[email protected]::IMediaCasService/default
11-03 20:17:21.441 I/HidlServiceManagement( 593): Removing namespace from process
name [email protected] to [email protected].
11-03 20:17:21.442 I/SensorsHub( 608): index 3, STK31610
11-03 20:17:21.442 I/SensorsHub( 608): handle 14
11-03 20:17:21.442 I/SensorsHub( 608): name AK09918C
11-03 20:17:21.442 I/SensorsHub( 608): vendor Asahi Kasei Microdevices
11-03 20:17:21.442 I/SensorsHub( 608): version 1
11-03 20:17:21.443 I/SensorsHub( 608): maxRage 4900.000000
11-03 20:17:21.443 I/SensorsHub( 608): resolution 0.060000
11-03 20:17:21.443 I/SensorsHub( 608): Delay min 8000 Max 160000
11-03 20:17:21.443 I/SensorsHub( 608): fifo 0 0
11-03 20:17:21.443 I/SensorsHub( 608): wakeup 0 flags b
11-03 20:17:21.443 I/SensorsHub( 608): UncalMagneticSensor
11-03 20:17:21.443 I/SensorsHub( 608): sensor_name AK09918C Magnetometer
Uncalibrated mSensorInfo.name AK09918C Magnetometer Uncalibrated
11-03 20:17:21.443 I/SensorsHub( 608): injection path /dev/ssp_data_injection
11-03 20:17:21.443 I/SensorsHub( 608): index 4, AK09918C
11-03 20:17:21.443 I/SensorsHub( 608): handle 16
11-03 20:17:21.443 I/SensorsHub( 608): name ICM42605M
11-03 20:17:21.443 I/SensorsHub( 608): vendor TDK Invensense
11-03 20:17:21.443 I/SensorsHub( 608): version 1
11-03 20:17:21.443 I/SensorsHub( 608): maxRage 17.453293
11-03 20:17:21.443 I/SensorsHub( 608): resolution 0.000533
11-03 20:17:21.443 I/SensorsHub( 608): Delay min 2000 Max 160000
11-03 20:17:21.443 I/SensorsHub( 608): fifo 0 0
11-03 20:17:21.443 I/SensorsHub( 608): wakeup 0 flags b
11-03 20:17:21.443 I/SensorsHub( 608): UncalGyroSensor
11-03 20:17:21.443 I/SensorsHub( 608): sensor_name ICM42605M Gyroscope
Uncalibrated mSensorInfo.name ICM42605M Gyroscope Uncalibrated
11-03 20:17:21.443 I/SensorsHub( 608): injection path /dev/ssp_data_injection
11-03 20:17:21.443 I/SensorsHub( 608): index 5, ICM42605M
11-03 20:17:21.443 I/SensorsHub( 608): handle 17
11-03 20:17:21.443 I/SensorsHub( 608): name
11-03 20:17:21.443 I/SensorsHub( 608): vendor Samsung Inc.
11-03 20:17:21.443 I/SensorsHub( 608): version 2
11-03 20:17:21.443 I/SensorsHub( 608): maxRage 1.000000
11-03 20:17:21.443 I/SensorsHub( 608): resolution 1.000000
11-03 20:17:21.443 I/SensorsHub( 608): Delay min -1 Max 0
11-03 20:17:21.443 I/SensorsHub( 608): fifo 0 0
11-03 20:17:21.443 I/SensorsHub( 608): wakeup 1 flags b
11-03 20:17:21.444 I/SensorsHub( 608): SigMotionSensor
11-03 20:17:21.444 I/SensorsHub( 608): sensor_name Significant Motion
mSensorInfo.name Significant Motion
11-03 20:17:21.444 I/SensorsHub( 608): injection path /dev/ssp_data_injection
11-03 20:17:21.444 I/SensorsHub( 608): index 6,
11-03 20:17:21.444 I/SensorsHub( 608): handle 18
11-03 20:17:21.444 I/SensorsHub( 608): name
11-03 20:17:21.444 I/SensorsHub( 608): vendor Samsung Inc.
11-03 20:17:21.444 I/SensorsHub( 608): version 1
11-03 20:17:21.444 I/SensorsHub( 608): maxRage 1.000000
11-03 20:17:21.444 I/SensorsHub( 608): resolution 1.000000
11-03 20:17:21.444 I/SensorsHub( 608): Delay min 0 Max 0
11-03 20:17:21.444 I/SensorsHub( 608): fifo 0 0
11-03 20:17:21.444 I/SensorsHub( 608): wakeup 0 flags b
11-03 20:17:21.444 I/SensorsHub( 608): StepDetectorSensor
11-03 20:17:21.444 I/SensorsHub( 608): sensor_name Step Detector mSensorInfo.name
Step Detector
11-03 20:17:21.444 I/SensorsHub( 608): injection path /dev/ssp_data_injection
11-03 20:17:21.444 I/SensorsHub( 608): index 7,
11-03 20:17:21.444 I/SensorsHub( 608): handle 19
11-03 20:17:21.444 I/SensorsHub( 608): name
11-03 20:17:21.444 I/SensorsHub( 608): vendor Samsung Inc.
11-03 20:17:21.444 I/SensorsHub( 608): version 1
11-03 20:17:21.444 I/SensorsHub( 608): maxRage 4294967296.000000
11-03 20:17:21.444 I/SensorsHub( 608): resolution 1.000000
11-03 20:17:21.444 I/SensorsHub( 608): Delay min 0 Max 0
11-03 20:17:21.444 I/SensorsHub( 608): fifo 0 0
11-03 20:17:21.444 I/SensorsHub( 608): wakeup 0 flags b
11-03 20:17:21.444 D/XfrmController( 582): Sending Netlink XFRM Message:
XFRM_MSG_FLUSHSA
11-03 20:17:21.444 I/SensorsHub( 608): StepCounterSensor
11-03 20:17:21.445 I/SensorsHub( 608): sensor_name Step Counter mSensorInfo.name
Step Counter
11-03 20:17:21.445 I/SensorsHub( 608): injection path /dev/ssp_data_injection
11-03 20:17:21.445 I/SensorsHub( 608): index 8,
11-03 20:17:21.445 I/SensorsHub( 608): handle 22
11-03 20:17:21.445 I/SensorsHub( 608): name
11-03 20:17:21.445 I/SensorsHub( 608): vendor Samsung Inc.
11-03 20:17:21.445 I/SensorsHub( 608): version 1
11-03 20:17:21.445 I/SensorsHub( 608): maxRage 1.000000
11-03 20:17:21.445 I/SensorsHub( 608): resolution 1.000000
11-03 20:17:21.445 I/SensorsHub( 608): Delay min 0 Max 0
11-03 20:17:21.445 I/SensorsHub( 608): fifo 0 0
11-03 20:17:21.445 I/SensorsHub( 608): wakeup 1 flags b
11-03 20:17:21.445 D/XfrmController( 582): Sending Netlink XFRM Message:
XFRM_MSG_FLUSHPOLICY
11-03 20:17:21.445 I/netd ( 582): Initializing XfrmController: 37394us
11-03 20:17:21.445 I/SensorsHub( 608): TiltDetector
11-03 20:17:21.445 I/SensorsHub( 608): sensor_name Tilt Detector mSensorInfo.name
Tilt Detector
11-03 20:17:21.445 I/SensorsHub( 608): injection path /dev/ssp_data_injection
11-03 20:17:21.445 I/SensorsHub( 608): index 9,
11-03 20:17:21.445 I/SensorsHub( 608): handle 25
11-03 20:17:21.445 I/SensorsHub( 608): name
11-03 20:17:21.445 I/SensorsHub( 608): vendor Samsung Inc.
11-03 20:17:21.445 I/SensorsHub( 608): version 1
11-03 20:17:21.445 I/SensorsHub( 608): maxRage 1.000000
11-03 20:17:21.445 I/SensorsHub( 608): resolution 1.000000
11-03 20:17:21.445 I/SensorsHub( 608): Delay min -1 Max 0
11-03 20:17:21.445 I/SensorsHub( 608): fifo 0 0
11-03 20:17:21.445 I/SensorsHub( 608): wakeup 1 flags b
11-03 20:17:21.445 I/SensorsHub( 608): PickupGesture
11-03 20:17:21.445 I/SensorsHub( 608): sensor_name Pick Up Gesture
mSensorInfo.name Pick Up Gesture
11-03 20:17:21.445 I/SensorsHub( 608): injection path /dev/ssp_data_injection
11-03 20:17:21.445 I/SensorsHub( 608): index 10,
11-03 20:17:21.445 I/SensorsHub( 608): handle 31
11-03 20:17:21.445 I/SensorsHub( 608): name
11-03 20:17:21.445 I/SensorsHub( 608): vendor Samsung Inc.
11-03 20:17:21.445 I/SensorsHub( 608): version 1
11-03 20:17:21.445 I/SensorsHub( 608): maxRage 17.453293
11-03 20:17:21.445 I/SensorsHub( 608): resolution 0.000533
11-03 20:17:21.445 I/SensorsHub( 608): Delay min 20000 Max 20000
11-03 20:17:21.445 I/SensorsHub( 608): fifo 0 0
11-03 20:17:21.445 I/SensorsHub( 608): wakeup 0 flags b
11-03 20:17:21.446 I/display ( 602): window configs size(4)
11-03 20:17:21.446 I/SensorsHub( 608): IntGyroSensor
11-03 20:17:21.446 I/SensorsHub( 608): sensor_name Interrupt Gyroscope
mSensorInfo.name Interrupt Gyroscope
11-03 20:17:21.446 I/SensorsHub( 608): injection path /dev/ssp_data_injection
11-03 20:17:21.446 I/SensorsHub( 608): index 11,
11-03 20:17:21.446 I/SensorsHub( 608): handle 34
11-03 20:17:21.446 I/SensorsHub( 608): name STK31610
11-03 20:17:21.446 I/SensorsHub( 608): vendor Sitronix
11-03 20:17:21.446 I/SensorsHub( 608): version 1000
11-03 20:17:21.446 I/SensorsHub( 608): maxRage 60000.000000
11-03 20:17:21.446 I/SensorsHub( 608): resolution 1.000000
11-03 20:17:21.446 I/SensorsHub( 608): Delay min 200000 Max 200000
11-03 20:17:21.446 I/SensorsHub( 608): fifo 0 0
11-03 20:17:21.446 I/SensorsHub( 608): wakeup 0 flags b
11-03 20:17:21.446 I/SensorsHub( 608): LightCCT_Sensor
11-03 20:17:21.446 I/SensorsHub( 608): sensor_name STK31610 Light CCT
mSensorInfo.name STK31610 Light CCT
11-03 20:17:21.446 I/SensorsHub( 608): injection path /dev/ssp_data_injection
11-03 20:17:21.446 I/SensorsHub( 608): index 12, STK31610
11-03 20:17:21.446 I/SensorsHub( 608): handle 35
11-03 20:17:21.446 I/SensorsHub( 608): name
11-03 20:17:21.446 I/SensorsHub( 608): vendor Samsung Inc.
11-03 20:17:21.446 I/SensorsHub( 608): version 1
11-03 20:17:21.446 I/SensorsHub( 608): maxRage 1.000000
11-03 20:17:21.446 I/SensorsHub( 608): resolution 1.000000
11-03 20:17:21.446 I/SensorsHub( 608): Delay min 0 Max 0
11-03 20:17:21.446 I/SensorsHub( 608): fifo 0 0
11-03 20:17:21.446 I/SensorsHub( 608): wakeup 1 flags b
11-03 20:17:21.446 I/SensorsHub( 608): CallGesture
11-03 20:17:21.446 I/SensorsHub( 608): sensor_name Call Gesture mSensorInfo.name
Call Gesture
11-03 20:17:21.446 I/SensorsHub( 608): injection path /dev/ssp_data_injection
11-03 20:17:21.446 I/SensorsHub( 608): index 13,
11-03 20:17:21.446 I/SensorsHub( 608): handle 36
11-03 20:17:21.446 I/SensorsHub( 608): name
11-03 20:17:21.446 I/SensorsHub( 608): vendor Samsung Inc.
11-03 20:17:21.446 I/SensorsHub( 608): version 2
11-03 20:17:21.446 I/SensorsHub( 608): maxRage 1.000000
11-03 20:17:21.446 I/SensorsHub( 608): resolution 1.000000
11-03 20:17:21.446 I/SensorsHub( 608): Delay min 0 Max 0
11-03 20:17:21.446 I/SensorsHub( 608): fifo 0 0
11-03 20:17:21.446 I/SensorsHub( 608): wakeup 1 flags b
11-03 20:17:21.446 I/SensorsHub( 608): WakeUpMotion
11-03 20:17:21.447 I/SensorsHub( 608): sensor_name Wake Up Motion mSensorInfo.name
Wake Up Motion
11-03 20:17:21.447 I/SensorsHub( 608): injection path /dev/ssp_data_injection
11-03 20:17:21.447 I/SensorsHub( 608): index 14,
11-03 20:17:21.447 I/SensorsHub( 608): handle 37
11-03 20:17:21.447 I/SensorsHub( 608): name STK31610
11-03 20:17:21.447 I/SensorsHub( 608): vendor Sitronix
11-03 20:17:21.447 I/SensorsHub( 608): version 1000
11-03 20:17:21.447 I/SensorsHub( 608): maxRage 60000.000000
11-03 20:17:21.447 I/SensorsHub( 608): resolution 1.000000
11-03 20:17:21.447 I/SensorsHub( 608): Delay min 200000 Max 200000
11-03 20:17:21.447 I/SensorsHub( 608): fifo 0 0
11-03 20:17:21.447 I/SensorsHub( 608): wakeup 0 flags b
11-03 20:17:21.447 I/SensorsHub( 608): AutoBrightnessSensor
11-03 20:17:21.447 I/SensorsHub( 608): sensor_name STK31610 Auto Brightness (Cam
Lux Support) mSensorInfo.name STK31610 Auto Brightness (Cam Lux Support)
11-03 20:17:21.447 I/SensorsHub( 608): injection path /dev/ssp_data_injection
11-03 20:17:21.447 I/SensorsHub( 608): index 15, STK31610
11-03 20:17:21.447 I/SensorsHub( 608): handle 38
11-03 20:17:21.447 I/SensorsHub( 608): name
11-03 20:17:21.447 I/SensorsHub( 608): vendor Samsung Inc.
11-03 20:17:21.447 I/SensorsHub( 608): version 1
11-03 20:17:21.447 I/SensorsHub( 608): maxRage 17.453293
11-03 20:17:21.447 I/SensorsHub( 608): resolution 0.000533
11-03 20:17:21.447 I/SensorsHub( 608): Delay min 10000 Max 10000
11-03 20:17:21.447 I/SensorsHub( 608): fifo 0 0
11-03 20:17:21.447 I/SensorsHub( 608): wakeup 0 flags b
11-03 20:17:21.447 I/SensorsHub( 608): VdisGyroSensor
11-03 20:17:21.447 I/SensorsHub( 608): sensor_name VDIS Gyroscope mSensorInfo.name
VDIS Gyroscope
11-03 20:17:21.447 I/SensorsHub( 608): injection path /dev/ssp_data_injection
11-03 20:17:21.447 I/SensorsHub( 608): index 16,
11-03 20:17:21.447 I/SensorsHub( 608): SContextSensor
11-03 20:17:21.447 I/SensorsHub( 608): sensor_name Scontext mSensorInfo.name
Scontext
11-03 20:17:21.447 I/SensorsHub( 608): injection path /dev/ssp_data_injection
11-03 20:17:21.447 I/SensorsHub( 608): SensorHubDataWriter::SensorHubDataWriter()
11-03 20:17:21.447 E/SensorsHub( 608): SensorHubDataWriter: open sensorhub device
success(25)
11-03 20:17:21.448 I/SensorsHub( 608): SensorHubSensor
11-03 20:17:21.448 I/SensorsHub( 608): sensor_name SensorHub mSensorInfo.name
SensorHub
11-03 20:17:21.448 I/SensorsHub( 608): injection path /dev/ssp_data_injection
11-03 20:17:21.448 I/SensorsHub( 608): (AccSensor)SensorBase::isShownSensorList()
11-03 20:17:21.448 I/SensorsHub( 608): index 0, ishown 1
11-03 20:17:21.448 I/SensorsHub( 608): (AccSensor)SensorBase::isShownSensorList()
11-03 20:17:21.448 I/SensorsHub( 608):
(MagneticSensor)SensorBase::isShownSensorList()
11-03 20:17:21.448 I/SensorsHub( 608): index 1, ishown 1
11-03 20:17:21.448 I/SensorsHub( 608):
(MagneticSensor)SensorBase::isShownSensorList()
11-03 20:17:21.448 I/SensorsHub( 608): (GyroSensor)SensorBase::isShownSensorList()
11-03 20:17:21.448 I/SensorsHub( 608): index 2, ishown 1
11-03 20:17:21.448 I/SensorsHub( 608): (GyroSensor)SensorBase::isShownSensorList()
11-03 20:17:21.448 I/SensorsHub( 608):
(LightSensor)SensorBase::isShownSensorList()
11-03 20:17:21.448 I/SensorsHub( 608): index 3, ishown 1
11-03 20:17:21.448 I/SensorsHub( 608):
(LightSensor)SensorBase::isShownSensorList()
11-03 20:17:21.448 I/SensorsHub( 608):
(UncalMagneticSensor)SensorBase::isShownSensorList()
11-03 20:17:21.448 I/SensorsHub( 608): index 4, ishown 1
11-03 20:17:21.448 I/SensorsHub( 608):
(UncalMagneticSensor)SensorBase::isShownSensorList()
11-03 20:17:21.448 I/SensorsHub( 608):
(UncalGyroSensor)SensorBase::isShownSensorList()
11-03 20:17:21.448 I/SensorsHub( 608): index 5, ishown 1
11-03 20:17:21.448 I/SensorsHub( 608):
(UncalGyroSensor)SensorBase::isShownSensorList()
11-03 20:17:21.448 I/SensorsHub( 608):
(SigMotionSensor)SensorBase::isShownSensorList()
11-03 20:17:21.448 I/SensorsHub( 608): index 6, ishown 1
11-03 20:17:21.448 I/SensorsHub( 608):
(SigMotionSensor)SensorBase::isShownSensorList()
11-03 20:17:21.448 I/SensorsHub( 608):
(StepDetectorSensor)SensorBase::isShownSensorList()
11-03 20:17:21.448 I/SensorsHub( 608): index 7, ishown 1
11-03 20:17:21.448 I/SensorsHub( 608):
(StepDetectorSensor)SensorBase::isShownSensorList()
11-03 20:17:21.448 I/SensorsHub( 608):
(StepCounterSensor)SensorBase::isShownSensorList()
11-03 20:17:21.448 I/SensorsHub( 608): index 8, ishown 1
11-03 20:17:21.448 I/SensorsHub( 608):
(StepCounterSensor)SensorBase::isShownSensorList()
11-03 20:17:21.448 I/SensorsHub( 608):
(TiltDetector)SensorBase::isShownSensorList()
11-03 20:17:21.448 I/SensorsHub( 608): index 9, ishown 1
11-03 20:17:21.448 I/SensorsHub( 608):
(TiltDetector)SensorBase::isShownSensorList()
11-03 20:17:21.448 I/SensorsHub( 608):
(PickupGesture)SensorBase::isShownSensorList()
11-03 20:17:21.448 I/SensorsHub( 608): index 10, ishown 1
11-03 20:17:21.448 I/SensorsHub( 608):
(PickupGesture)SensorBase::isShownSensorList()
11-03 20:17:21.448 I/SensorsHub( 608):
(IntGyroSensor)SensorBase::isShownSensorList()
11-03 20:17:21.448 I/SensorsHub( 608): index 11, ishown 1
11-03 20:17:21.448 I/SensorsHub( 608):
(IntGyroSensor)SensorBase::isShownSensorList()
11-03 20:17:21.448 I/SensorsHub( 608):
(LightCCT_Sensor)SensorBase::isShownSensorList()
11-03 20:17:21.448 I/SensorsHub( 608): index 12, ishown 1
11-03 20:17:21.448 I/SensorsHub( 608):
(LightCCT_Sensor)SensorBase::isShownSensorList()
11-03 20:17:21.448 I/SensorsHub( 608):
(CallGesture)SensorBase::isShownSensorList()
11-03 20:17:21.448 I/SensorsHub( 608): index 13, ishown 1
11-03 20:17:21.448 I/SensorsHub( 608):
(CallGesture)SensorBase::isShownSensorList()
11-03 20:17:21.448 I/SensorsHub( 608):
(WakeUpMotion)SensorBase::isShownSensorList()
11-03 20:17:21.448 I/SensorsHub( 608): index 14, ishown 1
11-03 20:17:21.448 I/SensorsHub( 608):
(WakeUpMotion)SensorBase::isShownSensorList()
11-03 20:17:21.448 I/SensorsHub( 608):
(AutoBrightnessSensor)SensorBase::isShownSensorList()
11-03 20:17:21.448 I/SensorsHub( 608): index 15, ishown 1
11-03 20:17:21.448 I/SensorsHub( 608):
(AutoBrightnessSensor)SensorBase::isShownSensorList()
11-03 20:17:21.448 I/SensorsHub( 608):
(VdisGyroSensor)SensorBase::isShownSensorList()
11-03 20:17:21.448 I/SensorsHub( 608): index 16, ishown 1
11-03 20:17:21.448 I/SensorsHub( 608):
(VdisGyroSensor)SensorBase::isShownSensorList()
11-03 20:17:21.448 I/SensorsHub( 608):
(SContextSensor)SensorBase::isShownSensorList()
11-03 20:17:21.448 I/SensorsHub( 608): index 17, ishown 1
11-03 20:17:21.448 I/SensorsHub( 608):
(SContextSensor)SensorBase::isShownSensorList()
11-03 20:17:21.448 I/SensorsHub( 608): index 18, ishown 0
11-03 20:17:21.448 I/SensorsHub( 608): Support camera light
11-03 20:17:21.450 D/[email protected]( 627): sec-
vibrator-2-2 starts
11-03 20:17:21.450 E/SecVibrator-HAL2.2_A( 627): !@SEC VIB HAL init
11-03 20:17:21.450 E/SecVibrator-HAL2.2_A( 627): isNodeExist
node:/timed_output/vibrator/enable
11-03 20:17:21.450 E/SecVibrator-HAL2.2_A( 627): true
11-03 20:17:21.450 E/SecVibrator-HAL2.2_A( 627): Vibrator using timed_output
11-03 20:17:21.450 E/SecVibrator-HAL2.2_A( 627): Vibrator THE_DEVICE_INTENSITY
/timed_output/vibrator/intensity
11-03 20:17:21.450 E/SecVibrator-HAL2.2_A( 627): Vibrator
THE_DEVICE_FORCE_TOUCH_INTENSITY /timed_output/vibrator/force_touch_intensity
11-03 20:17:21.450 E/SecVibrator-HAL2.2_A( 627): Vibrator THE_DEVICE_MULTI_FREQ
/timed_output/vibrator/multi_freq
11-03 20:17:21.450 E/SecVibrator-HAL2.2_A( 627): Vibrator THE_DEVICE_HAPTIC_ENGINE
/timed_output/vibrator/haptic_engine
11-03 20:17:21.450 E/SecVibrator-HAL2.2_A( 627): Vibrator
THE_DEVICE_HAPTIC_ENGINE_INDEX /timed_output/vibrator/cp_trigger_index
11-03 20:17:21.450 E/SecVibrator-HAL2.2_A( 627): Vibrator
THE_DEVICE_HAPTIC_PLAYBACK_QUEUE /timed_output/vibrator/cp_trigger_queue
11-03 20:17:21.450 E/SecVibrator-HAL2.2_A( 627): Vibrator
THE_DEVICE_HAPTIC_ENGINE_NUM_WAVES /timed_output/vibrator/num_waves
11-03 20:17:21.450 E/SecVibrator-HAL2.2_A( 627): Vibrator THE_DEVICE_MOTOR_TYPE
/timed_output/vibrator/motor_type
11-03 20:17:21.450 E/SecVibrator-HAL2.2_A( 627): Vibrator THE_DEVICE_EVENT_CMD
/timed_output/vibrator/event_cmd
11-03 20:17:21.450 E/SecVibrator-HAL2.2_A( 627): Vibrator
THE_DEVICE_PATTERN_LENGTH /timed_output/vibrator/pattern_length
11-03 20:17:21.450 E/SecVibrator-HAL2.2_A( 627): Vibrator
THE_DEVICE_EXT_CONTROL /timed_output/vibrator/ext_control
11-03 20:17:21.450 I/resolv ( 582): resolv_init: Initializing resolver
11-03 20:17:21.450 E/SecVibrator-HAL2.2_A( 627): Vibrator
THE_DEVICE_CAL_INTENSITIES /timed_output/vibrator/intensities
11-03 20:17:21.450 E/SecVibrator-HAL2.2_A( 627): Vibrator
THE_DEVICE_CAL_HAPTIC_INTENSITIES /timed_output/vibrator/haptic_intensities
11-03 20:17:21.450 E/SecVibrator-HAL2.2_A( 627): getMotorInfo Start >>
11-03 20:17:21.450 E/SecVibrator-HAL2.2_A( 627): getMotorIndex return motor type
>>
11-03 20:17:21.450 E/SecVibrator-HAL2.2_A( 627): getMotorIndex string : COINDC
11-03 20:17:21.450 E/SecVibrator-HAL2.2_A( 627): getMotorIndex string len : 6
11-03 20:17:21.450 E/SecVibrator-HAL2.2_A( 627): getMotorIndex return motor type :
1 <<
11-03 20:17:21.450 E/SecVibrator-HAL2.2_A( 627): getMotorInfo End motor : 1 <<
11-03 20:17:21.450 E/SecVibrator-HAL2.2_A( 627): getMotorPerfomMethod >>
11-03 20:17:21.451 E/SecVibrator-HAL2.2_A( 627): isNodeExist
node:/timed_output/vibrator/cp_trigger_index
11-03 20:17:21.451 E/SecVibrator-HAL2.2_A( 627): false
11-03 20:17:21.451 E/SecVibrator-HAL2.2_A( 627): isNodeExist
node:/timed_output/vibrator/haptic_engine
11-03 20:17:21.451 E/SecVibrator-HAL2.2_A( 627): false
11-03 20:17:21.451 E/SecVibrator-HAL2.2_A( 627): isNodeExist
node:/timed_output/vibrator/intensity
11-03 20:17:21.451 E/SecVibrator-HAL2.2_A( 627): false
11-03 20:17:21.451 E/SecVibrator-HAL2.2_A( 627): getMotorPerfomMethod 0 <<
11-03 20:17:21.454 I/display ( 602): Initial errlog size: -1 bytes
11-03 20:17:21.454 I/HidlServiceManagement( 597): Registered
[email protected]::ICryptoFactory/default
11-03 20:17:21.454 I/HidlServiceManagement( 597): Removing namespace from process
name [email protected] to [email protected].
11-03 20:17:21.454 I/display ( 602): HWC2: 2, psr_mode : 2
11-03 20:17:21.454 I/display ( 602): Not support EXYNOS_GET_DISPLAY_MODE_NUM :
Inappropriate ioctl for device
11-03 20:17:21.454 I/display ( 602): EXYNOS_GET_DISPLAY_CURRENT_MODE failed
errno : 25, ret: -1
11-03 20:17:21.454 D/display ( 602): using
11-03 20:17:21.454 D/display ( 602): xres(device) = 1080 px
11-03 20:17:21.454 D/display ( 602): yres(device) = 2400 px
11-03 20:17:21.454 D/display ( 602): xres(current) = 1080 px
11-03 20:17:21.454 D/display ( 602): yres(current) = 2400 px
11-03 20:17:21.454 D/display ( 602): width = 67 mm (409.432000 dpi)
11-03 20:17:21.454 D/display ( 602): height = 150 mm (406.400000 dpi)
11-03 20:17:21.454 D/display ( 602): refresh rate = 60 Hz
11-03 20:17:21.454 I/display ( 602): PSR info devname =
/sys/devices/platform/14800000.decon_f/psr_info
11-03 20:17:21.454 I/LegacySupport( 597): Registration complete for
[email protected]::ICryptoFactory/default.
11-03 20:17:21.454 W/display ( 602): HWC needs to know whether LCD driver is using
PSR mode or not
11-03 20:17:21.454 W/display ( 602): HWC needs to know whether LCD driver is using
PSR mode or not (2nd try)
11-03 20:17:21.454 I/display ( 602): PSR mode = 3 (0: video mode, 1: DP PSR
mode, 2: MIPI-DSI command mode)
11-03 20:17:21.454 I/display ( 602): DSC H_Slice_Num: 1, Y_Slice_Size: 2960 (for
window partial update)
11-03 20:17:21.454 I/display ( 602): PrimaryDisplay: hdrTypeNum(0),
maxLuminance(0.000000), maxAverageLuminance(0.000000), minLuminance(0.000000)
11-03 20:17:21.454 E/display ( 602): init:: ExternalDisplay failed to open
framebuffer
11-03 20:17:21.454 I/libacryl( 602): G2D API Version 1
11-03 20:17:21.454 D/hwcomposer( 602): Start HWCService
11-03 20:17:21.455 V/soundtrigger_hw_primary( 589): stdev_open: DLOPEN successful
for /vendor/lib/libaudioproxy.so
11-03 20:17:21.455 V/soundtrigger_hw_primary( 589): set_mixer_ctrls, path: VTS
Force Reset
11-03 20:17:21.455 V/soundtrigger_hw_primary( 589): set_mixer_ctrls: VTS Force
Reset configured value: 1
11-03 20:17:21.455 I/SoundTriggerHalImpl( 589): onFirstRef() mModuleName primary
mHwDevice 0xf2a2dcd0
11-03 20:17:21.455 I/vndservicemanager( 377): Adding
'u:r:hal_graphics_composer_default:s0' service (Exynos.HWCService:602)
11-03 20:17:21.456 W/[email protected]( 603):
HIDL_FETCH_IHealth: default
11-03 20:17:21.456 I/HidlServiceManagement( 617): Registered
[email protected]::ISehDrk/default
11-03 20:17:21.456 I/HidlServiceManagement( 617): Removing namespace from process
name [email protected] to [email protected].
11-03 20:17:21.457 E/audit ( 563): type=1400 audit(1699013841.455:150): avc:
denied { read } for pid=603 comm="android.hardwar" name="type" dev="sysfs"
ino=54093 scontext=u:r:hal_health_default:s0 tcontext=u:object_r:sysfs:s0
tclass=file permissive=0 SEPF_SM-A516N_11_0010 audit_filtered
11-03 20:17:21.457 E/audit ( 563): type=1300 audit(1699013841.455:150):
arch=c00000b7 syscall=56 success=no exit=-13 a0=ffffff9c a1=71310065d0 a2=88000
a3=0 items=0 ppid=1 pid=603 auid=4294967295 uid=1000 gid=1000 euid=1000 suid=1000
fsuid=1000 egid=1000 sgid=1000 fsgid=1000 tty=(none) ses=4294967295
comm="android.hardwar" exe="/vendor/bin/hw/[email protected]
samsung" subj=u:r:hal_health_default:s0 key=(null)
11-03 20:17:21.457 E/audit ( 563): type=1327 audit(1699013841.455:150):
proctitle="/vendor/bin/hw/[email protected]"
11-03 20:17:21.458 I/HidlServiceManagement( 589): Registered
[email protected]::ISoundTriggerHw/default
11-03 20:17:21.458 I/display ( 602): uevent name of ext:
change@/devices/platform/13090000.displayport/extcon/extcon0
11-03 20:17:21.458 I/LegacySupport( 589): Registration complete for
[email protected]::ISoundTriggerHw/default.
11-03 20:17:21.459 I/display ( 602): Failed to open vsync attribute at
/sys/devices/platform/14850000.decon_t/vsync
11-03 20:17:21.459 E/display ( 602): error reading vsync timestamp: Bad file
descriptor
11-03 20:17:21.459 I/HidlServiceManagement( 627): Registered
[email protected]::ISehVibrator/default
11-03 20:17:21.459 I/HidlServiceManagement( 602): Registered
[email protected]::IComposer/default
11-03 20:17:21.459 I/HidlServiceManagement( 627): Removing namespace from process
name [email protected] to [email protected].
11-03 20:17:21.459 I/HidlServiceManagement( 602): Removing namespace from process
name [email protected] to [email protected].
11-03 20:17:21.461 I/HidlServiceManagement( 599): Registered
[email protected]::IDrmFactory/widevine
11-03 20:17:21.461 I/HidlServiceManagement( 599): Removing namespace from process
name [email protected] to [email protected].
11-03 20:17:21.462 I/servicemanager( 375): Adding 'u:r:netd:s0' service
(dnsresolver:582)
11-03 20:17:21.463 I/HidlServiceManagement( 599): Registered
[email protected]::ICryptoFactory/widevine
11-03 20:17:21.463 I/HidlServiceManagement( 599): Removing namespace from process
name [email protected] to [email protected].
11-03 20:17:21.466 I/[email protected]( 632): Epic
Service started!
11-03 20:17:21.467 I/servicemanager( 375): Adding 'u:r:netd:s0' service (netd:582)
11-03 20:17:21.467 I/SensorsHub( 608): threadLoop: starting
11-03 20:17:21.468 I/SensorsHub( 608): SensorHubSensor::ready: shub_file open
failed(-2) No such file or directory
11-03 20:17:21.468 I/servicemanager( 375): Found
android.hardware.power.IPower/default in device VINTF manifest.
11-03 20:17:21.468 D/[email protected]( 621): initialize
11-03 20:17:21.468 I/servicemanager( 375): Adding 'u:r:hal_power_default:s0'
service (android.hardware.power.IPower/default:614)
11-03 20:17:21.470 I/[email protected]( 624): SEC
Thermal HAL Service 1.0 starting...
11-03 20:17:21.471 E/[email protected]( 624): init seh-thermal
HAL
11-03 20:17:21.472 I/hwcomposer( 602): HWCWatchdogThread is started
11-03 20:17:21.474 I/HidlServiceManagement( 589): Registered
[email protected]::ISehDevicesFactory/default
11-03 20:17:21.474 I/LegacySupport( 589): Registration complete for
[email protected]::ISehDevicesFactory/default.
11-03 20:17:21.476 E/SehThermal-HAL( 624): Fail to retry to connect. (4)
11-03 20:17:21.478 E/fsverity_init( 640): Failed to find .fs-verity keyring id
11-03 20:17:21.479 I/HidlServiceManagement( 632): Registered
[email protected]::IEpicRequest/default
