The log file records debugging information from a camera application. It shows the application attempting to connect to the camera service and open the camera device but receiving error messages indicating the camera is disabled. As a result, the application finishes the activity and closes due to being unable to access the camera.
We take content rights seriously. If you suspect this is your content, claim it here.
Available Formats
Download as TXT, PDF, TXT or read online on Scribd
0 ratings0% found this document useful (0 votes)
23 views17 pages
Logcat 1709532669
The log file records debugging information from a camera application. It shows the application attempting to connect to the camera service and open the camera device but receiving error messages indicating the camera is disabled. As a result, the application finishes the activity and closes due to being unable to access the camera.
We take content rights seriously. If you suspect this is your content, claim it here.
Available Formats
Download as TXT, PDF, TXT or read online on Scribd
You are on page 1/ 17
--------- beginning of main
03-04 13:11:12.121 26292 26403 I CameraManagerGlobal: Connecting to camera service
03-04 13:11:12.160 26292 26359 W AudioCapabilities: Unsupported mime audio/x-adpcm- dvi-ima
03-04 13:11:12.172 26292 26359 W AudioCapabilities: Unsupported mime audio/x-adpcm- dvi-ima
03-04 13:11:12.173 26292 26359 W AudioCapabilities: Unsupported mime audio/x-adpcm- ms
03-04 13:11:12.184 26292 26359 W AudioCapabilities: Unsupported mime audio/x-adpcm- ms
03-04 13:11:12.191 26292 26359 W AudioCapabilities: Unsupported mime audio/alac
03-04 13:11:12.225 26292 26359 W AudioCapabilities: Unsupported mime audio/alac
03-04 13:11:12.226 26292 26359 W AudioCapabilities: Unsupported mime audio/ape
03-04 13:11:12.241 26292 26359 W AudioCapabilities: Unsupported mime audio/ape
03-04 13:11:12.437 26292 26359 W VideoCapabilities: Unrecognized profile/level 32768/256 for video/mp4v-es
03-04 13:11:12.475 26292 26359 W VideoCapabilities: Unrecognized profile/level 32768/256 for video/mp4v-es
03-04 13:11:12.538 26292 26292 W AppSettings: Warning: providing system service keyguard took 22 ms --------- beginning of system
03-04 13:11:12.702 26292 26292 D os.SingleLice: instance successfully. com.transsion.scrollshot.v2.ScrollShotImplLice@8aa56a4 from com.transsion.scrollshot.ScrollShotImplLiceFactory
03-04 13:11:12.703 26292 26292 D os.SingleLiceFactory: instance successfully. com.transsion.scrollshot.v2.ScrollShotImplLice@8aa56a4 from android.view.IViewLice
03-04 13:11:12.710 26292 26292 D os.LiceInfo: instance successfully. com.transsion.view.ViewLice@a883910 from android.view.IViewLice
03-04 13:11:12.749 26292 26416 D CameraManager2: GotArray:0
03-04 13:11:12.751 26292 26416 D CameraManager2: GotArray:1
03-04 13:11:12.771 26292 26292 D os.SingleLice: instance successfully. com.transsion.freeform.v1.FreeformLice@33cafc5 from com.transsion.freeform.FreeformLiceFactory
03-04 13:11:12.774 26292 26422 D CameraManager2: GotArray:0
03-04 13:11:12.777 26292 26422 D CameraManager2: GotArray:1
03-04 13:11:12.778 26292 26292 D os.SingleLiceFactory: instance successfully. com.transsion.freeform.v1.FreeformLice@33cafc5 from com.android.internal.IInternalViewLice
03-04 13:11:12.788 26292 26292 D os.SingleLice: instance successfully. com.transsion.whitenavigation.v1.WhiteNavigationLice@5c30d1a from com.transsion.whitenavigation.WhiteNavigationLiceFactory
03-04 13:11:12.792 26292 26292 D os.SingleLiceFactory: instance successfully. com.transsion.whitenavigation.v1.WhiteNavigationLice@5c30d1a from com.android.internal.IInternalViewLice
03-04 13:11:12.812 26292 26292 D os.SingleLice: instance successfully. com.transsion.screenshothelper.v1.ScreenShotHelperImplLice@e26b04b from com.transsion.screenshothelper.ScreenShotHelperImplLiceFactory
03-04 13:11:12.820 26292 26292 D os.SingleLiceFactory: instance successfully. com.transsion.screenshothelper.v1.ScreenShotHelperImplLice@e26b04b from com.android.internal.IInternalViewLice
03-04 13:11:12.821 26292 26292 D os.LiceInfo: instance successfully. com.transsion.internal.InternalViewLice@5321a28 from com.android.internal.IInternalViewLice
03-04 13:11:13.265 26292 26422 D CameraManager2: GotArray:0
03-04 13:11:13.265 26292 26422 D CameraManager2: GotArray:1
03-04 13:11:13.841 26292 26359 W CAM_A : Build number (240127V1452) is not a number. Ignoring version check for b/149569689.
03-04 13:11:13.963 26292 26422 D CameraManager2: GotArray:0
03-04 13:11:13.963 26292 26422 D CameraManager2: GotArray:1
03-04 13:11:14.065 26292 26359 D CameraManager2: GotArray:0
03-04 13:11:14.078 26292 26359 D CameraManager2: GotArray:1
03-04 13:11:15.421 26292 26422 D CameraManager2: GotArray:0
03-04 13:11:15.425 26292 26422 D CameraManager2: GotArray:1
03-04 13:11:15.909 26292 26357 E CAM_A : getOptInOptions failed
03-04 13:11:15.909 26292 26357 E CAM_A : pil: Timed out (timeout delayed by 1266 ms after scheduled time): pih@bc89c2a[status=PENDING]
03-04 13:11:15.968 26292 26416 W AppSettings: Warning: providing system service sensor took 46 ms
03-04 13:11:16.093 26292 26466 W CAM_CameraDeviceOpener: Failed to open camera device 0. Attempting retry in 200 milliseconds.
03-04 13:11:16.319 26292 26466 W CAM_CameraDeviceOpener: Failed to open camera device 0 after retry. The camera device is disabled.
03-04 13:11:16.319 26292 26466 W CAM_CameraDeviceOpener: android.hardware.camera2.CameraAccessException: CAMERA_DISABLED (1): connectHelper:1895: Camera "0" disabled by policy
03-04 13:11:16.319 26292 26466 W CAM_CameraDeviceOpener: at android.hardware.camera2.CameraManager.throwAsPublicException(CameraManager.java:12 09)
03-04 13:11:16.319 26292 26466 W CAM_CameraDeviceOpener: at android.hardware.camera2.CameraManager.openCameraDeviceUserAsync(CameraManager.java :624)
03-04 13:11:16.319 26292 26466 W CAM_CameraDeviceOpener: at android.hardware.camera2.CameraManager.openCameraForUid(CameraManager.java:874)
03-04 13:11:16.319 26292 26466 W CAM_CameraDeviceOpener: at android.hardware.camera2.CameraManager.openCameraForUid(CameraManager.java:895)
03-04 13:11:16.319 26292 26466 W CAM_CameraDeviceOpener: at android.hardware.camera2.CameraManager.openCamera(CameraManager.java:733)
03-04 13:11:16.319 26292 26466 W CAM_CameraDeviceOpener: at lkj.a(Unknown Source:38)
03-04 13:11:16.319 26292 26466 W CAM_CameraDeviceOpener: at lkf.run(Unknown Source:98)
03-04 13:11:16.319 26292 26466 W CAM_CameraDeviceOpener: at java.util.concurrent.ThreadPoolExecutor.runWorker(ThreadPoolExecutor.java:1145)
03-04 13:11:16.319 26292 26466 W CAM_CameraDeviceOpener: at java.util.concurrent.ThreadPoolExecutor$Worker.run(ThreadPoolExecutor.java:644)
03-04 13:11:16.319 26292 26466 W CAM_CameraDeviceOpener: at java.lang.Thread.run(Thread.java:1012)
03-04 13:11:16.319 26292 26466 W CAM_CameraDeviceOpener: at lab.run(Unknown Source:5)
03-04 13:11:16.319 26292 26466 W CAM_CameraDeviceOpener: Caused by: android.os.ServiceSpecificException: connectHelper:1895: Camera "0" disabled by policy (code 6)
03-04 13:11:16.319 26292 26466 W CAM_CameraDeviceOpener: at android.os.Parcel.createExceptionOrNull(Parcel.java:2470)
03-04 13:11:16.319 26292 26466 W CAM_CameraDeviceOpener: at android.os.Parcel.createException(Parcel.java:2440)
03-04 13:11:16.319 26292 26466 W CAM_CameraDeviceOpener: at android.os.Parcel.readException(Parcel.java:2423)
03-04 13:11:16.319 26292 26466 W CAM_CameraDeviceOpener: at android.os.Parcel.readException(Parcel.java:2365)
03-04 13:11:16.319 26292 26466 W CAM_CameraDeviceOpener: at android.hardware.ICameraService$Stub$Proxy.connectDevice(ICameraService.java:690)
03-04 13:11:16.319 26292 26466 W CAM_CameraDeviceOpener: at android.hardware.camera2.CameraManager.openCameraDeviceUserAsync(CameraManager.java :604)
03-04 13:11:16.319 26292 26466 W CAM_CameraDeviceOpener: ... 9 more
03-04 13:11:16.322 26292 26466 W CAM_VirtualCameraMgr: Camera 0 encountered a fatal error before opening: Camera is disabled (3)
03-04 13:11:16.345 26292 26466 E CAM_A : Handling Camera Open Failure. Finishing activity.
03-04 13:11:16.345 26292 26466 E CAM_A : java.lang.Exception: ljw: Camera 0 encountered a fatal error before opening: Camera is disabled (3)
03-04 13:11:16.345 26292 26466 E CAM_A : at dli.f(Unknown Source:6)
03-04 13:11:16.345 26292 26466 E CAM_A : at dll.f(Unknown Source:18)
03-04 13:11:16.345 26292 26466 E CAM_A : at llm.c(Unknown Source:90)
03-04 13:11:16.345 26292 26466 E CAM_A : at lkv.a(Unknown Source:2)
03-04 13:11:16.345 26292 26466 E CAM_A : at lky.f(Unknown Source:66)
03-04 13:11:16.345 26292 26466 E CAM_A : at lky.c(Unknown Source:31)
03-04 13:11:16.345 26292 26466 E CAM_A : at lkv.a(Unknown Source:2)
03-04 13:11:16.345 26292 26466 E CAM_A : at lky.e(Unknown Source:24)
03-04 13:11:16.345 26292 26466 E CAM_A : at lkf.run(Unknown Source:414)
03-04 13:11:16.345 26292 26466 E CAM_A : at java.util.concurrent.ThreadPoolExecutor.runWorker(ThreadPoolExecutor.java:1145)
03-04 13:11:16.345 26292 26466 E CAM_A : at java.util.concurrent.ThreadPoolExecutor$Worker.run(ThreadPoolExecutor.java:644)
03-04 13:11:16.345 26292 26466 E CAM_A : at java.lang.Thread.run(Thread.java:1012)
03-04 13:11:16.345 26292 26466 E CAM_A : at lab.run(Unknown Source:5)
03-04 13:11:16.345 26292 26466 E CAM_A : Caused by: ljw: Camera 0 encountered a fatal error before opening: Camera is disabled (3)
03-04 13:11:16.345 26292 26466 E CAM_A : at llm.c(Unknown Source:46)
03-04 13:11:16.345 26292 26466 E CAM_A : ... 10 more
03-04 13:11:16.380 26292 26466 E CAM_A : Activity received a fatal error. Finishing activity: Camera is disabled (3)
03-04 13:11:16.380 26292 26466 E CAM_A : java.lang.Exception: ljw: Camera 0 encountered a fatal error before opening: Camera is disabled (3)
03-04 13:11:16.380 26292 26466 E CAM_A : at dli.f(Unknown Source:6)
03-04 13:11:16.380 26292 26466 E CAM_A : at dll.f(Unknown Source:18)
03-04 13:11:16.380 26292 26466 E CAM_A : at llm.c(Unknown Source:90)
03-04 13:11:16.380 26292 26466 E CAM_A : at lkv.a(Unknown Source:2)
03-04 13:11:16.380 26292 26466 E CAM_A : at lky.f(Unknown Source:66)
03-04 13:11:16.380 26292 26466 E CAM_A : at lky.c(Unknown Source:31)
03-04 13:11:16.380 26292 26466 E CAM_A : at lkv.a(Unknown Source:2)
03-04 13:11:16.380 26292 26466 E CAM_A : at lky.e(Unknown Source:24)
03-04 13:11:16.380 26292 26466 E CAM_A : at lkf.run(Unknown Source:414)
03-04 13:11:16.380 26292 26466 E CAM_A : at java.util.concurrent.ThreadPoolExecutor.runWorker(ThreadPoolExecutor.java:1145)
03-04 13:11:16.380 26292 26466 E CAM_A : at java.util.concurrent.ThreadPoolExecutor$Worker.run(ThreadPoolExecutor.java:644)
03-04 13:11:16.380 26292 26466 E CAM_A : at java.lang.Thread.run(Thread.java:1012)
03-04 13:11:16.380 26292 26466 E CAM_A : at lab.run(Unknown Source:5)
03-04 13:11:16.380 26292 26466 E CAM_A : Caused by: ljw: Camera 0 encountered a fatal error before opening: Camera is disabled (3)
03-04 13:11:16.380 26292 26466 E CAM_A : at llm.c(Unknown Source:46)
03-04 13:11:16.380 26292 26466 E CAM_A : ... 10 more
03-04 13:11:16.392 26292 26422 W AppSettings: Warning: providing system service power took 12 ms
03-04 13:11:18.400 26292 26359 E PhenotypeFlagCommitter: Retrieving snapshot for com.google.android.apps.camera#com.google.android.GoogleCameraEngR13F2 failed
03-04 13:11:18.400 26292 26359 E PhenotypeFlagCommitter: java.util.concurrent.TimeoutException: Timed out waiting for Task
03-04 13:11:18.400 26292 26359 E PhenotypeFlagCommitter: at mip.cd(Unknown Source:72)
03-04 13:11:18.400 26292 26359 E PhenotypeFlagCommitter: at kuc.c(Unknown Source:12)
03-04 13:11:18.400 26292 26359 E PhenotypeFlagCommitter: at kuc.e(Unknown Source:35)
03-04 13:11:18.400 26292 26359 E PhenotypeFlagCommitter: at kuc.b(Unknown Source:1)
03-04 13:11:18.400 26292 26359 E PhenotypeFlagCommitter: at gvh.a(Unknown Source:35)
03-04 13:11:18.400 26292 26359 E PhenotypeFlagCommitter: at gvj.run(Unknown Source:9)
03-04 13:11:18.400 26292 26359 E PhenotypeFlagCommitter: at law.run(Unknown Source:2)
03-04 13:11:18.400 26292 26359 E PhenotypeFlagCommitter: at java.util.concurrent.Executors$RunnableAdapter.call(Executors.java:487)
03-04 13:11:18.400 26292 26359 E PhenotypeFlagCommitter: at pio.a(Unknown Source:2)
03-04 13:11:18.400 26292 26359 E PhenotypeFlagCommitter: at phs.run(Unknown Source:20)
03-04 13:11:18.400 26292 26359 E PhenotypeFlagCommitter: at pip.run(Unknown Source:4)
03-04 13:11:18.400 26292 26359 E PhenotypeFlagCommitter: at java.util.concurrent.Executors$RunnableAdapter.call(Executors.java:487)
03-04 13:11:18.400 26292 26359 E PhenotypeFlagCommitter: at java.util.concurrent.FutureTask.run(FutureTask.java:264)
03-04 13:11:18.400 26292 26359 E PhenotypeFlagCommitter: at java.util.concurrent.ScheduledThreadPoolExecutor$ScheduledFutureTask.run(ScheduledT hreadPoolExecutor.java:307)
03-04 13:11:18.400 26292 26359 E PhenotypeFlagCommitter: at lbh.run(Unknown Source:2)
03-04 13:11:18.400 26292 26359 E PhenotypeFlagCommitter: at lbg.run(Unknown Source:0)
03-04 13:11:18.400 26292 26359 E PhenotypeFlagCommitter: at java.util.concurrent.ThreadPoolExecutor.runWorker(ThreadPoolExecutor.java:1145)
03-04 13:11:18.400 26292 26359 E PhenotypeFlagCommitter: at java.util.concurrent.ThreadPoolExecutor$Worker.run(ThreadPoolExecutor.java:644)
03-04 13:11:18.400 26292 26359 E PhenotypeFlagCommitter: at java.lang.Thread.run(Thread.java:1012)
03-04 13:11:18.400 26292 26359 E PhenotypeFlagCommitter: at lab.run(Unknown Source:5)
03-04 13:11:18.467 26292 26292 I DeezNuts: MSG: SLIDER 1 FOCUS: 1.0E-4
03-04 13:11:18.468 26292 26292 I ProReC : setprogres0
03-04 13:11:18.477 26292 26292 I DeezNuts: MSG: SLIDER 0 IDX: 0
03-04 13:11:18.479 26292 26292 I ProReC : setprogres_iso0
03-04 13:11:18.482 26292 26292 I za.defcomk.prorec.cust2.RotSeek: setprogres_iso0
03-04 13:11:18.498 26292 26292 D CompatibilityChangeReporter: Compat change id reported: 171228096; UID 10308; state: ENABLED
03-04 13:11:18.911 26292 26311 D ActivityThreadLice: received OSMessage 110001
03-04 13:11:18.913 26292 26311 D ActivityThreadLice: send OSMessage 110001 to [-1]
03-04 13:11:18.917 26292 26311 D OSServiceManager: update local os service os.activity from null to android.os.BinderProxy@ad9c383
03-04 13:11:18.925 26292 26292 D ActivityThread: ++ activityComponent:com.google.android.GoogleCameraEngR13F2/com.android.camera.Camera Launcher counts:1 trigger:null
03-04 13:11:18.931 26292 26292 D TransactionExecutor: Token :android.os.BinderProxy@ab2f32b has ActivityClientRecord : com.google.android.GoogleCameraEngR13F2
03-04 13:11:18.941 26292 26292 D TransactionExecutor: Token :android.os.BinderProxy@ab2f32b has ActivityClientRecord : com.google.android.GoogleCameraEngR13F2
03-04 13:11:19.036 26292 26292 I PowerHalWrapper: PowerHalWrapper.getInstance
03-04 13:11:19.049 26292 26292 D ActivityThread: -- comp:com.google.android.GoogleCameraEngR13F2/com.android.camera.CameraLauncher
03-04 13:11:19.150 26292 26292 E CAM_A : Not showing "Fatal error" warning since the app is in the background
03-04 13:11:19.152 26292 26292 E CAM_A : Error at inflateCameraActivityUi: activity is destroyed
03-04 13:11:19.614 26292 26416 D CameraManager2: GotArray:0
03-04 13:11:19.631 26292 26416 D CameraManager2: GotArray:1
03-04 13:11:19.772 26292 26292 D InputMethodManager: get display id = 0
03-04 13:11:19.773 26292 26292 D InputMethodManager: sInstanceMap display id = 0
03-04 13:11:19.946 26292 26359 W CAM_CameraDeviceVerifie: Tag CameraDeviceVerifier is 1 chars longer than limit.
03-04 13:11:19.977 26292 26359 D CameraManager2: GotArray:0
03-04 13:11:19.991 26292 26359 D CameraManager2: GotArray:1
03-04 13:11:20.001 26292 26422 D CameraManager2: GotArray:0
03-04 13:11:20.001 26292 26422 D CameraManager2: GotArray:1
03-04 13:11:20.149 26292 26416 D CameraManager2: GotArray:0
03-04 13:11:20.155 26292 26416 D CameraManager2: GotArray:1
03-04 13:11:20.214 26292 26357 W ProtoDataStoreFlagStore: Unable to retrieve flag snapshot for com.google.android.libraries.performance.primes#com.google.android.GoogleCameraEngR 13F2, using defaults.
03-04 13:11:20.226 26292 26416 D CameraManager2: GotArray:0
03-04 13:11:20.232 26292 26416 D CameraManager2: GotArray:1
03-04 13:11:20.241 26292 26416 E libgcam : [gcam.cc:268]: Create: static_metadata_list can not be empty. --------- beginning of crash
03-04 13:11:20.270 26292 26416 E AndroidRuntime: FATAL EXCEPTION: 00UiWorker
03-04 13:11:20.270 26292 26416 E AndroidRuntime: Process: com.google.android.GoogleCameraEngR13F2, PID: 26292
03-04 13:11:20.270 26292 26416 E AndroidRuntime: java.lang.RuntimeException: java.lang.NullPointerException: Attempt to invoke virtual method 'boolean com.google.googlex.gcam.Gcam.f()' on a null object reference
03-04 13:11:20.270 26292 26416 E AndroidRuntime: at lbg.run(Unknown Source:26)
03-04 13:11:20.270 26292 26416 E AndroidRuntime: at java.util.concurrent.ThreadPoolExecutor.runWorker(ThreadPoolExecutor.java:1145)
03-04 13:11:20.270 26292 26416 E AndroidRuntime: at java.util.concurrent.ThreadPoolExecutor$Worker.run(ThreadPoolExecutor.java:644)
03-04 13:11:20.270 26292 26416 E AndroidRuntime: at java.lang.Thread.run(Thread.java:1012)
03-04 13:11:20.270 26292 26416 E AndroidRuntime: at lab.run(Unknown Source:5)
03-04 13:11:20.270 26292 26416 E AndroidRuntime: Caused by: java.util.concurrent.ExecutionException: java.lang.NullPointerException: Attempt to invoke virtual method 'boolean com.google.googlex.gcam.Gcam.f()' on a null object reference
03-04 13:11:20.270 26292 26416 E AndroidRuntime: at java.util.concurrent.FutureTask.report(FutureTask.java:122)
03-04 13:11:20.270 26292 26416 E AndroidRuntime: at java.util.concurrent.FutureTask.get(FutureTask.java:191)
03-04 13:11:20.270 26292 26416 E AndroidRuntime: at phe.get(Unknown Source:4)
03-04 13:11:20.270 26292 26416 E AndroidRuntime: at lbg.run(Unknown Source:15)
03-04 13:11:20.270 26292 26416 E AndroidRuntime: ... 4 more
03-04 13:11:20.270 26292 26416 E AndroidRuntime: Caused by: java.lang.NullPointerException: Attempt to invoke virtual method 'boolean com.google.googlex.gcam.Gcam.f()' on a null object reference
03-04 13:11:20.270 26292 26416 E AndroidRuntime: at eat.get(Unknown Source:493)
03-04 13:11:20.270 26292 26416 E AndroidRuntime: at pyr.get(Unknown Source:13)
03-04 13:11:20.270 26292 26416 E AndroidRuntime: at enl.a(Unknown Source:3)
03-04 13:11:20.270 26292 26416 E AndroidRuntime: at dsd.get(Unknown Source:30)
03-04 13:11:20.270 26292 26416 E AndroidRuntime: at pyr.get(Unknown Source:13)
03-04 13:11:20.270 26292 26416 E AndroidRuntime: at dvd.get(Unknown Source:175)
03-04 13:11:20.270 26292 26416 E AndroidRuntime: at pyr.get(Unknown Source:13)
03-04 13:11:20.270 26292 26416 E AndroidRuntime: at kbj.get(Unknown Source:73)
03-04 13:11:20.270 26292 26416 E AndroidRuntime: at pyr.get(Unknown Source:13)
03-04 13:11:20.270 26292 26416 E AndroidRuntime: at eus.get(Unknown Source:335)
03-04 13:11:20.270 26292 26416 E AndroidRuntime: at pyr.get(Unknown Source:13)
03-04 13:11:20.270 26292 26416 E AndroidRuntime: at pyq.get(Unknown Source:4)
03-04 13:11:20.270 26292 26416 E AndroidRuntime: at pyr.get(Unknown Source:13)
03-04 13:11:20.270 26292 26416 E AndroidRuntime: at ewe.run(Unknown Source:60)
03-04 13:11:20.270 26292 26416 E AndroidRuntime: at dks.run(Unknown Source:13)
03-04 13:11:20.270 26292 26416 E AndroidRuntime: at bvr.run(Unknown Source:58)
03-04 13:11:20.270 26292 26416 E AndroidRuntime: at java.util.concurrent.Executors$RunnableAdapter.call(Executors.java:487)
03-04 13:11:20.270 26292 26416 E AndroidRuntime: at java.util.concurrent.FutureTask.run(FutureTask.java:264)
03-04 13:11:20.270 26292 26416 E AndroidRuntime: at java.util.concurrent.ScheduledThreadPoolExecutor$ScheduledFutureTask.run(ScheduledT hreadPoolExecutor.java:307)
03-04 13:11:20.270 26292 26416 E AndroidRuntime: at lbh.run(Unknown Source:2)
03-04 13:11:20.270 26292 26416 E AndroidRuntime: at lbg.run(Unknown Source:0)
03-04 13:11:20.270 26292 26416 E AndroidRuntime: ... 4 more
03-04 13:11:20.273 26292 26416 I ExceptionHandle: at lbg.run(Unknown Source:26)
03-04 13:11:20.283 26292 26416 I ExceptionHandle: at java.util.concurrent.ThreadPoolExecutor.runWorker(ThreadPoolExecutor.java:1145)
03-04 13:11:20.284 26292 26416 I ExceptionHandle: at java.util.concurrent.ThreadPoolExecutor$Worker.run(ThreadPoolExecutor.java:644)
03-04 13:11:20.286 26292 26416 I ExceptionHandle: at java.lang.Thread.run(Thread.java:1012)
03-04 13:11:20.286 26292 26416 I ExceptionHandle: at lab.run(Unknown Source:5)
03-04 13:11:20.291 26292 26359 E CAM_A : HalideRuntime.checkGcamHalideRuntime -> Failed
03-04 13:11:20.292 26292 26359 D CameraManager2: GotArray:0
03-04 13:11:20.303 26292 26359 D CameraManager2: GotArray:1
03-04 13:11:20.306 26292 26359 D CameraManager2: GotArray:0
03-04 13:11:20.328 26292 26359 D CameraManager2: GotArray:1
03-04 13:11:20.337 26292 26359 E libgcam : [gcam.cc:268]: Create: static_metadata_list can not be empty.
03-04 13:11:20.381 26292 26359 E pfx : RuntimeException while executing runnable phj{laj@c6239b3} with executor MoreExecutors.directExecutor()
03-04 13:11:20.381 26292 26359 E pfx : java.lang.NullPointerException: Attempt to invoke virtual method 'boolean com.google.googlex.gcam.Gcam.f()' on a null object reference
03-04 13:11:20.381 26292 26359 E pfx : at eat.get(Unknown Source:493)
03-04 13:11:20.381 26292 26359 E pfx : at pyr.get(Unknown Source:13)
03-04 13:11:20.381 26292 26359 E pfx : at enl.a(Unknown Source:3)
03-04 13:11:20.381 26292 26359 E pfx : at dsd.get(Unknown Source:30)
03-04 13:11:20.381 26292 26359 E pfx : at pyr.get(Unknown Source:13)
03-04 13:11:20.381 26292 26359 E pfx : at eba.a(Unknown Source:68)
03-04 13:11:20.381 26292 26359 E pfx : at laj.b(Unknown Source:2)
03-04 13:11:20.381 26292 26359 E pfx : at phj.run(Unknown Source:29)
03-04 13:11:20.381 26292 26359 E pfx : at pgr.execute(Unknown Source:0)
03-04 13:11:20.381 26292 26359 E pfx : at pfx.q(Unknown Source:0)
03-04 13:11:20.381 26292 26359 E pfx : at pfx.d(Unknown Source:40)
03-04 13:11:20.381 26292 26359 E pfx : at plk.af(Unknown Source:8)
03-04 13:11:20.381 26292 26359 E pfx : at mip.ca(Unknown Source:5)
03-04 13:11:20.381 26292 26359 E pfx : at ebb.run(Unknown Source:9)
03-04 13:11:20.381 26292 26359 E pfx : at law.run(Unknown Source:2)
03-04 13:11:20.381 26292 26359 E pfx : at java.util.concurrent.Executors$RunnableAdapter.call(Executors.java:487)
03-04 13:11:20.381 26292 26359 E pfx : at pio.a(Unknown Source:2)
03-04 13:11:20.381 26292 26359 E pfx : at phs.run(Unknown Source:20)
03-04 13:11:20.381 26292 26359 E pfx : at pip.run(Unknown Source:4)
03-04 13:11:20.381 26292 26359 E pfx : at java.util.concurrent.Executors$RunnableAdapter.call(Executors.java:487)
03-04 13:11:20.381 26292 26359 E pfx : at java.util.concurrent.FutureTask.run(FutureTask.java:264)
03-04 13:11:20.381 26292 26359 E pfx : at java.util.concurrent.ScheduledThreadPoolExecutor$ScheduledFutureTask.run(ScheduledT hreadPoolExecutor.java:307)
03-04 13:11:20.381 26292 26359 E pfx : at lbh.run(Unknown Source:2)
03-04 13:11:20.381 26292 26359 E pfx : at lbg.run(Unknown Source:0)
03-04 13:11:20.381 26292 26359 E pfx : at java.util.concurrent.ThreadPoolExecutor.runWorker(ThreadPoolExecutor.java:1145)
03-04 13:11:20.381 26292 26359 E pfx : at java.util.concurrent.ThreadPoolExecutor$Worker.run(ThreadPoolExecutor.java:644)
03-04 13:11:20.381 26292 26359 E pfx : at java.lang.Thread.run(Thread.java:1012)
03-04 13:11:20.381 26292 26359 E pfx : at lab.run(Unknown Source:5)
03-04 13:11:20.405 26292 26292 E CAM_A : HalideRuntime.checkGcamHalideRuntime -> Failed
03-04 13:11:20.410 26292 26292 D CameraManager2: GotArray:0
03-04 13:11:20.415 26292 26292 D CameraManager2: GotArray:1
03-04 13:11:20.473 26292 26292 D CameraManager2: GotArray:0
03-04 13:11:20.486 26292 26292 D CameraManager2: GotArray:1
03-04 13:11:20.516 26292 26292 E libgcam : [gcam.cc:268]: Create: static_metadata_list can not be empty.
03-04 13:11:20.524 26292 26292 W CAM_ActivityUiStartup: CameraActivityController failed!
03-04 13:11:20.524 26292 26292 W CAM_ActivityUiStartup: java.lang.NullPointerException: Attempt to invoke virtual method 'boolean com.google.googlex.gcam.Gcam.f()' on a null object reference
03-04 13:11:20.524 26292 26292 W CAM_ActivityUiStartup: at eat.get(Unknown Source:493)
03-04 13:11:20.524 26292 26292 W CAM_ActivityUiStartup: at pyr.get(Unknown Source:13)
03-04 13:11:20.524 26292 26292 W CAM_ActivityUiStartup: at enl.a(Unknown Source:3)
03-04 13:11:20.524 26292 26292 W CAM_ActivityUiStartup: at dsd.get(Unknown Source:30)
03-04 13:11:20.524 26292 26292 W CAM_ActivityUiStartup: at pyr.get(Unknown Source:13)
03-04 13:11:20.524 26292 26292 W CAM_ActivityUiStartup: at dvd.get(Unknown Source:175)
03-04 13:11:20.524 26292 26292 W CAM_ActivityUiStartup: at pyr.get(Unknown Source:13)
03-04 13:11:20.524 26292 26292 W CAM_ActivityUiStartup: at kbj.get(Unknown Source:73)
03-04 13:11:20.524 26292 26292 W CAM_ActivityUiStartup: at pyr.get(Unknown Source:13)
03-04 13:11:20.524 26292 26292 W CAM_ActivityUiStartup: at eus.get(Unknown Source:335)
03-04 13:11:20.524 26292 26292 W CAM_ActivityUiStartup: at pyr.get(Unknown Source:13)
03-04 13:11:20.524 26292 26292 W CAM_ActivityUiStartup: at pyq.get(Unknown Source:4)
03-04 13:11:20.524 26292 26292 W CAM_ActivityUiStartup: at btj.d(Unknown Source:15)
03-04 13:11:20.524 26292 26292 W CAM_ActivityUiStartup: at btj.a(Unknown Source:0)
03-04 13:11:20.524 26292 26292 W CAM_ActivityUiStartup: at cak.run(Unknown Source:2)
03-04 13:11:20.524 26292 26292 W CAM_ActivityUiStartup: at bwx.run(Unknown Source:82)
03-04 13:11:20.524 26292 26292 W CAM_ActivityUiStartup: at android.os.Handler.handleCallback(Handler.java:938)
03-04 13:11:20.524 26292 26292 W CAM_ActivityUiStartup: at android.os.Handler.dispatchMessage(Handler.java:99)
03-04 13:11:20.524 26292 26292 W CAM_ActivityUiStartup: at android.os.Looper.loopOnce(Looper.java:241)
03-04 13:11:20.524 26292 26292 W CAM_ActivityUiStartup: at android.os.Looper.loop(Looper.java:342)
03-04 13:11:20.524 26292 26292 W CAM_ActivityUiStartup: at android.app.ActivityThread.main(ActivityThread.java:8143)
03-04 13:11:20.524 26292 26292 W CAM_ActivityUiStartup: at java.lang.reflect.Method.invoke(Native Method)
03-04 13:11:20.524 26292 26292 W CAM_ActivityUiStartup: at com.android.internal.os.RuntimeInit$MethodAndArgsCaller.run(RuntimeInit.java:583)
03-04 13:11:20.524 26292 26292 W CAM_ActivityUiStartup: at com.android.internal.os.ZygoteInit.main(ZygoteInit.java:1045)
03-04 13:11:20.550 26292 26504 W CAM_ActivityUiStartup: Interactivity failed!
03-04 13:11:20.550 26292 26504 W CAM_ActivityUiStartup: java.lang.NullPointerException: Attempt to invoke virtual method 'boolean com.google.googlex.gcam.Gcam.f()' on a null object reference
03-04 13:11:20.550 26292 26504 W CAM_ActivityUiStartup: at eat.get(Unknown Source:493)
03-04 13:11:20.550 26292 26504 W CAM_ActivityUiStartup: at pyr.get(Unknown Source:13)
03-04 13:11:20.550 26292 26504 W CAM_ActivityUiStartup: at enl.a(Unknown Source:3)
03-04 13:11:20.550 26292 26504 W CAM_ActivityUiStartup: at dsd.get(Unknown Source:30)
03-04 13:11:20.550 26292 26504 W CAM_ActivityUiStartup: at pyr.get(Unknown Source:13)
03-04 13:11:20.550 26292 26504 W CAM_ActivityUiStartup: at dvd.get(Unknown Source:175)
03-04 13:11:20.550 26292 26504 W CAM_ActivityUiStartup: at pyr.get(Unknown Source:13)
03-04 13:11:20.550 26292 26504 W CAM_ActivityUiStartup: at kbj.get(Unknown Source:73)
03-04 13:11:20.550 26292 26504 W CAM_ActivityUiStartup: at pyr.get(Unknown Source:13)
03-04 13:11:20.550 26292 26504 W CAM_ActivityUiStartup: at eus.get(Unknown Source:335)
03-04 13:11:20.550 26292 26504 W CAM_ActivityUiStartup: at pyr.get(Unknown Source:13)
03-04 13:11:20.550 26292 26504 W CAM_ActivityUiStartup: at pyq.get(Unknown Source:4)
03-04 13:11:20.550 26292 26504 W CAM_ActivityUiStartup: at btj.d(Unknown Source:15)
03-04 13:11:20.550 26292 26504 W CAM_ActivityUiStartup: at btj.a(Unknown Source:0)
03-04 13:11:20.550 26292 26504 W CAM_ActivityUiStartup: at cak.run(Unknown Source:2)
03-04 13:11:20.550 26292 26504 W CAM_ActivityUiStartup: at bwx.run(Unknown Source:82)
03-04 13:11:20.550 26292 26504 W CAM_ActivityUiStartup: at android.os.Handler.handleCallback(Handler.java:938)
03-04 13:11:20.550 26292 26504 W CAM_ActivityUiStartup: at android.os.Handler.dispatchMessage(Handler.java:99)
03-04 13:11:20.550 26292 26504 W CAM_ActivityUiStartup: at android.os.Looper.loopOnce(Looper.java:241)
03-04 13:11:20.550 26292 26504 W CAM_ActivityUiStartup: at android.os.Looper.loop(Looper.java:342)
03-04 13:11:20.550 26292 26504 W CAM_ActivityUiStartup: at android.app.ActivityThread.main(ActivityThread.java:8143)
03-04 13:11:20.550 26292 26504 W CAM_ActivityUiStartup: at java.lang.reflect.Method.invoke(Native Method)
03-04 13:11:20.550 26292 26504 W CAM_ActivityUiStartup: at com.android.internal.os.RuntimeInit$MethodAndArgsCaller.run(RuntimeInit.java:583)
03-04 13:11:20.550 26292 26504 W CAM_ActivityUiStartup: at com.android.internal.os.ZygoteInit.main(ZygoteInit.java:1045)
03-04 13:11:20.632 26292 26292 I eCameraEngR13F: Waiting for a blocking GC ClassLinker
03-04 13:11:20.943 26292 26403 W CAM_A : Failed to throttle the executor!
03-04 13:11:21.062 26292 26364 W ProtoDataStoreFlagStore: Unable to retrieve flag snapshot for com.google.android.libraries.consentverifier#com.google.android.GoogleCameraEngR13F 2, using defaults.
03-04 13:11:21.126 26292 26292 I eCameraEngR13F: WaitForGcToComplete blocked ClassLinker on Background for 493.847ms
03-04 13:11:21.128 26292 26292 I SurfaceFactory: [static] sSurfaceFactory = com.transsion.rt.SurfaceFactoryImpl@7871888
03-04 13:11:21.140 26292 26292 D AppResolutionTuner: loadTunerAppList +
03-04 13:11:21.161 26292 26292 D AppResolutionTuner: dom2xml: App{packageName='com.tencent.ig', scale='1.3', filteredWindows= []', scalingFlow= surfaceview'}
03-04 13:11:21.164 26292 26292 D AppResolutionTuner: dom2xml: App{packageName='com.tencent.tmgp.pubgmhd', scale='1.4', filteredWindows= []', scalingFlow= surfaceview'}
03-04 13:11:21.164 26292 26292 D AppResolutionTuner: dom2xml: App{packageName='com.pubg.krmobile', scale='1.4', filteredWindows= []', scalingFlow= surfaceview'}
03-04 13:11:21.166 26292 26292 D AppResolutionTuner: dom2xml: App{packageName='vn.vng.pubgmobile', scale='1.4', filteredWindows= []', scalingFlow= surfaceview'}
03-04 13:11:21.172 26292 26292 D AppResolutionTuner: dom2xml: App{packageName='com.rekoo.pubgm', scale='1.4', filteredWindows= []', scalingFlow= surfaceview'}
03-04 13:11:21.180 26292 26292 D AppResolutionTuner: dom2xml: App{packageName='com.tencent.tmgp.sgame', scale='1.4', filteredWindows= []', scalingFlow= surfaceview'}
03-04 13:11:21.184 26292 26292 D AppResolutionTuner: dom2xml: App{packageName='com.garena.game.kgtw', scale='1.4', filteredWindows= []', scalingFlow= surfaceview'}
03-04 13:11:21.189 26292 26292 D AppResolutionTuner: dom2xml: App{packageName='com.garena.game.kgth', scale='1.4', filteredWindows= []', scalingFlow= surfaceview'}
03-04 13:11:21.190 26292 26292 D AppResolutionTuner: dom2xml: App{packageName='com.imangi.templerun2', scale='1.4', filteredWindows= []', scalingFlow= surfaceview'}
03-04 13:11:21.190 26292 26292 D AppResolutionTuner: dom2xml: App{packageName='com.tencent.iglite', scale='1.4', filteredWindows= []', scalingFlow= surfaceview'}
03-04 13:11:21.192 26292 26292 D AppResolutionTuner: dom2xml: App{packageName='com.rovio.angrybirdsseasons', scale='1.5', filteredWindows= []', scalingFlow= wms'}
03-04 13:11:21.192 26292 26292 D AppResolutionTuner: loadTunerAppList -
03-04 13:11:21.193 26292 26292 D AppResolutionTuner: loadTunerAppList +
03-04 13:11:21.195 26292 26292 D AppResolutionTuner: dom2xml: App{packageName='com.tencent.ig', scale='1.3', filteredWindows= []', scalingFlow= surfaceview'}
03-04 13:11:21.199 26292 26292 D AppResolutionTuner: dom2xml: App{packageName='com.tencent.tmgp.pubgmhd', scale='1.4', filteredWindows= []', scalingFlow= surfaceview'}
03-04 13:11:21.199 26292 26292 D AppResolutionTuner: dom2xml: App{packageName='com.pubg.krmobile', scale='1.4', filteredWindows= []', scalingFlow= surfaceview'}
03-04 13:11:21.199 26292 26292 D AppResolutionTuner: dom2xml: App{packageName='vn.vng.pubgmobile', scale='1.4', filteredWindows= []', scalingFlow= surfaceview'}
03-04 13:11:21.200 26292 26292 D AppResolutionTuner: dom2xml: App{packageName='com.rekoo.pubgm', scale='1.4', filteredWindows= []', scalingFlow= surfaceview'}
03-04 13:11:21.201 26292 26292 D AppResolutionTuner: dom2xml: App{packageName='com.tencent.tmgp.sgame', scale='1.4', filteredWindows= []', scalingFlow= surfaceview'}
03-04 13:11:21.202 26292 26292 D AppResolutionTuner: dom2xml: App{packageName='com.garena.game.kgtw', scale='1.4', filteredWindows= []', scalingFlow= surfaceview'}
03-04 13:11:21.202 26292 26292 D AppResolutionTuner: dom2xml: App{packageName='com.garena.game.kgth', scale='1.4', filteredWindows= []', scalingFlow= surfaceview'}
03-04 13:11:21.202 26292 26292 D AppResolutionTuner: dom2xml: App{packageName='com.imangi.templerun2', scale='1.4', filteredWindows= []', scalingFlow= surfaceview'}
03-04 13:11:21.203 26292 26292 D AppResolutionTuner: dom2xml: App{packageName='com.tencent.iglite', scale='1.4', filteredWindows= []', scalingFlow= surfaceview'}
03-04 13:11:21.203 26292 26292 D AppResolutionTuner: dom2xml: App{packageName='com.rovio.angrybirdsseasons', scale='1.5', filteredWindows= []', scalingFlow= wms'}
03-04 13:11:21.203 26292 26292 D AppResolutionTuner: loadTunerAppList -
03-04 13:11:21.203 26292 26292 D SurfaceExt: initResolutionTunner, mPackageName:com.google.android.GoogleCameraEngR13F2,mContainPackageName:falsemXSca leValue:1.0,mYScaleValue:1.0
03-04 13:11:21.210 26292 26292 D AndroidRuntime: Shutting down VM
03-04 13:11:21.211 26292 26292 E AndroidRuntime: FATAL EXCEPTION: main
03-04 13:11:21.211 26292 26292 E AndroidRuntime: Process: com.google.android.GoogleCameraEngR13F2, PID: 26292
03-04 13:11:21.211 26292 26292 E AndroidRuntime: java.lang.RuntimeException: java.lang.NullPointerException: Attempt to invoke virtual method 'boolean com.google.googlex.gcam.Gcam.f()' on a null object reference
03-04 13:11:21.211 26292 26292 E AndroidRuntime: at kqn.run(Unknown Source:9)
03-04 13:11:21.211 26292 26292 E AndroidRuntime: at bwx.run(Unknown Source:82)
03-04 13:11:21.211 26292 26292 E AndroidRuntime: at android.os.Handler.handleCallback(Handler.java:938)
03-04 13:11:21.211 26292 26292 E AndroidRuntime: at android.os.Handler.dispatchMessage(Handler.java:99)
03-04 13:11:21.211 26292 26292 E AndroidRuntime: at android.os.Looper.loopOnce(Looper.java:241)
03-04 13:11:21.211 26292 26292 E AndroidRuntime: at android.os.Looper.loop(Looper.java:342)
03-04 13:11:21.211 26292 26292 E AndroidRuntime: at android.app.ActivityThread.main(ActivityThread.java:8143)
03-04 13:11:21.211 26292 26292 E AndroidRuntime: at java.lang.reflect.Method.invoke(Native Method)
03-04 13:11:21.211 26292 26292 E AndroidRuntime: at com.android.internal.os.RuntimeInit$MethodAndArgsCaller.run(RuntimeInit.java:583)
03-04 13:11:21.211 26292 26292 E AndroidRuntime: at com.android.internal.os.ZygoteInit.main(ZygoteInit.java:1045)
03-04 13:11:21.211 26292 26292 E AndroidRuntime: Caused by: java.lang.NullPointerException: Attempt to invoke virtual method 'boolean com.google.googlex.gcam.Gcam.f()' on a null object reference
03-04 13:11:21.211 26292 26292 E AndroidRuntime: at eat.get(Unknown Source:493)
03-04 13:11:21.211 26292 26292 E AndroidRuntime: at pyr.get(Unknown Source:13)
03-04 13:11:21.211 26292 26292 E AndroidRuntime: at enl.a(Unknown Source:3)
03-04 13:11:21.211 26292 26292 E AndroidRuntime: at dsd.get(Unknown Source:30)
03-04 13:11:21.211 26292 26292 E AndroidRuntime: at pyr.get(Unknown Source:13)
03-04 13:11:21.211 26292 26292 E AndroidRuntime: at dvd.get(Unknown Source:175)
03-04 13:11:21.211 26292 26292 E AndroidRuntime: at pyr.get(Unknown Source:13)
03-04 13:11:21.211 26292 26292 E AndroidRuntime: at kbj.get(Unknown Source:73)
03-04 13:11:21.211 26292 26292 E AndroidRuntime: at pyr.get(Unknown Source:13)
03-04 13:11:21.211 26292 26292 E AndroidRuntime: at eus.get(Unknown Source:335)
03-04 13:11:21.211 26292 26292 E AndroidRuntime: at pyr.get(Unknown Source:13)
03-04 13:11:21.211 26292 26292 E AndroidRuntime: at pyq.get(Unknown Source:4)
03-04 13:11:21.211 26292 26292 E AndroidRuntime: at btj.d(Unknown Source:15)
03-04 13:11:21.211 26292 26292 E AndroidRuntime: at btj.a(Unknown Source:0)
03-04 13:11:21.211 26292 26292 E AndroidRuntime: at cak.run(Unknown Source:2)
03-04 13:11:21.211 26292 26292 E AndroidRuntime: ... 9 more
03-04 13:11:21.211 26292 26292 I ExceptionHandle: at kqn.run(Unknown Source:9)
03-04 13:11:21.211 26292 26292 I ExceptionHandle: at bwx.run(Unknown Source:82)
03-04 13:11:21.211 26292 26292 I ExceptionHandle: at android.os.Handler.handleCallback(Handler.java:938)
03-04 13:11:21.211 26292 26292 I ExceptionHandle: at android.os.Handler.dispatchMessage(Handler.java:99)
03-04 13:11:21.211 26292 26292 I ExceptionHandle: at android.os.Looper.loopOnce(Looper.java:241)
03-04 13:11:21.211 26292 26292 I ExceptionHandle: at android.os.Looper.loop(Looper.java:342)
03-04 13:11:21.211 26292 26292 I ExceptionHandle: at android.app.ActivityThread.main(ActivityThread.java:8143)
03-04 13:11:21.211 26292 26292 I ExceptionHandle: at java.lang.reflect.Method.invoke(Native Method)
03-04 13:11:21.211 26292 26292 I ExceptionHandle: at com.android.internal.os.RuntimeInit$MethodAndArgsCaller.run(RuntimeInit.java:583)
03-04 13:11:21.211 26292 26292 I ExceptionHandle: at com.android.internal.os.ZygoteInit.main(ZygoteInit.java:1045)
03-04 13:11:24.527 26292 26305 W eCameraEngR13F: Suspending all threads took: 30.395ms
03-04 13:11:25.399 26292 26357 E CAM_A : getOptInOptions failed
03-04 13:11:25.399 26292 26357 E CAM_A : pil: Timed out: pih@b5619f5[status=PENDING]
03-04 13:11:27.086 26292 26502 W ProtoDataStoreFlagStore: Unable to update local snapshot for com.google.android.libraries.performance.primes#com.google.android.GoogleCameraEngR 13F2, may result in stale flags.
03-04 13:11:27.086 26292 26502 W ProtoDataStoreFlagStore: java.util.concurrent.ExecutionException: java.lang.SecurityException: GoogleCertificatesRslt: not allowed: pkg=com.google.android.GoogleCameraEngR13F2, sha256=[a40da80a59d170caa950cf15c18c454d47a39b26989d8b640ecd745ba71bf5dc], atk=false, ver=240713038.true (go/gsrlt)
03-04 13:11:27.086 26292 26502 W ProtoDataStoreFlagStore: at pfx.s(Unknown Source:20)
03-04 13:11:27.086 26292 26502 W ProtoDataStoreFlagStore: at pfx.get(Unknown Source:21)
03-04 13:11:27.086 26292 26502 W ProtoDataStoreFlagStore: at plk.I(Unknown Source:1)
03-04 13:11:27.086 26292 26502 W ProtoDataStoreFlagStore: at plk.ad(Unknown Source:9)
03-04 13:11:27.086 26292 26502 W ProtoDataStoreFlagStore: at nfm.d(Unknown Source:0)
03-04 13:11:27.086 26292 26502 W ProtoDataStoreFlagStore: at ngq.run(Unknown Source:9)
03-04 13:11:27.086 26292 26502 W ProtoDataStoreFlagStore: at java.util.concurrent.Executors$RunnableAdapter.call(Executors.java:487)
03-04 13:11:27.086 26292 26502 W ProtoDataStoreFlagStore: at java.util.concurrent.FutureTask.run(FutureTask.java:264)
03-04 13:11:27.086 26292 26502 W ProtoDataStoreFlagStore: at java.util.concurrent.ScheduledThreadPoolExecutor$ScheduledFutureTask.run(ScheduledT hreadPoolExecutor.java:307)
03-04 13:11:27.086 26292 26502 W ProtoDataStoreFlagStore: at java.util.concurrent.ThreadPoolExecutor.runWorker(ThreadPoolExecutor.java:1145)
03-04 13:11:27.086 26292 26502 W ProtoDataStoreFlagStore: at java.util.concurrent.ThreadPoolExecutor$Worker.run(ThreadPoolExecutor.java:644)
03-04 13:11:27.086 26292 26502 W ProtoDataStoreFlagStore: at java.lang.Thread.run(Thread.java:1012)
03-04 13:11:27.086 26292 26502 W ProtoDataStoreFlagStore: Caused by: java.lang.SecurityException: GoogleCertificatesRslt: not allowed: pkg=com.google.android.GoogleCameraEngR13F2, sha256=[a40da80a59d170caa950cf15c18c454d47a39b26989d8b640ecd745ba71bf5dc], atk=false, ver=240713038.true (go/gsrlt)
03-04 13:11:27.086 26292 26502 W ProtoDataStoreFlagStore: at android.os.Parcel.createExceptionOrNull(Parcel.java:2456)
03-04 13:11:27.086 26292 26502 W ProtoDataStoreFlagStore: at android.os.Parcel.createException(Parcel.java:2440)
03-04 13:11:27.086 26292 26502 W ProtoDataStoreFlagStore: at android.os.Parcel.readException(Parcel.java:2423)
03-04 13:11:27.086 26292 26502 W ProtoDataStoreFlagStore: at android.os.Parcel.readException(Parcel.java:2365)
03-04 13:11:27.086 26292 26502 W ProtoDataStoreFlagStore: at bmn.z(Unknown Source:10)
03-04 13:11:27.086 26292 26502 W ProtoDataStoreFlagStore: at ktz.a(Unknown Source:38)
03-04 13:11:27.086 26292 26502 W ProtoDataStoreFlagStore: at kjd.f(Unknown Source:10)
03-04 13:11:27.086 26292 26502 W ProtoDataStoreFlagStore: at kkc.t(Unknown Source:9)
03-04 13:11:27.086 26292 26502 W ProtoDataStoreFlagStore: at kkc.u(Unknown Source:22)
03-04 13:11:27.086 26292 26502 W ProtoDataStoreFlagStore: at kkc.e(Unknown Source:15)
03-04 13:11:27.086 26292 26502 W ProtoDataStoreFlagStore: at kkg.handleMessage(Unknown Source:920)
03-04 13:11:27.086 26292 26502 W ProtoDataStoreFlagStore: at android.os.Handler.dispatchMessage(Handler.java:102)
03-04 13:11:27.086 26292 26502 W ProtoDataStoreFlagStore: at ksg.b(Unknown Source:0)
03-04 13:11:27.086 26292 26502 W ProtoDataStoreFlagStore: at ksg.dispatchMessage(Unknown Source:0)
03-04 13:11:27.086 26292 26502 W ProtoDataStoreFlagStore: at android.os.Looper.loopOnce(Looper.java:241)
03-04 13:11:27.086 26292 26502 W ProtoDataStoreFlagStore: at android.os.Looper.loop(Looper.java:342)
03-04 13:11:27.086 26292 26502 W ProtoDataStoreFlagStore: at android.os.HandlerThread.run(HandlerThread.java:67)
03-04 13:11:27.335 26292 26502 W ProtoDataStoreFlagStore: Unable to update local snapshot for com.google.android.libraries.consentverifier#com.google.android.GoogleCameraEngR13F 2, may result in stale flags.
03-04 13:11:27.335 26292 26502 W ProtoDataStoreFlagStore: java.util.concurrent.ExecutionException: java.lang.SecurityException: GoogleCertificatesRslt: not allowed: pkg=com.google.android.GoogleCameraEngR13F2, sha256=[a40da80a59d170caa950cf15c18c454d47a39b26989d8b640ecd745ba71bf5dc], atk=false, ver=240713038.true (go/gsrlt)
03-04 13:11:27.335 26292 26502 W ProtoDataStoreFlagStore: at pfx.s(Unknown Source:20)
03-04 13:11:27.335 26292 26502 W ProtoDataStoreFlagStore: at pfx.get(Unknown Source:21)
03-04 13:11:27.335 26292 26502 W ProtoDataStoreFlagStore: at plk.I(Unknown Source:1)
03-04 13:11:27.335 26292 26502 W ProtoDataStoreFlagStore: at plk.ad(Unknown Source:9)
03-04 13:11:27.335 26292 26502 W ProtoDataStoreFlagStore: at nfm.d(Unknown Source:0)
03-04 13:11:27.335 26292 26502 W ProtoDataStoreFlagStore: at ngq.run(Unknown Source:9)
03-04 13:11:27.335 26292 26502 W ProtoDataStoreFlagStore: at java.util.concurrent.Executors$RunnableAdapter.call(Executors.java:487)
03-04 13:11:27.335 26292 26502 W ProtoDataStoreFlagStore: at java.util.concurrent.FutureTask.run(FutureTask.java:264)
03-04 13:11:27.335 26292 26502 W ProtoDataStoreFlagStore: at java.util.concurrent.ScheduledThreadPoolExecutor$ScheduledFutureTask.run(ScheduledT hreadPoolExecutor.java:307)
03-04 13:11:27.335 26292 26502 W ProtoDataStoreFlagStore: at java.util.concurrent.ThreadPoolExecutor.runWorker(ThreadPoolExecutor.java:1145)
03-04 13:11:27.335 26292 26502 W ProtoDataStoreFlagStore: at java.util.concurrent.ThreadPoolExecutor$Worker.run(ThreadPoolExecutor.java:644)
03-04 13:11:27.335 26292 26502 W ProtoDataStoreFlagStore: at java.lang.Thread.run(Thread.java:1012)
03-04 13:11:27.335 26292 26502 W ProtoDataStoreFlagStore: Caused by: java.lang.SecurityException: GoogleCertificatesRslt: not allowed: pkg=com.google.android.GoogleCameraEngR13F2, sha256=[a40da80a59d170caa950cf15c18c454d47a39b26989d8b640ecd745ba71bf5dc], atk=false, ver=240713038.true (go/gsrlt)
03-04 13:11:27.335 26292 26502 W ProtoDataStoreFlagStore: at android.os.Parcel.createExceptionOrNull(Parcel.java:2456)
03-04 13:11:27.335 26292 26502 W ProtoDataStoreFlagStore: at android.os.Parcel.createException(Parcel.java:2440)
03-04 13:11:27.335 26292 26502 W ProtoDataStoreFlagStore: at android.os.Parcel.readException(Parcel.java:2423)
03-04 13:11:27.335 26292 26502 W ProtoDataStoreFlagStore: at android.os.Parcel.readException(Parcel.java:2365)
03-04 13:11:27.335 26292 26502 W ProtoDataStoreFlagStore: at bmn.z(Unknown Source:10)
03-04 13:11:27.335 26292 26502 W ProtoDataStoreFlagStore: at ktz.a(Unknown Source:38)
03-04 13:11:27.335 26292 26502 W ProtoDataStoreFlagStore: at kjd.f(Unknown Source:10)
03-04 13:11:27.335 26292 26502 W ProtoDataStoreFlagStore: at kkc.t(Unknown Source:9)
03-04 13:11:27.335 26292 26502 W ProtoDataStoreFlagStore: at kkc.u(Unknown Source:22)
03-04 13:11:27.335 26292 26502 W ProtoDataStoreFlagStore: at kkc.e(Unknown Source:15)
03-04 13:11:27.335 26292 26502 W ProtoDataStoreFlagStore: at kkg.handleMessage(Unknown Source:920)
03-04 13:11:27.335 26292 26502 W ProtoDataStoreFlagStore: at android.os.Handler.dispatchMessage(Handler.java:102)
03-04 13:11:27.335 26292 26502 W ProtoDataStoreFlagStore: at ksg.b(Unknown Source:0)
03-04 13:11:27.335 26292 26502 W ProtoDataStoreFlagStore: at ksg.dispatchMessage(Unknown Source:0)
03-04 13:11:27.335 26292 26502 W ProtoDataStoreFlagStore: at android.os.Looper.loopOnce(Looper.java:241)
03-04 13:11:27.335 26292 26502 W ProtoDataStoreFlagStore: at android.os.Looper.loop(Looper.java:342)
03-04 13:11:27.335 26292 26502 W ProtoDataStoreFlagStore: at android.os.HandlerThread.run(HandlerThread.java:67)
03-04 13:11:29.802 26292 26416 E CAM_A : Uncaught exception in background thread
03-04 13:11:29.802 26292 26416 E CAM_A : java.lang.RuntimeException: java.lang.NullPointerException: Attempt to invoke virtual method 'boolean com.google.googlex.gcam.Gcam.f()' on a null object reference
03-04 13:11:29.802 26292 26416 E CAM_A : at lbg.run(Unknown Source:26)
03-04 13:11:29.802 26292 26416 E CAM_A : at java.util.concurrent.ThreadPoolExecutor.runWorker(ThreadPoolExecutor.java:1145)
03-04 13:11:29.802 26292 26416 E CAM_A : at java.util.concurrent.ThreadPoolExecutor$Worker.run(ThreadPoolExecutor.java:644)
03-04 13:11:29.802 26292 26416 E CAM_A : at java.lang.Thread.run(Thread.java:1012)
03-04 13:11:29.802 26292 26416 E CAM_A : at lab.run(Unknown Source:5)
03-04 13:11:29.802 26292 26416 E CAM_A : Caused by: java.util.concurrent.ExecutionException: java.lang.NullPointerException: Attempt to invoke virtual method 'boolean com.google.googlex.gcam.Gcam.f()' on a null object reference
03-04 13:11:29.802 26292 26416 E CAM_A : at java.util.concurrent.FutureTask.report(FutureTask.java:122)
03-04 13:11:29.802 26292 26416 E CAM_A : at java.util.concurrent.FutureTask.get(FutureTask.java:191)
03-04 13:11:29.802 26292 26416 E CAM_A : at phe.get(Unknown Source:4)
03-04 13:11:29.802 26292 26416 E CAM_A : at lbg.run(Unknown Source:15)
03-04 13:11:29.802 26292 26416 E CAM_A : ... 4 more
03-04 13:11:29.802 26292 26416 E CAM_A : Caused by: java.lang.NullPointerException: Attempt to invoke virtual method 'boolean com.google.googlex.gcam.Gcam.f()' on a null object reference
03-04 13:11:29.802 26292 26416 E CAM_A : at eat.get(Unknown Source:493)
03-04 13:11:29.802 26292 26416 E CAM_A : at pyr.get(Unknown Source:13)
03-04 13:11:29.802 26292 26416 E CAM_A : at enl.a(Unknown Source:3)
03-04 13:11:29.802 26292 26416 E CAM_A : at dsd.get(Unknown Source:30)
03-04 13:11:29.802 26292 26416 E CAM_A : at pyr.get(Unknown Source:13)
03-04 13:11:29.802 26292 26416 E CAM_A : at dvd.get(Unknown Source:175)
03-04 13:11:29.802 26292 26416 E CAM_A : at pyr.get(Unknown Source:13)
03-04 13:11:29.802 26292 26416 E CAM_A : at kbj.get(Unknown Source:73)
03-04 13:11:29.802 26292 26416 E CAM_A : at pyr.get(Unknown Source:13)
03-04 13:11:29.802 26292 26416 E CAM_A : at eus.get(Unknown Source:335)
03-04 13:11:29.802 26292 26416 E CAM_A : at pyr.get(Unknown Source:13)
03-04 13:11:29.802 26292 26416 E CAM_A : at pyq.get(Unknown Source:4)
03-04 13:11:29.802 26292 26416 E CAM_A : at pyr.get(Unknown Source:13)
03-04 13:11:29.802 26292 26416 E CAM_A : at ewe.run(Unknown Source:60)
03-04 13:11:29.802 26292 26416 E CAM_A : at dks.run(Unknown Source:13)
03-04 13:11:29.802 26292 26416 E CAM_A : at bvr.run(Unknown Source:58)
03-04 13:11:29.802 26292 26416 E CAM_A : at java.util.concurrent.Executors$RunnableAdapter.call(Executors.java:487)
03-04 13:11:29.802 26292 26416 E CAM_A : at java.util.concurrent.FutureTask.run(FutureTask.java:264)
03-04 13:11:29.802 26292 26416 E CAM_A : at java.util.concurrent.ScheduledThreadPoolExecutor$ScheduledFutureTask.run(ScheduledT hreadPoolExecutor.java:307)
03-04 13:11:29.802 26292 26416 E CAM_A : at lbh.run(Unknown Source:2)
03-04 13:11:29.802 26292 26416 E CAM_A : at lbg.run(Unknown Source:0)
03-04 13:11:29.802 26292 26416 E CAM_A : ... 4 more
03-04 13:11:29.804 26292 26416 E CAM_A : Uncaught exception in background thread Thread[00UiWorker,5,main]
03-04 13:11:29.804 26292 26416 E CAM_A : java.lang.RuntimeException: java.lang.NullPointerException: Attempt to invoke virtual method 'boolean com.google.googlex.gcam.Gcam.f()' on a null object reference
03-04 13:11:29.804 26292 26416 E CAM_A : at lbg.run(Unknown Source:26)
03-04 13:11:29.804 26292 26416 E CAM_A : at java.util.concurrent.ThreadPoolExecutor.runWorker(ThreadPoolExecutor.java:1145)
03-04 13:11:29.804 26292 26416 E CAM_A : at java.util.concurrent.ThreadPoolExecutor$Worker.run(ThreadPoolExecutor.java:644)
03-04 13:11:29.804 26292 26416 E CAM_A : at java.lang.Thread.run(Thread.java:1012)
03-04 13:11:29.804 26292 26416 E CAM_A : at lab.run(Unknown Source:5)
03-04 13:11:29.804 26292 26416 E CAM_A : Caused by: java.util.concurrent.ExecutionException: java.lang.NullPointerException: Attempt to invoke virtual method 'boolean com.google.googlex.gcam.Gcam.f()' on a null object reference
03-04 13:11:29.804 26292 26416 E CAM_A : at java.util.concurrent.FutureTask.report(FutureTask.java:122)
03-04 13:11:29.804 26292 26416 E CAM_A : at java.util.concurrent.FutureTask.get(FutureTask.java:191)
