Download as TXT, PDF, TXT or read online on Scribd
You are on page 1/ 122
--------- beginning of main
01-24 20:56:46.393 23416 23416 E com.mbwhatsapp: Not starting debugger since
process cannot load the jdwp agent.
01-24 20:56:46.713 23416 23416 W System.err: java.lang.ClassNotFoundException: mbmodsd.mbmodsw.ui.views.btn.BtnBK
01-24 20:56:46.713 23416 23416 W System.err: at java.lang.Runtime.nativeLoad(Native Method)
01-24 20:56:46.713 23416 23416 W System.err: at java.lang.Runtime.nativeLoad(Runtime.java:1115)
01-24 20:56:46.713 23416 23416 W System.err: at java.lang.Runtime.loadLibrary0(Runtime.java:1069)
01-24 20:56:46.713 23416 23416 W System.err: at java.lang.Runtime.loadLibrary0(Runtime.java:1007)
01-24 20:56:46.713 23416 23416 W System.err: at java.lang.System.loadLibrary(System.java:1667)
01-24 20:56:46.713 23416 23416 W System.err: at arm.EpicVm.<clinit>(Unknown Source:2)
01-24 20:56:46.713 23416 23416 W System.err: at java.lang.Class.newInstance(Native Method)
01-24 20:56:46.713 23416 23416 W System.err: at android.app.AppComponentFactory.instantiateApplication(AppComponentFactory.java:76)
01-24 20:56:46.714 23416 23416 W System.err: at androidx.core.app.CoreComponentFactory.instantiateApplication(Unknown Source:0)
01-24 20:56:46.714 23416 23416 W System.err: at android.app.Instrumentation.newApplication(Instrumentation.java:1156)
01-24 20:56:46.714 23416 23416 W System.err: at android.app.LoadedApk.makeApplication(LoadedApk.java:1290)
01-24 20:56:46.714 23416 23416 W System.err: at android.app.ActivityThread.handleBindApplication(ActivityThread.java:6823)
01-24 20:56:46.714 23416 23416 W System.err: at android.app.ActivityThread.access$1300(ActivityThread.java:268)
01-24 20:56:46.714 23416 23416 W System.err: at android.app.ActivityThread$H.handleMessage(ActivityThread.java:1982)
01-24 20:56:46.714 23416 23416 W System.err: at android.os.Handler.dispatchMessage(Handler.java:107)
01-24 20:56:46.714 23416 23416 W System.err: at android.os.Looper.loop(Looper.java:237)
01-24 20:56:46.714 23416 23416 W System.err: at android.app.ActivityThread.main(ActivityThread.java:7807)
01-24 20:56:46.714 23416 23416 W System.err: at java.lang.reflect.Method.invoke(Native Method)
01-24 20:56:46.714 23416 23416 W System.err: at com.android.internal.os.RuntimeInit$MethodAndArgsCaller.run(RuntimeInit.java:493)
01-24 20:56:46.714 23416 23416 W System.err: at com.android.internal.os.ZygoteInit.main(ZygoteInit.java:1047)
01-24 20:56:46.811 23416 23416 E CustomActivityOnCrash: IMPORTANT WARNING! You already have an UncaughtExceptionHandler, are you sure this is correct? If you use a custom UncaughtExceptionHandler, you must initialize it AFTER CustomActivityOnCrash! Installing anyway, but your original handler will not be called.
01-24 20:56:47.200 23483 23483 E com.mbwhatsapp: Not starting debugger since process cannot load the jdwp agent.
01-24 20:56:47.278 23483 23483 W System.err: java.lang.ClassNotFoundException: mbmodsd.mbmodsw.ui.views.btn.BtnBK
01-24 20:56:47.278 23483 23483 W System.err: at java.lang.Runtime.nativeLoad(Native Method)
01-24 20:56:47.279 23483 23483 W System.err: at java.lang.Runtime.nativeLoad(Runtime.java:1115)
01-24 20:56:47.279 23483 23483 W System.err: at java.lang.Runtime.loadLibrary0(Runtime.java:1069)
01-24 20:56:47.279 23483 23483 W System.err: at java.lang.Runtime.loadLibrary0(Runtime.java:1007)
01-24 20:56:47.279 23483 23483 W System.err: at java.lang.System.loadLibrary(System.java:1667)
01-24 20:56:47.279 23483 23483 W System.err: at arm.EpicVm.<clinit>(Unknown Source:2)
01-24 20:56:47.279 23483 23483 W System.err: at java.lang.Class.newInstance(Native Method)
01-24 20:56:47.279 23483 23483 W System.err: at android.app.AppComponentFactory.instantiateApplication(AppComponentFactory.java:76)
01-24 20:56:47.279 23483 23483 W System.err: at androidx.core.app.CoreComponentFactory.instantiateApplication(Unknown Source:0)
01-24 20:56:47.279 23483 23483 W System.err: at android.app.Instrumentation.newApplication(Instrumentation.java:1156)
01-24 20:56:47.279 23483 23483 W System.err: at android.app.LoadedApk.makeApplication(LoadedApk.java:1290)
01-24 20:56:47.279 23483 23483 W System.err: at android.app.ActivityThread.handleBindApplication(ActivityThread.java:6823)
01-24 20:56:47.279 23483 23483 W System.err: at android.app.ActivityThread.access$1300(ActivityThread.java:268)
01-24 20:56:47.279 23483 23483 W System.err: at android.app.ActivityThread$H.handleMessage(ActivityThread.java:1982)
01-24 20:56:47.279 23483 23483 W System.err: at android.os.Handler.dispatchMessage(Handler.java:107)
01-24 20:56:47.279 23483 23483 W System.err: at android.os.Looper.loop(Looper.java:237)
01-24 20:56:47.279 23483 23483 W System.err: at android.app.ActivityThread.main(ActivityThread.java:7807)
01-24 20:56:47.279 23483 23483 W System.err: at java.lang.reflect.Method.invoke(Native Method)
01-24 20:56:47.279 23483 23483 W System.err: at com.android.internal.os.RuntimeInit$MethodAndArgsCaller.run(RuntimeInit.java:493)
01-24 20:56:47.279 23483 23483 W System.err: at com.android.internal.os.ZygoteInit.main(ZygoteInit.java:1047)
01-24 20:56:47.330 23483 23483 E CustomActivityOnCrash: IMPORTANT WARNING! You already have an UncaughtExceptionHandler, are you sure this is correct? If you use a custom UncaughtExceptionHandler, you must initialize it AFTER CustomActivityOnCrash! Installing anyway, but your original handler will not be called.
01-24 20:56:47.475 23483 23483 E ArmVmp : Match on catch block at 0x33 in for 0x179
01-24 20:56:47.475 23483 23483 W System.err: java.io.IOException: No such file or directory
01-24 20:56:47.475 23483 23483 W System.err:
01-24 20:56:47.476 23483 23483 W System.err: at java.io.UnixFileSystem.createFileExclusively0(Native Method)
01-24 20:56:47.476 23483 23483 W System.err:
01-24 20:56:47.476 23483 23483 W System.err: at java.io.UnixFileSystem.createFileExclusively(UnixFileSystem.java:317)
01-24 20:56:47.476 23483 23483 W System.err:
01-24 20:56:47.476 23483 23483 W System.err: at java.io.File.createNewFile(File.java:1008)
01-24 20:56:47.476 23483 23483 W System.err:
01-24 20:56:47.476 23483 23483 W System.err: at mbmodsd.mbmodsw.logcat.LogCapturer.startCapturing(Native Method)
01-24 20:56:47.476 23483 23483 W System.err:
01-24 20:56:47.476 23483 23483 W System.err: at mbmodsd.mbmodsw.logcat.LogCapturer.mbcapturelog(Native Method)
01-24 20:56:47.476 23483 23483 W System.err:
01-24 20:56:47.476 23483 23483 W System.err: at com.mbwhatsapp.yo.mbyo.yo(Native Method)
01-24 20:56:47.476 23483 23483 W System.err:
01-24 20:56:47.477 23483 23483 W System.err: at X.0yS.onCreate(Unknown Source:3)
01-24 20:56:47.477 23483 23483 W System.err:
01-24 20:56:47.477 23483 23483 W System.err: at X.1FT.onCreate(Unknown Source:3)
01-24 20:56:47.477 23483 23483 W System.err:
01-24 20:56:47.477 23483 23483 W System.err: at android.app.Instrumentation.callApplicationOnCreate(Instrumentation.java:1190)
01-24 20:56:47.477 23483 23483 W System.err:
01-24 20:56:47.477 23483 23483 W System.err: at android.app.ActivityThread.handleBindApplication(ActivityThread.java:6852)
01-24 20:56:47.477 23483 23483 W System.err:
01-24 20:56:47.477 23483 23483 W System.err: at android.app.ActivityThread.access$1300(ActivityThread.java:268)
01-24 20:56:47.477 23483 23483 W System.err:
01-24 20:56:47.478 23483 23483 W System.err: at android.app.ActivityThread$H.handleMessage(ActivityThread.java:1982)
01-24 20:56:47.478 23483 23483 W System.err:
01-24 20:56:47.478 23483 23483 W System.err: at android.os.Handler.dispatchMessage(Handler.java:107)
01-24 20:56:47.478 23483 23483 W System.err:
01-24 20:56:47.478 23483 23483 W System.err: at android.os.Looper.loop(Looper.java:237)
01-24 20:56:47.478 23483 23483 W System.err:
01-24 20:56:47.478 23483 23483 W System.err: at android.app.ActivityThread.main(ActivityThread.java:7807)
01-24 20:56:47.478 23483 23483 W System.err:
01-24 20:56:47.478 23483 23483 W System.err: at java.lang.reflect.Method.invoke(Native Method)
01-24 20:56:47.478 23483 23483 W System.err:
01-24 20:56:47.478 23483 23483 W System.err: at com.android.internal.os.RuntimeInit$MethodAndArgsCaller.run(RuntimeInit.java:493)
01-24 20:56:47.478 23483 23483 W System.err:
01-24 20:56:47.479 23483 23483 W System.err: at com.android.internal.os.ZygoteInit.main(ZygoteInit.java:1047)
01-24 20:56:47.479 23483 23483 W System.err:
01-24 20:56:48.105 23483 23505 W LibraryVersion: Failed to get app version for libraryName: firebase-iid
01-24 20:56:48.533 23483 23483 W linker : Warning: "/data/data/com.mbwhatsapp/files/decompressed/libs.spk.zst/libc++_shared.so" unused DT entry: unknown processor-specific (type 0x70000001 arg 0x0) (ignoring)
01-24 20:56:48.775 23483 23560 W com.mbwhatsapp: Class X.2rL failed lock verification and will run slower.
01-24 20:56:48.775 23483 23560 W com.mbwhatsapp: Common causes for lock verification issues are non-optimized dex code
01-24 20:56:48.775 23483 23560 W com.mbwhatsapp: and incorrect proguard optimizations.
01-24 20:56:48.797 23483 23483 W com.mbwhatsapp: Class X.0eU failed lock verification and will run slower.
01-24 20:56:49.061 23483 23483 W ActivityThread: handleWindowVisibility: no activity for token android.os.BinderProxy@c0e1e76
01-24 20:56:49.280 23483 23483 W Activity: Can request only one set of permissions at a time
01-24 20:56:49.815 23483 23578 W Gralloc3: mapper 3.x is not supported
01-24 20:56:50.601 23483 23483 E com.mbwhatsapp: Invalid ID 0x00000000.
01-24 20:56:50.604 23483 23483 E com.mbwhatsapp: Invalid ID 0x00000000.
01-24 20:56:52.991 23483 23578 W libEGL : EGLNativeWindowType 0x777da24350 disconnect failed
01-24 20:56:54.627 23483 24018 E ShortcutInfoCompatSaver: Failed to load saved values from file /data/user/0/com.mbwhatsapp/files/ShortcutInfoCompatSaver_share_targets/ targets.xml. Old state removed, new added
01-24 20:56:54.627 23483 24018 E ShortcutInfoCompatSaver: java.io.FileNotFoundException: /data/user/0/com.mbwhatsapp/files/ShortcutInfoCompatSaver_share_targets/ targets.xml: open failed: ENOENT (No such file or directory)
01-24 20:56:54.627 23483 24018 E ShortcutInfoCompatSaver: at libcore.io.IoBridge.open(IoBridge.java:496)
01-24 20:56:54.627 23483 24018 E ShortcutInfoCompatSaver: at java.io.FileInputStream.<init>(FileInputStream.java:159)
01-24 20:56:54.627 23483 24018 E ShortcutInfoCompatSaver: at X.0nz.run(Unknown Source:82)
01-24 20:56:54.627 23483 24018 E ShortcutInfoCompatSaver: at java.util.concurrent.Executors$RunnableAdapter.call(Executors.java:462)
01-24 20:56:54.627 23483 24018 E ShortcutInfoCompatSaver: at java.util.concurrent.FutureTask.run(FutureTask.java:266)
01-24 20:56:54.627 23483 24018 E ShortcutInfoCompatSaver: at java.util.concurrent.ThreadPoolExecutor.runWorker(ThreadPoolExecutor.java:1167)
01-24 20:56:54.627 23483 24018 E ShortcutInfoCompatSaver: at java.util.concurrent.ThreadPoolExecutor$Worker.run(ThreadPoolExecutor.java:641)
01-24 20:56:54.627 23483 24018 E ShortcutInfoCompatSaver: at java.lang.Thread.run(Thread.java:919)
01-24 20:56:54.627 23483 24018 E ShortcutInfoCompatSaver: Caused by: android.system.ErrnoException: open failed: ENOENT (No such file or directory)
01-24 20:56:54.627 23483 24018 E ShortcutInfoCompatSaver: at libcore.io.Linux.open(Native Method)
01-24 20:56:54.627 23483 24018 E ShortcutInfoCompatSaver: at libcore.io.ForwardingOs.open(ForwardingOs.java:167)
01-24 20:56:54.627 23483 24018 E ShortcutInfoCompatSaver: at libcore.io.BlockGuardOs.open(BlockGuardOs.java:252)
01-24 20:56:54.627 23483 24018 E ShortcutInfoCompatSaver: at libcore.io.ForwardingOs.open(ForwardingOs.java:167)
01-24 20:56:54.627 23483 24018 E ShortcutInfoCompatSaver: at android.app.ActivityThread$AndroidOs.open(ActivityThread.java:7681)
01-24 20:56:54.627 23483 24018 E ShortcutInfoCompatSaver: at libcore.io.IoBridge.open(IoBridge.java:482)
01-24 20:56:54.627 23483 24018 E ShortcutInfoCompatSaver: ... 7 more
01-24 20:56:54.659 23483 23578 E BufferQueueProducer: [unnamed-23483-0] setMaxDequeuedBufferCount: 2 dequeued buffers would exceed the maxBufferCount (2) (maxAcquired 1 async 0 mDequeuedBufferCannotBlock 0)
01-24 20:56:54.659 23483 23578 E Surface : IGraphicBufferProducer::setBufferCount(3) returned Invalid argument
01-24 20:56:54.663 23483 23578 W Gralloc3: allocator 3.x is not supported
01-24 20:56:54.690 23483 23578 E BufferQueueProducer: [unnamed-23483-0] disconnect: not connected (req=1)
01-24 20:56:54.690 23483 23578 W libEGL : EGLNativeWindowType 0x777da24350 disconnect failed
01-24 20:56:54.695 23483 23578 E BufferQueueProducer: [unnamed-23483-1] setMaxDequeuedBufferCount: 2 dequeued buffers would exceed the maxBufferCount (2) (maxAcquired 1 async 0 mDequeuedBufferCannotBlock 0)
01-24 20:56:54.695 23483 23578 E Surface : IGraphicBufferProducer::setBufferCount(3) returned Invalid argument
01-24 20:56:54.698 23483 23578 E BufferQueueProducer: [unnamed-23483-1] disconnect: not connected (req=1)
01-24 20:56:54.698 23483 23578 W libEGL : EGLNativeWindowType 0x777da24350 disconnect failed
01-24 20:56:54.700 23483 23578 E BufferQueueProducer: [unnamed-23483-2] setMaxDequeuedBufferCount: 2 dequeued buffers would exceed the maxBufferCount (2) (maxAcquired 1 async 0 mDequeuedBufferCannotBlock 0)
01-24 20:56:54.700 23483 23578 E Surface : IGraphicBufferProducer::setBufferCount(3) returned Invalid argument
01-24 20:56:54.703 23483 23578 E BufferQueueProducer: [unnamed-23483-2] disconnect: not connected (req=1)
01-24 20:56:54.703 23483 23578 W libEGL : EGLNativeWindowType 0x777da24350 disconnect failed
01-24 20:56:58.691 23483 23483 W ActivityThread: handleWindowVisibility: no activity for token android.os.BinderProxy@afe909e
01-24 20:56:59.540 23483 23578 W libEGL : EGLNativeWindowType 0x777da22050 disconnect failed
01-24 20:57:00.918 23483 23483 W IInputConnectionWrapper: performPrivateCommand on inactive InputConnection
01-24 20:57:01.054 23483 23578 W libEGL : EGLNativeWindowType 0x777d166090 disconnect failed
01-24 20:57:03.182 24387 24387 E com.mbwhatsapp: Not starting debugger since process cannot load the jdwp agent.
01-24 20:57:03.447 24387 24387 W System.err: java.lang.ClassNotFoundException: mbmodsd.mbmodsw.ui.views.btn.BtnBK
01-24 20:57:03.448 24387 24387 W System.err: at java.lang.Runtime.nativeLoad(Native Method)
01-24 20:57:03.450 24387 24387 W System.err: at java.lang.Runtime.nativeLoad(Runtime.java:1115)
01-24 20:57:03.450 24387 24387 W System.err: at java.lang.Runtime.loadLibrary0(Runtime.java:1069)
01-24 20:57:03.450 24387 24387 W System.err: at java.lang.Runtime.loadLibrary0(Runtime.java:1007)
01-24 20:57:03.451 24387 24387 W System.err: at java.lang.System.loadLibrary(System.java:1667)
01-24 20:57:03.452 24387 24387 W System.err: at arm.EpicVm.<clinit>(Unknown Source:2)
01-24 20:57:03.452 24387 24387 W System.err: at java.lang.Class.newInstance(Native Method)
01-24 20:57:03.452 24387 24387 W System.err: at android.app.AppComponentFactory.instantiateApplication(AppComponentFactory.java:76)
01-24 20:57:03.452 24387 24387 W System.err: at androidx.core.app.CoreComponentFactory.instantiateApplication(Unknown Source:0)
01-24 20:57:03.452 24387 24387 W System.err: at android.app.Instrumentation.newApplication(Instrumentation.java:1156)
01-24 20:57:03.452 24387 24387 W System.err: at android.app.LoadedApk.makeApplication(LoadedApk.java:1290)
01-24 20:57:03.452 24387 24387 W System.err: at android.app.ActivityThread.handleBindApplication(ActivityThread.java:6823)
01-24 20:57:03.452 24387 24387 W System.err: at android.app.ActivityThread.access$1300(ActivityThread.java:268)
01-24 20:57:03.453 24387 24387 W System.err: at android.app.ActivityThread$H.handleMessage(ActivityThread.java:1982)
01-24 20:57:03.453 24387 24387 W System.err: at android.os.Handler.dispatchMessage(Handler.java:107)
01-24 20:57:03.453 24387 24387 W System.err: at android.os.Looper.loop(Looper.java:237)
01-24 20:57:03.453 24387 24387 W System.err: at android.app.ActivityThread.main(ActivityThread.java:7807)
01-24 20:57:03.453 24387 24387 W System.err: at java.lang.reflect.Method.invoke(Native Method)
01-24 20:57:03.453 24387 24387 W System.err: at com.android.internal.os.RuntimeInit$MethodAndArgsCaller.run(RuntimeInit.java:493)
01-24 20:57:03.453 24387 24387 W System.err: at com.android.internal.os.ZygoteInit.main(ZygoteInit.java:1047)
01-24 20:57:03.604 24387 24387 E CustomActivityOnCrash: IMPORTANT WARNING! You already have an UncaughtExceptionHandler, are you sure this is correct? If you use a custom UncaughtExceptionHandler, you must initialize it AFTER CustomActivityOnCrash! Installing anyway, but your original handler will not be called.
01-24 20:57:04.486 24387 24387 W linker : Warning: "/data/data/com.mbwhatsapp/files/decompressed/libs.spk.zst/libc++_shared.so" unused DT entry: unknown processor-specific (type 0x70000001 arg 0x0) (ignoring) --------- beginning of system
01-24 20:57:05.312 24387 24610 W com.mbwhatsapp: Class X.2rL failed lock verification and will run slower.
01-24 20:57:05.312 24387 24610 W com.mbwhatsapp: Common causes for lock verification issues are non-optimized dex code
01-24 20:57:05.312 24387 24610 W com.mbwhatsapp: and incorrect proguard optimizations.
01-24 20:57:05.690 24387 24619 W com.mbwhatsapp: Long monitor contention with owner MBWhatsApp Worker #2 (24615) at void java.lang.StringBuilder.<init>() (StringBuilder.java:90) waiters=0 in X.2U6 X.35t.A08() for 110ms
01-24 21:11:40.558 24387 24387 W ActivityThread: handleWindowVisibility: no activity for token android.os.BinderProxy@dde411b
01-24 21:11:40.756 24387 24387 W com.mbwhatsapp: Class X.0eU failed lock verification and will run slower.
01-24 21:11:41.109 24387 24387 W ActivityThread: handleWindowVisibility: no activity for token android.os.BinderProxy@65d5d18
01-24 21:11:41.564 24387 29398 W Gralloc3: mapper 3.x is not supported
01-24 21:11:43.795 24387 24387 W ActivityThread: handleWindowVisibility: no activity for token android.os.BinderProxy@ae00d70
01-24 21:11:44.529 24387 29398 W libEGL : EGLNativeWindowType 0x7763fff2d0 disconnect failed
01-24 21:11:45.190 24387 24387 W IInputConnectionWrapper: performPrivateCommand on inactive InputConnection
01-24 21:11:45.325 24387 29398 W libEGL : EGLNativeWindowType 0x7744cc0a10 disconnect failed --------- beginning of main
01-24 21:11:47.060 29498 29498 E com.mbwhatsapp: Not starting debugger since process cannot load the jdwp agent.
01-24 21:11:47.191 29498 29498 W System.err: java.lang.ClassNotFoundException: mbmodsd.mbmodsw.ui.views.btn.BtnBK
01-24 21:11:47.193 29498 29498 W System.err: at java.lang.Runtime.nativeLoad(Native Method)
01-24 21:11:47.193 29498 29498 W System.err: at java.lang.Runtime.nativeLoad(Runtime.java:1115)
01-24 21:11:47.193 29498 29498 W System.err: at java.lang.Runtime.loadLibrary0(Runtime.java:1069)
01-24 21:11:47.193 29498 29498 W System.err: at java.lang.Runtime.loadLibrary0(Runtime.java:1007)
01-24 21:11:47.193 29498 29498 W System.err: at java.lang.System.loadLibrary(System.java:1667)
01-24 21:11:47.193 29498 29498 W System.err: at arm.EpicVm.<clinit>(Unknown Source:2)
01-24 21:11:47.193 29498 29498 W System.err: at java.lang.Class.newInstance(Native Method)
01-24 21:11:47.193 29498 29498 W System.err: at android.app.AppComponentFactory.instantiateApplication(AppComponentFactory.java:76)
01-24 21:11:47.193 29498 29498 W System.err: at androidx.core.app.CoreComponentFactory.instantiateApplication(Unknown Source:0)
01-24 21:11:47.193 29498 29498 W System.err: at android.app.Instrumentation.newApplication(Instrumentation.java:1156)
01-24 21:11:47.193 29498 29498 W System.err: at android.app.LoadedApk.makeApplication(LoadedApk.java:1290)
01-24 21:11:47.193 29498 29498 W System.err: at android.app.ActivityThread.handleBindApplication(ActivityThread.java:6823)
01-24 21:11:47.193 29498 29498 W System.err: at android.app.ActivityThread.access$1300(ActivityThread.java:268)
01-24 21:11:47.193 29498 29498 W System.err: at android.app.ActivityThread$H.handleMessage(ActivityThread.java:1982)
01-24 21:11:47.193 29498 29498 W System.err: at android.os.Handler.dispatchMessage(Handler.java:107)
01-24 21:11:47.193 29498 29498 W System.err: at android.os.Looper.loop(Looper.java:237)
01-24 21:11:47.193 29498 29498 W System.err: at android.app.ActivityThread.main(ActivityThread.java:7807)
01-24 21:11:47.193 29498 29498 W System.err: at java.lang.reflect.Method.invoke(Native Method)
01-24 21:11:47.193 29498 29498 W System.err: at com.android.internal.os.RuntimeInit$MethodAndArgsCaller.run(RuntimeInit.java:493)
01-24 21:11:47.193 29498 29498 W System.err: at com.android.internal.os.ZygoteInit.main(ZygoteInit.java:1047)
01-24 21:11:47.262 29498 29498 E CustomActivityOnCrash: IMPORTANT WARNING! You already have an UncaughtExceptionHandler, are you sure this is correct? If you use a custom UncaughtExceptionHandler, you must initialize it AFTER CustomActivityOnCrash! Installing anyway, but your original handler will not be called.
01-24 21:11:47.541 29498 29498 W linker : Warning: "/data/data/com.mbwhatsapp/files/decompressed/libs.spk.zst/libc++_shared.so" unused DT entry: unknown processor-specific (type 0x70000001 arg 0x0) (ignoring)
01-24 21:11:47.682 29498 29498 W ActivityThread: handleWindowVisibility: no activity for token android.os.BinderProxy@e46ca18
01-24 21:11:47.684 29498 29553 W com.mbwhatsapp: Class X.2rL failed lock verification and will run slower.
01-24 21:11:47.684 29498 29553 W com.mbwhatsapp: Common causes for lock verification issues are non-optimized dex code
01-24 21:11:47.684 29498 29553 W com.mbwhatsapp: and incorrect proguard optimizations.
01-24 21:11:47.706 29498 29498 W com.mbwhatsapp: Class X.0eU failed lock verification and will run slower.
01-24 21:11:47.908 29498 29498 W ActivityThread: handleWindowVisibility: no activity for token android.os.BinderProxy@8f7f8ee
01-24 21:11:48.173 29498 29559 W Gralloc3: mapper 3.x is not supported
01-24 21:11:49.218 29498 29498 W ActivityThread: handleWindowVisibility: no activity for token android.os.BinderProxy@1922b1a
01-24 21:11:49.911 29498 29559 W libEGL : EGLNativeWindowType 0x77e0aba690 disconnect failed
01-24 21:11:50.624 29498 29498 W IInputConnectionWrapper: performPrivateCommand on inactive InputConnection
01-24 21:11:50.720 29498 29559 W libEGL : EGLNativeWindowType 0x77eae1b810 disconnect failed --------- beginning of main
01-24 21:11:52.456 29776 29776 E com.mbwhatsapp: Not starting debugger since process cannot load the jdwp agent.
01-24 21:11:52.573 29776 29776 W System.err: java.lang.ClassNotFoundException: mbmodsd.mbmodsw.ui.views.btn.BtnBK
01-24 21:11:52.573 29776 29776 W System.err: at java.lang.Runtime.nativeLoad(Native Method)
01-24 21:11:52.573 29776 29776 W System.err: at java.lang.Runtime.nativeLoad(Runtime.java:1115)
01-24 21:11:52.573 29776 29776 W System.err: at java.lang.Runtime.loadLibrary0(Runtime.java:1069)
01-24 21:11:52.573 29776 29776 W System.err: at java.lang.Runtime.loadLibrary0(Runtime.java:1007)
01-24 21:11:52.573 29776 29776 W System.err: at java.lang.System.loadLibrary(System.java:1667)
01-24 21:11:52.573 29776 29776 W System.err: at arm.EpicVm.<clinit>(Unknown Source:2)
01-24 21:11:52.573 29776 29776 W System.err: at java.lang.Class.newInstance(Native Method)
01-24 21:11:52.573 29776 29776 W System.err: at android.app.AppComponentFactory.instantiateApplication(AppComponentFactory.java:76)
01-24 21:11:52.573 29776 29776 W System.err: at androidx.core.app.CoreComponentFactory.instantiateApplication(Unknown Source:0)
01-24 21:11:52.573 29776 29776 W System.err: at android.app.Instrumentation.newApplication(Instrumentation.java:1156)
01-24 21:11:52.573 29776 29776 W System.err: at android.app.LoadedApk.makeApplication(LoadedApk.java:1290)
01-24 21:11:52.573 29776 29776 W System.err: at android.app.ActivityThread.handleBindApplication(ActivityThread.java:6823)
01-24 21:11:52.573 29776 29776 W System.err: at android.app.ActivityThread.access$1300(ActivityThread.java:268)
01-24 21:11:52.573 29776 29776 W System.err: at android.app.ActivityThread$H.handleMessage(ActivityThread.java:1982)
01-24 21:11:52.573 29776 29776 W System.err: at android.os.Handler.dispatchMessage(Handler.java:107)
01-24 21:11:52.573 29776 29776 W System.err: at android.os.Looper.loop(Looper.java:237)
01-24 21:11:52.573 29776 29776 W System.err: at android.app.ActivityThread.main(ActivityThread.java:7807)
01-24 21:11:52.573 29776 29776 W System.err: at java.lang.reflect.Method.invoke(Native Method)
01-24 21:11:52.573 29776 29776 W System.err: at com.android.internal.os.RuntimeInit$MethodAndArgsCaller.run(RuntimeInit.java:493)
01-24 21:11:52.573 29776 29776 W System.err: at com.android.internal.os.ZygoteInit.main(ZygoteInit.java:1047)
01-24 21:11:52.643 29776 29776 E CustomActivityOnCrash: IMPORTANT WARNING! You already have an UncaughtExceptionHandler, are you sure this is correct? If you use a custom UncaughtExceptionHandler, you must initialize it AFTER CustomActivityOnCrash! Installing anyway, but your original handler will not be called.
01-24 21:11:52.889 29776 29776 W linker : Warning: "/data/data/com.mbwhatsapp/files/decompressed/libs.spk.zst/libc++_shared.so" unused DT entry: unknown processor-specific (type 0x70000001 arg 0x0) (ignoring)
01-24 21:11:53.008 29776 29776 W ActivityThread: handleWindowVisibility: no activity for token android.os.BinderProxy@e46ca18
01-24 21:11:53.012 29776 29829 W com.mbwhatsapp: Class X.2rL failed lock verification and will run slower.
01-24 21:11:53.012 29776 29829 W com.mbwhatsapp: Common causes for lock verification issues are non-optimized dex code
01-24 21:11:53.012 29776 29829 W com.mbwhatsapp: and incorrect proguard optimizations.
01-24 21:11:53.033 29776 29776 W com.mbwhatsapp: Class X.0eU failed lock verification and will run slower.
01-24 21:11:53.211 29776 29776 W ActivityThread: handleWindowVisibility: no activity for token android.os.BinderProxy@8f7f8ee
01-24 21:11:53.472 29776 29835 W Gralloc3: mapper 3.x is not supported
01-24 21:11:54.507 29776 29776 W ActivityThread: handleWindowVisibility: no activity for token android.os.BinderProxy@1922b1a
01-24 21:11:55.191 29776 29835 W libEGL : EGLNativeWindowType 0x77e0aba190 disconnect failed
01-24 21:12:10.374 29776 29776 E DecorView: mWindow.mActivityCurrentConfig is null
01-24 21:12:11.273 29776 30066 E PlayCore: UID: [10227] PID: [29776] StandardIntegrity : Phonesky is not installed.
01-24 21:12:12.820 29776 29835 W libEGL : EGLNativeWindowType 0x77e0aba190 disconnect failed
01-24 21:12:13.011 29776 29776 E DecorView: mWindow.mActivityCurrentConfig is null
01-24 21:12:13.053 29776 29776 E ViewRootImpl: sendUserActionEvent() mView returned.
01-24 21:12:16.256 29776 29835 W libEGL : EGLNativeWindowType 0x77e0aba190 disconnect failed
01-24 21:12:16.276 29776 29776 E ViewRootImpl: sendUserActionEvent() mView returned.
01-24 21:12:17.431 29776 29776 W ActivityThread: handleWindowVisibility: no activity for token android.os.BinderProxy@b863bea
01-24 21:12:17.605 29776 29776 E DecorView: mWindow.mActivityCurrentConfig is null
01-24 21:12:18.132 29776 29835 W libEGL : EGLNativeWindowType 0x77e0abc710 disconnect failed
01-24 21:12:18.885 29776 29835 W libEGL : EGLNativeWindowType 0x77e0abacd0 disconnect failed
01-24 21:12:18.930 29776 29776 E ViewRootImpl: sendUserActionEvent() mView returned.
01-24 21:12:18.944 29776 29776 W IInputConnectionWrapper: performPrivateCommand on inactive InputConnection
01-24 21:12:18.970 29776 29776 W IInputConnectionWrapper: requestCursorAnchorInfo on inactive InputConnection
01-24 21:12:33.096 29776 29776 W IInputConnectionWrapper: performPrivateCommand on inactive InputConnection
01-24 21:12:33.378 29776 29835 W libEGL : EGLNativeWindowType 0x77e0abaa50 disconnect failed
01-24 21:13:32.766 29776 29776 W IInputConnectionWrapper: performPrivateCommand on inactive InputConnection
01-24 21:13:33.104 29776 29835 W libEGL : EGLNativeWindowType 0x773a221290 disconnect failed --------- beginning of main
01-24 21:14:06.365 30797 30797 E com.mbwhatsapp: Not starting debugger since process cannot load the jdwp agent.
01-24 21:14:06.613 30797 30797 W System.err: java.lang.ClassNotFoundException: mbmodsd.mbmodsw.ui.views.btn.BtnBK
01-24 21:14:06.614 30797 30797 W System.err: at java.lang.Runtime.nativeLoad(Native Method)
01-24 21:14:06.614 30797 30797 W System.err: at java.lang.Runtime.nativeLoad(Runtime.java:1115)
01-24 21:14:06.614 30797 30797 W System.err: at java.lang.Runtime.loadLibrary0(Runtime.java:1069)
01-24 21:14:06.614 30797 30797 W System.err: at java.lang.Runtime.loadLibrary0(Runtime.java:1007)
01-24 21:14:06.614 30797 30797 W System.err: at java.lang.System.loadLibrary(System.java:1667)
01-24 21:14:06.614 30797 30797 W System.err: at arm.EpicVm.<clinit>(Unknown Source:2)
01-24 21:14:06.614 30797 30797 W System.err: at java.lang.Class.newInstance(Native Method)
01-24 21:14:06.614 30797 30797 W System.err: at android.app.AppComponentFactory.instantiateApplication(AppComponentFactory.java:76)
01-24 21:14:06.615 30797 30797 W System.err: at androidx.core.app.CoreComponentFactory.instantiateApplication(Unknown Source:0)
01-24 21:14:06.615 30797 30797 W System.err: at android.app.Instrumentation.newApplication(Instrumentation.java:1156)
01-24 21:14:06.615 30797 30797 W System.err: at android.app.LoadedApk.makeApplication(LoadedApk.java:1290)
01-24 21:14:06.615 30797 30797 W System.err: at android.app.ActivityThread.handleBindApplication(ActivityThread.java:6823)
01-24 21:14:06.615 30797 30797 W System.err: at android.app.ActivityThread.access$1300(ActivityThread.java:268)
01-24 21:14:06.615 30797 30797 W System.err: at android.app.ActivityThread$H.handleMessage(ActivityThread.java:1982)
01-24 21:14:06.615 30797 30797 W System.err: at android.os.Handler.dispatchMessage(Handler.java:107)
01-24 21:14:06.615 30797 30797 W System.err: at android.os.Looper.loop(Looper.java:237)
01-24 21:14:06.615 30797 30797 W System.err: at android.app.ActivityThread.main(ActivityThread.java:7807)
01-24 21:14:06.615 30797 30797 W System.err: at java.lang.reflect.Method.invoke(Native Method)
01-24 21:14:06.615 30797 30797 W System.err: at com.android.internal.os.RuntimeInit$MethodAndArgsCaller.run(RuntimeInit.java:493)
01-24 21:14:06.615 30797 30797 W System.err: at com.android.internal.os.ZygoteInit.main(ZygoteInit.java:1047)
01-24 21:14:06.755 30797 30797 E CustomActivityOnCrash: IMPORTANT WARNING! You already have an UncaughtExceptionHandler, are you sure this is correct? If you use a custom UncaughtExceptionHandler, you must initialize it AFTER CustomActivityOnCrash! Installing anyway, but your original handler will not be called.
01-24 21:14:07.276 30797 30797 W linker : Warning: "/data/data/com.mbwhatsapp/files/decompressed/libs.spk.zst/libc++_shared.so" unused DT entry: unknown processor-specific (type 0x70000001 arg 0x0) (ignoring) --------- beginning of system
01-24 21:14:07.441 30797 30849 W com.mbwhatsapp: Class X.2rL failed lock verification and will run slower.
01-24 21:14:07.441 30797 30849 W com.mbwhatsapp: Common causes for lock verification issues are non-optimized dex code
01-24 21:14:07.441 30797 30849 W com.mbwhatsapp: and incorrect proguard optimizations.
01-24 21:14:07.441 30797 30797 W ActivityThread: handleWindowVisibility: no activity for token android.os.BinderProxy@7a76a56
01-24 21:14:07.465 30797 30797 W com.mbwhatsapp: Class X.0eU failed lock verification and will run slower.
01-24 21:14:07.673 30797 30797 W ActivityThread: handleWindowVisibility: no activity for token android.os.BinderProxy@fec5c1c
01-24 21:14:07.956 30797 30856 W Gralloc3: mapper 3.x is not supported
01-24 21:14:10.225 30797 30797 W ActivityThread: handleWindowVisibility: no activity for token android.os.BinderProxy@117a95
01-24 21:14:10.538 30797 30797 W IInputConnectionWrapper: performPrivateCommand on inactive InputConnection
01-24 21:14:10.871 30797 30856 W libEGL : EGLNativeWindowType 0x7784c50e10 disconnect failed
01-24 21:14:19.323 30797 30797 E DecorView: mWindow.mActivityCurrentConfig is null
01-24 21:14:20.658 30797 30838 E PlayCore: UID: [10227] PID: [30797] StandardIntegrity : Phonesky is not installed.
01-24 21:14:23.466 30797 30856 W libEGL : EGLNativeWindowType 0x776feb7850 disconnect failed
01-24 21:14:23.635 30797 30797 E DecorView: mWindow.mActivityCurrentConfig is null
01-24 21:14:23.672 30797 30797 E ViewRootImpl: sendUserActionEvent() mView returned.
01-24 21:14:24.515 30797 30856 W libEGL : EGLNativeWindowType 0x776feb7850 disconnect failed
01-24 21:14:24.541 30797 30797 E ViewRootImpl: sendUserActionEvent() mView returned.
01-24 21:14:25.278 30797 30797 W ActivityThread: handleWindowVisibility: no activity for token android.os.BinderProxy@b9d04bd
01-24 21:14:25.427 30797 30797 E DecorView: mWindow.mActivityCurrentConfig is null
01-24 21:14:25.941 30797 30856 W libEGL : EGLNativeWindowType 0x776feb5910 disconnect failed
01-24 21:14:26.790 30797 30856 W libEGL : EGLNativeWindowType 0x776feb7850 disconnect failed
01-24 21:14:26.819 30797 30797 E ViewRootImpl: sendUserActionEvent() mView returned.
01-24 21:14:26.847 30797 30797 W IInputConnectionWrapper: performPrivateCommand on inactive InputConnection
01-24 21:14:26.872 30797 30797 W IInputConnectionWrapper: requestCursorAnchorInfo on inactive InputConnection
01-24 21:14:38.815 30797 30797 E DecorView: mWindow.mActivityCurrentConfig is null
01-24 21:14:41.662 30797 30856 W libEGL : EGLNativeWindowType 0x776feb7850 disconnect failed
01-24 21:14:41.798 30797 30797 E DecorView: mWindow.mActivityCurrentConfig is null
01-24 21:14:41.819 30797 30797 E ViewRootImpl: sendUserActionEvent() mView returned.
01-24 21:14:42.816 30797 30797 W ActivityThread: handleWindowVisibility: no activity for token android.os.BinderProxy@fad7325
01-24 21:14:43.129 30797 30797 W ActivityThread: handleWindowVisibility: no activity for token android.os.BinderProxy@69d6a16
01-24 21:14:43.388 30797 30797 W IInputConnectionWrapper: performPrivateCommand on inactive InputConnection
01-24 21:14:43.427 30797 30797 W IInputConnectionWrapper: requestCursorAnchorInfo on inactive InputConnection
01-24 21:14:43.760 30797 30856 W libEGL : EGLNativeWindowType 0x776feb7850 disconnect failed
01-24 21:14:43.778 30797 30856 W libEGL : EGLNativeWindowType 0x776feb70d0 disconnect failed
01-24 21:14:47.565 30797 30797 E DecorView: mWindow.mActivityCurrentConfig is null
01-24 21:14:47.625 30797 30856 W libEGL : EGLNativeWindowType 0x776c2e0d50 disconnect failed
01-24 21:14:48.025 30797 30856 W libEGL : EGLNativeWindowType 0x776c2de910 disconnect failed
01-24 21:14:48.068 30797 30797 E ViewRootImpl: sendUserActionEvent() mView returned.
01-24 21:14:48.084 30797 30797 W ActivityThread: handleWindowVisibility: no activity for token android.os.BinderProxy@6d32b62
01-24 21:14:48.304 30797 30797 W ActivityThread: handleWindowVisibility: no activity for token android.os.BinderProxy@68a0d56
01-24 21:14:48.484 30797 30797 W IInputConnectionWrapper: requestCursorAnchorInfo on inactive InputConnection
01-24 21:14:48.841 30797 30856 W libEGL : EGLNativeWindowType 0x776c2df310 disconnect failed
01-24 21:14:51.729 30797 30856 W libEGL : EGLNativeWindowType 0x7788d137d0 disconnect failed
01-24 21:14:55.044 30797 30856 W libEGL : EGLNativeWindowType 0x776c2df1d0 disconnect failed
01-24 21:14:55.748 30797 30797 E DecorView: mWindow.mActivityCurrentConfig is null
01-24 21:14:58.014 30797 30856 W libEGL : EGLNativeWindowType 0x776feb5f50 disconnect failed
01-24 21:14:58.152 30797 30797 E DecorView: mWindow.mActivityCurrentConfig is null
01-24 21:14:58.185 30797 30797 E ViewRootImpl: sendUserActionEvent() mView returned.
01-24 21:14:58.211 30797 30797 E DecorView: mWindow.mActivityCurrentConfig is null
01-24 21:15:04.313 30797 30856 W libEGL : EGLNativeWindowType 0x776feb5f50 disconnect failed
01-24 21:15:04.333 30797 30797 E ViewRootImpl: sendUserActionEvent() mView returned.
01-24 21:15:04.682 30797 30797 E DecorView: mWindow.mActivityCurrentConfig is null
01-24 21:15:05.745 30797 30856 W libEGL : EGLNativeWindowType 0x776feb5f50 disconnect failed
01-24 21:15:05.763 30797 30797 E ViewRootImpl: sendUserActionEvent() mView returned.
01-24 21:15:07.769 30797 30856 W libEGL : EGLNativeWindowType 0x775c302750 disconnect failed
01-24 21:15:10.675 30797 30856 W libEGL : EGLNativeWindowType 0x776feb84d0 disconnect failed
01-24 21:15:22.424 30797 30856 W libEGL : EGLNativeWindowType 0x775c302750 disconnect failed
01-24 21:15:24.838 30797 30856 W libEGL : EGLNativeWindowType 0x775c302750 disconnect failed
01-24 21:16:05.760 30797 30856 W libEGL : EGLNativeWindowType 0x775c302750 disconnect failed
01-24 21:16:08.278 30797 30797 E DecorView: mWindow.mActivityCurrentConfig is null
01-24 21:16:08.588 30797 30856 W libEGL : EGLNativeWindowType 0x7784c50e10 disconnect failed
01-24 21:16:08.621 30797 30856 W libEGL : EGLNativeWindowType 0x7788d12a10 disconnect failed
01-24 21:16:08.706 30797 30797 E DecorView: mWindow.mActivityCurrentConfig is null
01-24 21:16:08.732 30797 30797 E ViewRootImpl: sendUserActionEvent() mView returned.
01-24 21:16:08.894 30797 30860 W Settings: Setting wifi_sleep_policy has moved from android.provider.Settings.System to android.provider.Settings.Global, returning read-only value.
01-24 21:16:09.000 30797 30856 W libEGL : EGLNativeWindowType 0x7788d12a10 disconnect failed
01-24 21:16:09.044 30797 30797 E ViewRootImpl: sendUserActionEvent() mView returned.
01-24 21:16:09.059 30797 30797 W ActivityThread: handleWindowVisibility: no activity for token android.os.BinderProxy@8593646
01-24 21:16:09.683 30797 30856 W libEGL : EGLNativeWindowType 0x775c302750 disconnect failed
01-24 21:16:10.687 30797 30856 W libEGL : EGLNativeWindowType 0x7788d12a10 disconnect failed
01-24 21:16:14.718 30797 30856 W libEGL : EGLNativeWindowType 0x776feb8750 disconnect failed --------- beginning of main
01-24 21:16:16.404 31536 31536 E com.mbwhatsapp: Not starting debugger since process cannot load the jdwp agent.
01-24 21:16:16.530 31536 31536 W System.err: java.lang.ClassNotFoundException: mbmodsd.mbmodsw.ui.views.btn.BtnBK
01-24 21:16:16.530 31536 31536 W System.err: at java.lang.Runtime.nativeLoad(Native Method)
01-24 21:16:16.531 31536 31536 W System.err: at java.lang.Runtime.nativeLoad(Runtime.java:1115)
01-24 21:16:16.531 31536 31536 W System.err: at java.lang.Runtime.loadLibrary0(Runtime.java:1069)
01-24 21:16:16.531 31536 31536 W System.err: at java.lang.Runtime.loadLibrary0(Runtime.java:1007)
01-24 21:16:16.531 31536 31536 W System.err: at java.lang.System.loadLibrary(System.java:1667)
01-24 21:16:16.531 31536 31536 W System.err: at arm.EpicVm.<clinit>(Unknown Source:2)
01-24 21:16:16.531 31536 31536 W System.err: at java.lang.Class.newInstance(Native Method)
01-24 21:16:16.531 31536 31536 W System.err: at android.app.AppComponentFactory.instantiateApplication(AppComponentFactory.java:76)
01-24 21:16:16.531 31536 31536 W System.err: at androidx.core.app.CoreComponentFactory.instantiateApplication(Unknown Source:0)
01-24 21:16:16.531 31536 31536 W System.err: at android.app.Instrumentation.newApplication(Instrumentation.java:1156)
01-24 21:16:16.531 31536 31536 W System.err: at android.app.LoadedApk.makeApplication(LoadedApk.java:1290)
01-24 21:16:16.531 31536 31536 W System.err: at android.app.ActivityThread.handleBindApplication(ActivityThread.java:6823)
01-24 21:16:16.531 31536 31536 W System.err: at android.app.ActivityThread.access$1300(ActivityThread.java:268)
01-24 21:16:16.531 31536 31536 W System.err: at android.app.ActivityThread$H.handleMessage(ActivityThread.java:1982)
01-24 21:16:16.531 31536 31536 W System.err: at android.os.Handler.dispatchMessage(Handler.java:107)
01-24 21:16:16.531 31536 31536 W System.err: at android.os.Looper.loop(Looper.java:237)
01-24 21:16:16.531 31536 31536 W System.err: at android.app.ActivityThread.main(ActivityThread.java:7807)
01-24 21:16:16.531 31536 31536 W System.err: at java.lang.reflect.Method.invoke(Native Method)
01-24 21:16:16.531 31536 31536 W System.err: at com.android.internal.os.RuntimeInit$MethodAndArgsCaller.run(RuntimeInit.java:493)
01-24 21:16:16.531 31536 31536 W System.err: at com.android.internal.os.ZygoteInit.main(ZygoteInit.java:1047)
01-24 21:16:16.601 31536 31536 E CustomActivityOnCrash: IMPORTANT WARNING! You already have an UncaughtExceptionHandler, are you sure this is correct? If you use a custom UncaughtExceptionHandler, you must initialize it AFTER CustomActivityOnCrash! Installing anyway, but your original handler will not be called.
01-24 21:16:16.906 31536 31536 W linker : Warning: "/data/data/com.mbwhatsapp/files/decompressed/libs.spk.zst/libc++_shared.so" unused DT entry: unknown processor-specific (type 0x70000001 arg 0x0) (ignoring)
01-24 21:16:17.028 31536 31536 W ActivityThread: handleWindowVisibility: no activity for token android.os.BinderProxy@c478c71
01-24 21:16:17.031 31536 31589 W com.mbwhatsapp: Class X.2rL failed lock verification and will run slower.
01-24 21:16:17.031 31536 31589 W com.mbwhatsapp: Common causes for lock verification issues are non-optimized dex code
01-24 21:16:17.031 31536 31589 W com.mbwhatsapp: and incorrect proguard optimizations.
01-24 21:16:17.054 31536 31536 W com.mbwhatsapp: Class X.0eU failed lock verification and will run slower.
01-24 21:16:17.245 31536 31536 W ActivityThread: handleWindowVisibility: no activity for token android.os.BinderProxy@581b18f
01-24 21:16:17.540 31536 31536 E DecorView: mWindow.mActivityCurrentConfig is null
01-24 21:16:17.543 31536 31595 W Gralloc3: mapper 3.x is not supported
01-24 21:16:17.679 31536 31595 W libEGL : EGLNativeWindowType 0x7789e7a6d0 disconnect failed
01-24 21:16:17.753 31536 31536 E ViewRootImpl: sendUserActionEvent() mView returned.
01-24 21:16:17.782 31536 31536 W ActivityThread: handleWindowVisibility: no activity for token android.os.BinderProxy@4d4f1ce
01-24 21:16:18.009 31536 31536 W IInputConnectionWrapper: requestCursorAnchorInfo on inactive InputConnection
01-24 21:16:18.151 31536 31536 W IInputConnectionWrapper: getSelectedText on inactive InputConnection
01-24 21:16:18.153 31536 31536 W IInputConnectionWrapper: getTextBeforeCursor on inactive InputConnection
01-24 21:16:18.155 31536 31536 W IInputConnectionWrapper: getTextAfterCursor on inactive InputConnection
01-24 21:16:18.219 31536 31536 W IInputConnectionWrapper: requestCursorAnchorInfo on inactive InputConnection
01-24 21:16:18.427 31536 31595 W libEGL : EGLNativeWindowType 0x775ada17d0 disconnect failed
01-24 21:16:18.932 31536 31536 E DecorView: mWindow.mActivityCurrentConfig is null
01-24 21:16:22.091 31536 31595 W libEGL : EGLNativeWindowType 0x775ada17d0 disconnect failed
01-24 21:16:22.114 31536 31536 E ViewRootImpl: sendUserActionEvent() mView returned.
01-24 21:16:23.190 31536 31595 W libEGL : EGLNativeWindowType 0x7789e7a310 disconnect failed
01-24 21:16:28.192 31536 31550 W System : A resource failed to call end.
01-24 21:16:34.561 31536 31536 E DecorView: mWindow.mActivityCurrentConfig is null
01-24 21:16:35.018 31536 31536 W IInputConnectionWrapper: requestCursorAnchorInfo on inactive InputConnection
01-24 21:16:45.889 31536 32186 W com.mbwhatsapp: Long monitor contention with owner MBWhatsApp Worker #30 (32216) at android.database.sqlite.SQLiteConnection android.database.sqlite.SQLiteConnectionPool.waitForConnection(java.lang.String, int, android.os.CancellationSignal)(SQLiteConnectionPool.java:959) waiters=0 in void android.database.sqlite.SQLiteConnectionPool.releaseConnection(android.database.sql ite.SQLiteConnection) for 153ms
01-24 21:16:47.609 31536 31536 E DecorView: mWindow.mActivityCurrentConfig is null
01-24 21:16:47.745 31536 31536 W ActivityThread: handleWindowVisibility: no activity for token android.os.BinderProxy@11d321d
01-24 21:16:47.979 31536 31536 W ActivityThread: handleWindowVisibility: no activity for token android.os.BinderProxy@45f62a7
01-24 21:16:48.077 31536 31536 W com.mbwhatsapp: Class com.mbwhatsapp.HomeActivity failed lock verification and will run slower.
01-24 21:16:48.627 31536 31536 E ArmVmp : Match on catch block at 0x0a in for 0xc5
01-24 21:16:48.752 31536 31536 E ArmVmp : Match on catch block at 0x0a in for 0x139
01-24 21:16:49.440 31536 32214 W MediaCodec-JNI: try to release MediaCodec from JMediaCodec::~JMediaCodec()...
01-24 21:16:49.443 31536 32214 W MediaCodec-JNI: done releasing MediaCodec from JMediaCodec::~JMediaCodec().
01-24 21:16:50.242 31536 416 W ColorUtils: expected specified color aspects (0:0:0:0)
01-24 21:16:50.384 31536 32214 W AudioCapabilities: Unsupported mime audio/x-ima
01-24 21:16:50.385 31536 32214 W AudioCapabilities: Unsupported mime audio/mpeg-L1
01-24 21:16:50.385 31536 32214 W AudioCapabilities: Unsupported mime audio/mpeg-L2
01-24 21:16:50.385 31536 32214 W AudioCapabilities: Unsupported mime audio/x-ms-wma
01-24 21:16:50.397 31536 32214 W VideoCapabilities: Unsupported mime video/wvc1
01-24 21:16:50.408 31536 32214 W VideoCapabilities: Unsupported mime video/avc-wfd
01-24 21:16:50.459 31536 32214 W VideoCapabilities: Unsupported mime video/mp43
01-24 21:16:50.460 31536 32214 W VideoCapabilities: Unrecognized profile/level 1/32 for video/mp4v-es
01-24 21:16:50.461 31536 32214 W VideoCapabilities: Unrecognized profile/level 32768/2 for video/mp4v-es
01-24 21:16:50.461 31536 32214 W VideoCapabilities: Unrecognized profile/level 32768/64 for video/mp4v-es
01-24 21:16:50.462 31536 32214 W VideoCapabilities: Unsupported mime video/wvc1
01-24 21:16:50.463 31536 32214 W VideoCapabilities: Unsupported mime video/x-ms- wmv7
01-24 21:16:50.464 31536 32214 W VideoCapabilities: Unsupported mime video/x-ms- wmv8
01-24 21:16:50.549 31536 31536 E RecyclerView: No adapter attached; skipping layout
01-24 21:16:54.916 31536 31536 E ArmVmp : Match on catch block at 0x0a in for 0xd1
01-24 21:16:55.056 31536 31536 E RecyclerView: No adapter attached; skipping layout
01-24 21:16:55.672 31536 562 W LOTTIE : Animation contains merge paths. Merge paths are only supported on KitKat+ and must be manually enabled by calling enableMergePathsForKitKatAndAbove().
01-24 21:16:55.848 31536 31595 W libEGL : EGLNativeWindowType 0x77f644b590 disconnect failed
01-24 21:16:55.863 31536 31595 W libEGL : EGLNativeWindowType 0x775ada17d0 disconnect failed
01-24 21:16:55.879 31536 31536 W LOTTIE : Animation contains merge paths but they are disabled.
01-24 21:16:57.060 31536 32707 W com.mbwhatsapp: Long monitor contention with owner MBWhatsApp Worker #34 (32221) at android.database.sqlite.SQLiteConnection android.database.sqlite.SQLiteConnectionPool.waitForConnection(java.lang.String, int, android.os.CancellationSignal)(SQLiteConnectionPool.java:959) waiters=0 in void android.database.sqlite.SQLiteConnectionPool.releaseConnection(android.database.sql ite.SQLiteConnection) for 138ms
01-24 21:16:57.353 31536 31536 E ArmVmp : Match on catch block at 0x5b in for 0x89
01-24 21:16:57.389 31536 31536 E ArmVmp : Match on catch block at 0x5b in for 0x89
01-24 21:17:01.888 31536 31595 W libEGL : EGLNativeWindowType 0x775ada0150 disconnect failed --------- beginning of main
01-24 21:17:16.069 1509 1509 E com.mbwhatsapp: Not starting debugger since process cannot load the jdwp agent.
01-24 21:17:16.509 1509 1509 W System.err: java.lang.ClassNotFoundException: mbmodsd.mbmodsw.ui.views.btn.BtnBK
01-24 21:17:16.509 1509 1509 W System.err: at java.lang.Runtime.nativeLoad(Native Method)
01-24 21:17:16.509 1509 1509 W System.err: at java.lang.Runtime.nativeLoad(Runtime.java:1115)
01-24 21:17:16.509 1509 1509 W System.err: at java.lang.Runtime.loadLibrary0(Runtime.java:1069)
01-24 21:17:16.509 1509 1509 W System.err: at java.lang.Runtime.loadLibrary0(Runtime.java:1007)
01-24 21:17:16.509 1509 1509 W System.err: at java.lang.System.loadLibrary(System.java:1667)
01-24 21:17:16.509 1509 1509 W System.err: at arm.EpicVm.<clinit>(Unknown Source:2)
01-24 21:17:16.509 1509 1509 W System.err: at java.lang.Class.newInstance(Native Method)
01-24 21:17:16.509 1509 1509 W System.err: at android.app.AppComponentFactory.instantiateApplication(AppComponentFactory.java:76)
01-24 21:17:16.509 1509 1509 W System.err: at androidx.core.app.CoreComponentFactory.instantiateApplication(Unknown Source:0)
01-24 21:17:16.509 1509 1509 W System.err: at android.app.Instrumentation.newApplication(Instrumentation.java:1156)
01-24 21:17:16.510 1509 1509 W System.err: at android.app.LoadedApk.makeApplication(LoadedApk.java:1290)
01-24 21:17:16.510 1509 1509 W System.err: at android.app.ActivityThread.handleBindApplication(ActivityThread.java:6823)
01-24 21:17:16.510 1509 1509 W System.err: at android.app.ActivityThread.access$1300(ActivityThread.java:268)
01-24 21:17:16.510 1509 1509 W System.err: at android.app.ActivityThread$H.handleMessage(ActivityThread.java:1982)
01-24 21:17:16.510 1509 1509 W System.err: at android.os.Handler.dispatchMessage(Handler.java:107)
01-24 21:17:16.510 1509 1509 W System.err: at android.os.Looper.loop(Looper.java:237)
01-24 21:17:16.510 1509 1509 W System.err: at android.app.ActivityThread.main(ActivityThread.java:7807)
01-24 21:17:16.510 1509 1509 W System.err: at java.lang.reflect.Method.invoke(Native Method)
01-24 21:17:16.510 1509 1509 W System.err: at com.android.internal.os.RuntimeInit$MethodAndArgsCaller.run(RuntimeInit.java:493)
01-24 21:17:16.510 1509 1509 W System.err: at com.android.internal.os.ZygoteInit.main(ZygoteInit.java:1047)
01-24 21:17:16.636 1509 1509 E CustomActivityOnCrash: IMPORTANT WARNING! You already have an UncaughtExceptionHandler, are you sure this is correct? If you use a custom UncaughtExceptionHandler, you must initialize it AFTER CustomActivityOnCrash! Installing anyway, but your original handler will not be called.
01-24 21:17:16.767 1509 1572 W LibraryVersion: Failed to get app version for libraryName: firebase-iid
01-24 21:17:17.146 1509 1509 W linker : Warning: "/data/data/com.mbwhatsapp/files/decompressed/libs.spk.zst/libc++_shared.so" unused DT entry: unknown processor-specific (type 0x70000001 arg 0x0) (ignoring)
