Download as TXT, PDF, TXT or read online on Scribd
You are on page 1/ 5
--------- beginning of main
01-05 03:18:57.721 9586 9586 D SessionsDependencies: Subscriber CRASHLYTICS
registered.
01-05 03:18:57.723 9586 9648 W app.secretspace: ClassLoaderContext classpath element checksum mismatch. expected=2715287255, found=831060618 (DLC[];PCL[base.apk*2715287255]{PCL[/system/framework/org.apache.http.legacy.jar*27 80533809]#PCL[/system/framework/ com.android.media.remotedisplay.jar*1110477037]#PCL[/system/framework/ com.android.location.provider.jar*3196002273]#PCL[/system_ext/framework/ androidx.window.extensions.jar*2571268766]#PCL[/system_ext/framework/ androidx.window.sidecar.jar*582891276]} | DLC[];PCL[/data/app/~~xMHQxGPAop3h_KxFXWZnjg==/com.hello.miheapp.secretspace- TbUMzXlO_A4jlidBJmlRkg==/base.apk*831060618]{PCL[/system/framework/ android.test.base.jar*887041672]#PCL[/system/framework/ org.apache.http.legacy.jar*2780533809]})
01-05 03:18:57.776 9586 9676 E app.secretspace: No package ID 76 found for resource ID 0x760b000f.
01-05 03:18:57.776 9586 9676 E app.secretspace: No package ID 76 found for resource ID 0x760b000f.
01-05 03:18:57.777 9586 9676 I FA : App measurement initialized, version: 110015
01-05 03:18:57.777 9586 9676 I FA : To enable debug logging run: adb shell setprop log.tag.FA VERBOSE
01-05 03:18:57.777 9586 9676 I FA : To enable faster debug mode event logging run:
01-05 03:18:57.777 9586 9676 I FA : adb shell setprop debug.firebase.analytics.app com.hello.miheapp.secretspace
01-05 03:18:57.784 9586 9669 I FirebaseCrashlytics: No version control information found
01-05 03:18:57.788 9586 9586 I FirebaseInitProvider: FirebaseApp initialization successful
01-05 03:18:57.789 9586 9668 D LifecycleServiceBinder: Binding service to application.
01-05 03:18:57.801 9586 9682 D ApplicationLoaders: Returning zygote-cached class loader: /system/framework/org.apache.http.legacy.jar
01-05 03:18:57.802 9586 9586 D WM-WrkMgrInitializer: Initializing WorkManager with default configuration.
01-05 03:18:57.808 9586 9682 D nativeloader: Configuring clns-9 for other apk /system/framework/com.android.media.remotedisplay.jar. target_sdk_version=35, uses_libraries=ALL, library_path=/data/app/~~vqSOR9YAx0jINibNbBILmg==/com.google.android.gms-5bEeXc- 4gci0D4JQVJ2IBg==/lib/arm64:/data/app/~~vqSOR9YAx0jINibNbBILmg==/ com.google.android.gms-5bEeXc-4gci0D4JQVJ2IBg==/base.apk!/lib/arm64-v8a, permitted_path=/data:/mnt/expand:/data/user/0/com.google.android.gms
01-05 03:18:57.808 9586 9682 D nativeloader: Extending system_exposed_libraries: libedgetpu_dba.google.so
01-05 03:18:57.808 9586 9586 D WM-PackageManagerHelper: Skipping component enablement for androidx.work.impl.background.systemjob.SystemJobService
01-05 03:18:57.808 9586 9586 D WM-Schedulers: Created SystemJobScheduler and enabled SystemJobService
01-05 03:18:57.812 9586 9682 D nativeloader: Configuring clns-10 for other apk /system/framework/com.android.location.provider.jar. target_sdk_version=35, uses_libraries=ALL, library_path=/data/app/~~vqSOR9YAx0jINibNbBILmg==/com.google.android.gms-5bEeXc- 4gci0D4JQVJ2IBg==/lib/arm64:/data/app/~~vqSOR9YAx0jINibNbBILmg==/ com.google.android.gms-5bEeXc-4gci0D4JQVJ2IBg==/base.apk!/lib/arm64-v8a, permitted_path=/data:/mnt/expand:/data/user/0/com.google.android.gms
01-05 03:18:57.812 9586 9682 D nativeloader: Extending system_exposed_libraries: libedgetpu_dba.google.so
01-05 03:18:57.817 9586 9682 D ApplicationLoaders: Returning zygote-cached class loader: /system_ext/framework/androidx.window.extensions.jar
01-05 03:18:57.817 9586 9682 D ApplicationLoaders: Returning zygote-cached class loader: /system_ext/framework/androidx.window.sidecar.jar
01-05 03:18:57.825 9586 9586 W i4.z : Please set a value for AutoLogAppEventsEnabled. Set the flag to TRUE if you want to collect app install, app launch and in-app purchase events automatically. To request user consent before collecting data, set the flag value to FALSE, then change to TRUE once user consent is received. Learn more: https://developers.facebook.com/docs/app-events/getting- started-app-events-android#disable-auto-events.
01-05 03:18:57.825 9586 9586 W i4.z : You haven't set a value for AdvertiserIDCollectionEnabled. Set the flag to TRUE if you want to collect Advertiser ID for better advertising and analytics results. To request user consent before collecting data, set the flag value to FALSE, then change to TRUE once user consent is received. Learn more: https://developers.facebook.com/docs/app-events/getting-started-app-events- android#disable-auto-events.
01-05 03:18:57.832 9586 9682 D nativeloader: Configuring clns-11 for other apk /data/app/~~vqSOR9YAx0jINibNbBILmg==/com.google.android.gms-5bEeXc- 4gci0D4JQVJ2IBg==/base.apk. target_sdk_version=35, uses_libraries=, library_path=/data/app/~~vqSOR9YAx0jINibNbBILmg==/com.google.android.gms-5bEeXc- 4gci0D4JQVJ2IBg==/lib/arm64:/data/app/~~vqSOR9YAx0jINibNbBILmg==/ com.google.android.gms-5bEeXc-4gci0D4JQVJ2IBg==/base.apk!/lib/arm64-v8a, permitted_path=/data:/mnt/expand:/data/user/0/com.google.android.gms
01-05 03:18:57.852 9586 9586 W Glide : Failed to find GeneratedAppGlideModule. You should include an annotationProcessor compile dependency on com.github.bumptech.glide:compiler in your application and a @GlideModule annotated AppGlideModule implementation or LibraryGlideModules will be silently ignored
01-05 03:18:57.880 30110 30110 D SessionLifecycleClient: Disconnected from SessionLifecycleService
01-05 03:18:57.882 9586 9682 I DynamiteModule: Considering local module com.google.android.gms.ads.dynamite:0 and remote module com.google.android.gms.ads.dynamite:244410203
01-05 03:18:57.883 9586 9682 I DynamiteModule: Selected remote version of com.google.android.gms.ads.dynamite, version >= 244410203
01-05 03:18:57.883 9586 9682 V DynamiteModule: Dynamite loader version >= 2, using loadModule2NoCrashUtils
01-05 03:18:57.949 9586 9586 I DynamiteModule: Considering local module com.google.android.gms.ads.dynamite:0 and remote module com.google.android.gms.ads.dynamite:244410203
01-05 03:18:57.949 9586 9586 I DynamiteModule: Selected remote version of com.google.android.gms.ads.dynamite, version >= 244410203
01-05 03:18:57.950 9586 9586 D DynamitePackage: Instantiated singleton DynamitePackage.
01-05 03:18:57.950 9586 9586 D DynamitePackage: Instantiating com.google.android.gms.ads.ChimeraMobileAdsSettingManagerCreatorImpl
01-05 03:18:58.062 9586 9586 W ziparchive: Unable to open '/data/app/~~7awqJjRHicBdhQbfmgHVKQ==/com.google.android.trichromelibrary_677813533 -865K9RGnEcmoUS6UjfH7ow==/base.dm': No such file or directory
01-05 03:18:58.062 9586 9586 W ziparchive: Unable to open '/data/app/~~7awqJjRHicBdhQbfmgHVKQ==/com.google.android.trichromelibrary_677813533 -865K9RGnEcmoUS6UjfH7ow==/base.dm': No such file or directory
01-05 03:18:58.064 9586 9586 W app.secretspace: Entry not found
01-05 03:18:58.066 9586 9586 D nativeloader: Configuring clns-12 for other apk /data/app/~~7awqJjRHicBdhQbfmgHVKQ==/com.google.android.trichromelibrary_677813533- 865K9RGnEcmoUS6UjfH7ow==/base.apk. target_sdk_version=34, uses_libraries=ALL, library_path=/data/app/~~Lt4B_UgH4hFH1GfLGg-W2w==/com.google.android.webview- 6pLlruiSTJ3aDXqx5BoYRA==/lib/arm64:/data/app/~~Lt4B_UgH4hFH1GfLGg-W2w==/ com.google.android.webview-6pLlruiSTJ3aDXqx5BoYRA==/base.apk!/lib/arm64-v8a:/data/ app/~~7awqJjRHicBdhQbfmgHVKQ==/com.google.android.trichromelibrary_677813533- 865K9RGnEcmoUS6UjfH7ow==/base.apk!/lib/arm64-v8a, permitted_path=/data:/mnt/expand
01-05 03:18:58.066 9586 9586 D nativeloader: Extending system_exposed_libraries: libedgetpu_dba.google.so
01-05 03:18:58.067 9586 9586 D ApplicationLoaders: Returning zygote-cached class loader: /system_ext/framework/androidx.window.extensions.jar
01-05 03:18:58.069 9586 9586 D nativeloader: Configuring clns-13 for other apk /data/app/~~Lt4B_UgH4hFH1GfLGg-W2w==/com.google.android.webview- 6pLlruiSTJ3aDXqx5BoYRA==/base.apk. target_sdk_version=34, uses_libraries=, library_path=/data/app/~~Lt4B_UgH4hFH1GfLGg-W2w==/com.google.android.webview- 6pLlruiSTJ3aDXqx5BoYRA==/lib/arm64:/data/app/~~Lt4B_UgH4hFH1GfLGg-W2w==/ com.google.android.webview-6pLlruiSTJ3aDXqx5BoYRA==/base.apk!/lib/arm64-v8a:/data/ app/~~7awqJjRHicBdhQbfmgHVKQ==/com.google.android.trichromelibrary_677813533- 865K9RGnEcmoUS6UjfH7ow==/base.apk!/lib/arm64-v8a, permitted_path=/data:/mnt/expand
01-05 03:18:58.071 9586 9586 I WebViewFactory: Loading com.google.android.webview version 131.0.6778.135 (code 677813533) --------- beginning of system
01-05 03:18:58.076 9586 9586 V ResourcesManager: The following library key has been added: ResourcesKey{ mHash=daebeed0 mResDir=null mSplitDirs=[] mOverlayDirs=[/product/overlay/NavigationBarModeGestural/NavigationBarModeGesturalO verlay.apk,/data/resource-cache/com.android.systemui-neutral-vBtZ.frro,/data/ resource-cache/com.android.systemui-accent-p2eq.frro,/data/resource-cache/ com.android.systemui-dynamic-XDmw.frro] mLibDirs=[/data/app/~~Lt4B_UgH4hFH1GfLGg- W2w==/com.google.android.webview-6pLlruiSTJ3aDXqx5BoYRA==/base.apk,/data/app/ ~~Lt4B_UgH4hFH1GfLGg-W2w==/com.google.android.webview-6pLlruiSTJ3aDXqx5BoYRA==/ split_config.en.apk,/data/app/~~Lt4B_UgH4hFH1GfLGg-W2w==/ com.google.android.webview-6pLlruiSTJ3aDXqx5BoYRA==/split_config.fr.apk,/data/app/ ~~7awqJjRHicBdhQbfmgHVKQ==/com.google.android.trichromelibrary_677813533- 865K9RGnEcmoUS6UjfH7ow==/base.apk,/system_ext/framework/ androidx.window.extensions.jar] mDisplayId=0 mOverrideConfig=v35 mCompatInfo={420dpi always-compat} mLoaders=[]}
01-05 03:18:58.099 9586 9586 I cr_WVCFactoryProvider: version=131.0.6778.135 (677813533) minSdkVersion=29 isBundle=true multiprocess=true packageId=2
01-05 03:18:58.111 9586 9586 D nativeloader: Load /data/app/~~7awqJjRHicBdhQbfmgHVKQ==/com.google.android.trichromelibrary_677813533- 865K9RGnEcmoUS6UjfH7ow==/base.apk!/lib/arm64-v8a/libmonochrome_64.so using ns clns- 13 from class loader (caller=/data/app/~~Lt4B_UgH4hFH1GfLGg-W2w==/com.google.android.webview- 6pLlruiSTJ3aDXqx5BoYRA==/base.apk): ok
01-05 03:18:58.113 9586 9586 D nativeloader: Load /system/lib64/libwebviewchromium_plat_support.so using ns clns-13 from class loader (caller=/data/app/~~Lt4B_UgH4hFH1GfLGg-W2w==/com.google.android.webview- 6pLlruiSTJ3aDXqx5BoYRA==/base.apk): ok
01-05 03:18:58.127 9586 9586 I cr_LibraryLoader: Successfully loaded native library
01-05 03:18:58.135 9586 9739 E chromium: [ERROR:variations_seed_loader.cc(39)] Seed missing signature.
01-05 03:18:58.136 9586 9586 I cr_CachingUmaRecorder: Flushed 6 samples from 6 histograms, 0 samples were dropped.
01-05 03:18:58.154 9586 9586 I cr_CombinedPProvider: #registerProvider() provider:WV.y8@ca0076f isPolicyCacheEnabled:false policyProvidersSize:0
01-05 03:18:58.158 9586 9586 I cr_PolicyProvider: #setManagerAndSource() 0
01-05 03:18:58.174 9586 9586 I cr_CombinedPProvider: #linkNativeInternal() 1
01-05 03:18:58.177 9586 9586 I cr_AppResProvider: #getApplicationRestrictionsFromUserManager() Bundle[EMPTY_PARCEL]
01-05 03:18:58.177 9586 9586 I cr_PolicyProvider: #notifySettingsAvailable() 0
01-05 03:18:58.177 9586 9586 I cr_CombinedPProvider: #onSettingsAvailable() 0
01-05 03:18:58.177 9586 9586 I cr_CombinedPProvider: #flushPolicies()
01-05 03:18:58.259 9586 9760 W chromium: [WARNING:dns_config_service_android.cc(81)] Failed to read DnsConfig.
01-05 03:18:58.423 9756 9756 W logcat : type=1400 audit(0.0:320): avc: denied { search } for name="vendor_sched" dev="proc" ino=4026532860 scontext=u:r:untrusted_app:s0:c163,c257,c512,c768 tcontext=u:object_r:proc_vendor_sched:s0 tclass=dir permissive=0 app=com.hello.miheapp.secretspace
01-05 03:18:58.527 9586 9809 I MATDBManager: sqllite db insert success! insert row id:917
01-05 03:18:58.527 9586 9809 I MATDBManager: sqllite db capacity:1
01-05 03:18:58.709 9586 9777 W cr_media: BLUETOOTH_CONNECT permission is missing.
01-05 03:18:58.710 9586 9777 W cr_media: getBluetoothAdapter() requires BLUETOOTH permission
01-05 03:18:58.710 9586 9777 W cr_media: registerBluetoothIntentsIfNeeded: Requires BLUETOOTH permission
01-05 03:18:59.243 9586 9762 D CompatChangeReporter: Compat change id reported: 263076149; UID 10419; state: ENABLED
01-05 03:18:59.249 9586 9586 D SessionLifecycleService: Service bound to new client on process 30350
01-05 03:18:59.250 9586 9877 D SessionLifecycleService: App has not yet foregrounded. Using previously stored session: null
01-05 03:18:59.251 9586 9877 D SessionLifecycleService: Client android.os.Messenger@c71ea92 bound at 408333. Clients: 1
01-05 03:18:59.275 9586 9586 D SessionLifecycleService: Service bound to new client on process 30110
01-05 03:18:59.276 9586 9877 D SessionLifecycleService: App has not yet foregrounded. Using previously stored session: f8f170eee54840abaeaf6fc03dd1ada2
01-05 03:18:59.277 9586 9877 D SessionLifecycleService: Client android.os.Messenger@8c01dde bound at 408360. Clients: 2
01-05 03:18:59.278 30110 30110 D SessionLifecycleClient: Session update received: f8f170eee54840abaeaf6fc03dd1ada2
01-05 03:18:59.323 30110 30110 D SessionLifecycleClient: Connected to SessionLifecycleService. Queue size 0
01-05 03:18:59.328 9586 9586 D SessionLifecycleService: Service bound to new client on process 9586
01-05 03:18:59.328 9586 9877 D SessionLifecycleService: App has not yet foregrounded. Using previously stored session: f8f170eee54840abaeaf6fc03dd1ada2
01-05 03:18:59.328 9586 9877 D SessionLifecycleService: Client android.os.Messenger@3ea9b78 bound at 408412. Clients: 3
01-05 03:18:59.366 9586 9586 I Choreographer: Skipped 52 frames! The application may be doing too much work on its main thread.
01-05 03:18:59.383 9586 9586 D SessionLifecycleClient: Session update received: f8f170eee54840abaeaf6fc03dd1ada2
01-05 03:18:59.383 9586 9586 D SessionLifecycleClient: Connected to SessionLifecycleService. Queue size 0
01-05 03:18:59.392 9586 9678 D SessionLifecycleClient: Notified CRASHLYTICS of new session f8f170eee54840abaeaf6fc03dd1ada2
01-05 03:18:59.426 30110 30195 D SessionLifecycleClient: Notified CRASHLYTICS of new session f8f170eee54840abaeaf6fc03dd1ada2
01-05 03:18:59.440 9586 9841 D vulkan : searching for layers in '/data/app/~~xMHQxGPAop3h_KxFXWZnjg==/com.hello.miheapp.secretspace- TbUMzXlO_A4jlidBJmlRkg==/lib/arm64'
01-05 03:18:59.440 9586 9841 D vulkan : searching for layers in '/data/app/~~xMHQxGPAop3h_KxFXWZnjg==/com.hello.miheapp.secretspace- TbUMzXlO_A4jlidBJmlRkg==/base.apk!/lib/arm64-v8a'
01-05 03:18:59.441 9586 9841 D vulkan : searching for layers in '/data/app/~~xMHQxGPAop3h_KxFXWZnjg==/com.hello.miheapp.secretspace- TbUMzXlO_A4jlidBJmlRkg==/split_config.arm64_v8a.apk!/lib/arm64-v8a'
01-05 03:18:59.444 9586 9841 D vulkan : searching for layers in '/data/app/~~xMHQxGPAop3h_KxFXWZnjg==/com.hello.miheapp.secretspace- TbUMzXlO_A4jlidBJmlRkg==/split_config.en.apk!/lib/arm64-v8a'
01-05 03:18:59.445 9586 9841 D vulkan : searching for layers in '/data/app/~~xMHQxGPAop3h_KxFXWZnjg==/com.hello.miheapp.secretspace- TbUMzXlO_A4jlidBJmlRkg==/split_config.xxhdpi.apk!/lib/arm64-v8a'
01-05 03:18:59.452 9586 9841 W chromium: [WARNING:viz_main_impl.cc(85)] VizNullHypothesis is disabled (not a warning)
01-05 03:18:59.540 9586 9785 W cr_VAUtil: Unknown level: 131072 for profile 65536 of codec video/avc
01-05 03:18:59.540 9586 9785 W cr_VAUtil: Unknown level: 131072 for profile 1 of codec video/avc
01-05 03:18:59.540 9586 9785 W cr_VAUtil: Unknown level: 131072 for profile 2 of codec video/avc
01-05 03:18:59.540 9586 9785 W cr_VAUtil: Unknown level: 131072 for profile 524288 of codec video/avc
01-05 03:18:59.540 9586 9785 W cr_VAUtil: Unknown level: 131072 for profile 8 of codec video/avc
01-05 03:18:59.540 9586 9785 W cr_VAUtil: Unknown level: 131072 for profile 65536 of codec video/avc
01-05 03:18:59.540 9586 9785 W cr_VAUtil: Unknown level: 131072 for profile 1 of codec video/avc
01-05 03:18:59.540 9586 9785 W cr_VAUtil: Unknown level: 131072 for profile 2 of codec video/avc
01-05 03:18:59.540 9586 9785 W cr_VAUtil: Unknown level: 131072 for profile 524288 of codec video/avc
01-05 03:18:59.540 9586 9785 W cr_VAUtil: Unknown level: 131072 for profile 8 of codec video/avc
01-05 03:18:59.788 9586 9586 I Ads : JS: The jsLoaded GMSG has been sent (https://googleads.g.doubleclick.